{"id":11464,"date":"2015-04-27T15:50:04","date_gmt":"2015-04-27T13:50:04","guid":{"rendered":"http:\/\/www.altei.cz\/high-end-av\/sony-vpl-hv40b-2\/"},"modified":"2015-04-27T15:50:04","modified_gmt":"2015-04-27T13:50:04","slug":"sony-vpl-hw65es","status":"publish","type":"page","link":"https:\/\/www.altei.cz\/hifi\/sony-vpl-hw65es\/","title":{"rendered":"Sony VPL-HW65ES"},"content":{"rendered":"<div id='layer_slider_1'  class='avia-layerslider main_color avia-shadow  avia-builder-el-0  el_before_av_hr  avia-builder-el-first  container_wrap sidebar_right'  style='height: 471px;'  ><\/div><div id='after_layer_slider_1'  class='main_color av_default_container_wrap container_wrap sidebar_right'  ><div class='container av-section-cont-open' ><div class='template-page content  av-content-small alpha units'><div class='post-entry post-entry-type-page post-entry-11464'><div class='entry-content-wrapper clearfix'>\n\n<style type=\"text\/css\" data-created_by=\"avia_inline_auto\" id=\"style-css-av-cxcrix4-7a66763ca0af9b020d02bd9e7c01e987\">\n#top .hr.hr-invisible.av-cxcrix4-7a66763ca0af9b020d02bd9e7c01e987{\nmargin-top:-55px;\nheight:1px;\n}\n<\/style>\n<div  class='hr av-cxcrix4-7a66763ca0af9b020d02bd9e7c01e987 hr-invisible  avia-builder-el-1  el_after_av_layerslider  el_before_av_partner  avia-builder-el-first '><span class='hr-inner '><span class=\"hr-inner-style\"><\/span><\/span><\/div>\n<div  class='avia-logo-element-container av-av_partner-973cc9276c5599599fe9f0cfe0097577 av-border-deactivate avia-logo-slider avia-content-slider avia-smallarrow-slider avia-content-slider-active noHover avia-content-slider-even  avia-builder-el-2  el_after_av_hr  el_before_av_heading  av-slideshow-ui av-control-hidden av-nav-arrows-visible av-nav-dots-visible av-no-slider-navigation av-hide-nav-arrows av-slideshow-manual av-loop-once av-loop-manual-endless avia-content-slider1' data-slideshow-options=\"{&quot;animation&quot;:&quot;slide&quot;,&quot;autoplay&quot;:false,&quot;loop_autoplay&quot;:&quot;once&quot;,&quot;interval&quot;:5,&quot;loop_manual&quot;:&quot;manual-endless&quot;,&quot;autoplay_stopper&quot;:false,&quot;noNavigation&quot;:true,&quot;bg_slider&quot;:false,&quot;keep_padding&quot;:&quot;&quot;,&quot;hoverpause&quot;:false,&quot;show_slide_delay&quot;:0}\"><div class='avia-smallarrow-slider-heading  no-logo-slider-heading '><\/div><div class=\"avia-content-slider-inner\"><div class=\"slide-entry-wrap\"><div  class='slide-entry av-av_partner_logo-976d2f79adfc86d7229a0a68167ac939 flex_column no_margin av_one_eighth real-thumbnail post-entry slide-entry-overview slide-loop-1 slide-parity-odd  first'><\/div><div  class='slide-entry av-av_partner_logo-9b858b1fe8f0daf68a6be3b5d0227c9f flex_column no_margin av_one_eighth real-thumbnail post-entry slide-entry-overview slide-loop-2 slide-parity-even  '><\/div><div  class='slide-entry av-av_partner_logo-1be7708f3a2e512f684bf40cfb3e01a4 flex_column no_margin av_one_eighth real-thumbnail post-entry slide-entry-overview slide-loop-3 slide-parity-odd  '><\/div><div  class='slide-entry av-av_partner_logo-df31fc04179161b1b164138111943a4c flex_column no_margin av_one_eighth real-thumbnail post-entry slide-entry-overview slide-loop-4 slide-parity-even  '><\/div><div  class='slide-entry av-av_partner_logo-c91a34384f5ac88be0d398153e92abe2 flex_column no_margin av_one_eighth real-thumbnail post-entry slide-entry-overview slide-loop-5 slide-parity-odd  '><\/div><div  class='slide-entry av-av_partner_logo-6d385471b3bbb8a4f71824fb1d0f88cc flex_column no_margin av_one_eighth real-thumbnail post-entry slide-entry-overview slide-loop-6 slide-parity-even  '><\/div><div  class='slide-entry av-av_partner_logo-d543db6da838feb9311983515d9e4685 flex_column no_margin av_one_eighth real-thumbnail post-entry slide-entry-overview slide-loop-7 slide-parity-odd  '><\/div><div  class='slide-entry av-av_partner_logo-03a34ca0a4e717af585091fcfa893cea flex_column no_margin av_one_eighth real-thumbnail post-entry slide-entry-overview slide-loop-8 slide-parity-even post-entry-last '><\/div><\/div><\/div><\/div>\n\n<style type=\"text\/css\" data-created_by=\"avia_inline_auto\" id=\"style-css-av-s1p9ns-3207cd5052756d3448636707070d9f6d\">\n#top .av-special-heading.av-s1p9ns-3207cd5052756d3448636707070d9f6d{\npadding-bottom:10px;\n}\nbody .av-special-heading.av-s1p9ns-3207cd5052756d3448636707070d9f6d .av-special-heading-tag .heading-char{\nfont-size:25px;\n}\n.av-special-heading.av-s1p9ns-3207cd5052756d3448636707070d9f6d .av-subheading{\nfont-size:15px;\n}\n<\/style>\n<div  class='av-special-heading av-s1p9ns-3207cd5052756d3448636707070d9f6d av-special-heading-h4  avia-builder-el-3  el_after_av_partner  el_before_av_one_half '><h4 class='av-special-heading-tag '  itemprop=\"headline\"  >SONY VPL-HW65ES<\/h4><div class=\"special-heading-border\"><div class=\"special-heading-inner-border\"><\/div><\/div><\/div>\n<div  class='flex_column av-7y3ka5k-a64f5609d0e327fbcd0107fd7c847f2c av_one_half  avia-builder-el-4  el_after_av_heading  el_before_av_one_half  first flex_column_div  '     ><section  class='av_textblock_section av-7m1apig-b91bfafd46fc7334713d390e270564ef '   itemscope=\"itemscope\" itemtype=\"https:\/\/schema.org\/CreativeWork\" ><div class='avia_textblock'  itemprop=\"text\" ><p>\u0160pi\u010dkov\u00fd\u00a0Full HD projector s technologi\u00ed\u00a0&#8222;reality creation&#8220;,\u00a0pro dom\u00e1c\u00ed kino s \u00a0jasem 1800 lumen\u016f a dynamick\u00fdm kontrastem\u00a0120 000:1.<\/p>\n<p>Tento projektor nab\u00edz\u00ed p\u0159edev\u0161\u00edm pln\u00e9 Full HD\u00a0rozli\u0161en\u00ed, tedy 1920\u00a0\u00d7 1080\u00a0obrazov\u00fdch bod\u016f. \u00a0V pln\u00e9m rozli\u0161en\u00ed umo\u017e\u0148uje jak projekci 2D tak i 3D s vyu\u017eit\u00edm aktivn\u00edch br\u00fdl\u00ed.<\/p>\n<p>Projektor vyu\u017e\u00edv\u00e1 technologii SXRD zobrazova\u010de a dal\u0161\u00ed SONY technologie jako Reality Creation, Bright Cinema and Bright TV .<\/p>\n<p>Dod\u00e1v\u00e1 se v \u010dern\u00e9 a b\u00edl\u00e9 barv\u011b.<\/p>\n<\/div><\/section><\/div>\n\n<style type=\"text\/css\" data-created_by=\"avia_inline_auto\" id=\"style-css-av-7cehpmw-3921d2003df4f17b06099ff648728b61\">\n.flex_column.av-7cehpmw-3921d2003df4f17b06099ff648728b61{\nborder-radius:0px 0px 0px 0px;\npadding:0px 0px 0px 0px;\n}\n<\/style>\n<div  class='flex_column av-7cehpmw-3921d2003df4f17b06099ff648728b61 av_one_half  avia-builder-el-6  el_after_av_one_half  el_before_av_one_half  flex_column_div av-zero-column-padding  '     ><\/div>\n<div  class='flex_column av-6aqrk14-ef4e6d39c3538c156826612d1ec03ecd av_one_half  avia-builder-el-8  el_after_av_one_half  el_before_av_one_half  first flex_column_div  column-top-margin'     ><p>\n<style type=\"text\/css\" data-created_by=\"avia_inline_auto\" id=\"style-css-av-5ky7wyw-8ebe2ed29bc29d96f03af544454824e6\">\n#top .av-special-heading.av-5ky7wyw-8ebe2ed29bc29d96f03af544454824e6{\npadding-bottom:10px;\n}\nbody .av-special-heading.av-5ky7wyw-8ebe2ed29bc29d96f03af544454824e6 .av-special-heading-tag .heading-char{\nfont-size:25px;\n}\n.av-special-heading.av-5ky7wyw-8ebe2ed29bc29d96f03af544454824e6 .av-subheading{\nfont-size:15px;\n}\n<\/style>\n<div  class='av-special-heading av-5ky7wyw-8ebe2ed29bc29d96f03af544454824e6 av-special-heading-h3  avia-builder-el-9  el_before_av_textblock  avia-builder-el-first '><h3 class='av-special-heading-tag '  itemprop=\"headline\"  >Rozhran\u00ed<\/h3><div class=\"special-heading-border\"><div class=\"special-heading-inner-border\"><\/div><\/div><\/div><br \/>\n<section  class='av_textblock_section av-5dwvz2g-37c83cef258eb888ef982826ab07cb16 '   itemscope=\"itemscope\" itemtype=\"https:\/\/schema.org\/CreativeWork\" ><div class='avia_textblock'  itemprop=\"text\" ><div>2x HDMI 2.0<br \/>\n1x RJ45 pro 3D<\/div>\n<div>1x\u00a015 pin\u00a0RGB\/Y Pb\/Cb Pr\/C<br \/>\n1x I\u010c vstup<br \/>\n1x sp\u00edn\u00e1n\u00ed (12V)<br \/>\n1x RS-232C<\/div>\n<div><\/div>\n<div><\/div>\n<\/div><\/section><br \/>\n\n<style type=\"text\/css\" data-created_by=\"avia_inline_auto\" id=\"style-css-av-4rorj6w-6df63edf87520286b759d48e6126d7bf\">\n.avia-image-container.av-4rorj6w-6df63edf87520286b759d48e6126d7bf img.avia_image{\nbox-shadow:none;\n}\n.avia-image-container.av-4rorj6w-6df63edf87520286b759d48e6126d7bf .av-image-caption-overlay-center{\ncolor:#ffffff;\n}\n<\/style>\n<div  class='avia-image-container av-4rorj6w-6df63edf87520286b759d48e6126d7bf av-styling- avia-align-center  avia-builder-el-11  el_after_av_textblock  avia-builder-el-last '   itemprop=\"image\" itemscope=\"itemscope\" itemtype=\"https:\/\/schema.org\/ImageObject\" ><div class=\"avia-image-container-inner\"><div class=\"avia-image-overlay-wrap\"><img decoding=\"async\" fetchpriority=\"high\" class='wp-image- avia-img-lazy-loading-not- avia_image ' src=\"http:\/\/www.altei.cz\/wp-content\/uploads\/2015\/04\/vpl-hw65es-panel.jpeg\" alt='' title=''   itemprop=\"thumbnailUrl\"  \/><\/div><\/div><\/div><\/p><\/div>\n\n<style type=\"text\/css\" data-created_by=\"avia_inline_auto\" id=\"style-css-av-473ekq0-b042dcd47faa089d7270e3deb922f3b0\">\n.flex_column.av-473ekq0-b042dcd47faa089d7270e3deb922f3b0{\nborder-radius:0px 0px 0px 0px;\npadding:0px 0px 0px 0px;\n}\n<\/style>\n<div  class='flex_column av-473ekq0-b042dcd47faa089d7270e3deb922f3b0 av_one_half  avia-builder-el-12  el_after_av_one_half  el_before_av_partner  flex_column_div av-zero-column-padding  column-top-margin'     ><p>\n<style type=\"text\/css\" data-created_by=\"avia_inline_auto\" id=\"style-css-av-3rlnp7s-1c59f5312551ac6bac045e14f6db2c35\">\n#top .av-special-heading.av-3rlnp7s-1c59f5312551ac6bac045e14f6db2c35{\npadding-bottom:10px;\n}\nbody .av-special-heading.av-3rlnp7s-1c59f5312551ac6bac045e14f6db2c35 .av-special-heading-tag .heading-char{\nfont-size:25px;\n}\n.av-special-heading.av-3rlnp7s-1c59f5312551ac6bac045e14f6db2c35 .av-subheading{\nfont-size:15px;\n}\n<\/style>\n<div  class='av-special-heading av-3rlnp7s-1c59f5312551ac6bac045e14f6db2c35 av-special-heading-h3  avia-builder-el-13  el_before_av_textblock  avia-builder-el-first '><h3 class='av-special-heading-tag '  itemprop=\"headline\"  >Parametry<\/h3><div class=\"special-heading-border\"><div class=\"special-heading-inner-border\"><\/div><\/div><\/div><br \/>\n<section  class='av_textblock_section av-3aw9r2g-24fd48a58d81b5084c0c315086faa720 '   itemscope=\"itemscope\" itemtype=\"https:\/\/schema.org\/CreativeWork\" ><div class='avia_textblock'  itemprop=\"text\" ><p>\u2022 Sv\u011bteln\u00fd v\u00fdstup : 1800 lm<br \/>\n\u2022 Zdroj sv\u011btla : Vysokotlak\u00e1 lampa s p\u0159\u00edkonem 215 W<br \/>\n\u2022 Velikost obrazu : 1,0 m a\u017e\u00a07,6 m<br \/>\n\u2022 3D vestav\u011bn\u00fd RF vys\u00edla\u010d<br \/>\n\u2022 Akustick\u00fd \u0161um : 21 dB<br \/>\n\u2022 Vstupy\/V\u00fdstupy:<br \/>\n&#8211; HDMI\u00ae (2 vstupy)<br \/>\n&#8211; Vstup A : RGB\/Y Pb\/Cb Pr\/Cr 15kol\u00edkov\u00fd D-sub<br \/>\n&#8211; RS-232C, 9kol\u00edkov\u00fd D-sub (z\u00e1suvka)<br \/>\n&#8211; TRIGGER: Minikonektor, 12 V DC, max. 100 mA<br \/>\n\u2022 Spot\u0159eba energie : Max. 300 W<br \/>\n\u2022 Vn\u011bj\u0161\u00ed rozm\u011bry : (H x V x \u0160) 407,4 x 179,2 x 463,9 mm<br \/>\n\u2022 Hmotnost : P\u0159ibli\u017en\u011b 9\u00a0kg<br \/>\n\u2022 D\u00e1lkov\u00e9 ovl\u00e1d\u00e1n\u00ed : RM-PJ28<\/p>\n<\/div><\/section><\/p><\/div>\n\n<style type=\"text\/css\" data-created_by=\"avia_inline_auto\" id=\"style-css-av-36w6uo8-6513e6187f5edfda537ead44de28fd39\">\n.avia-logo-element-container.av-36w6uo8-6513e6187f5edfda537ead44de28fd39 .av-partner-fake-img{\nbackground-size:cover;\n}\n<\/style>\n<div  class='avia-logo-element-container av-36w6uo8-6513e6187f5edfda537ead44de28fd39 avia-logo-slider avia-content-slider avia-smallarrow-slider avia-content-slider-active noHover avia-content-slider-odd  avia-builder-el-15  el_after_av_one_half  avia-builder-el-last  av-slideshow-ui av-control-default av-nav-arrows-visible av-nav-dots-visible av-no-slider-navigation av-slideshow-manual av-loop-once av-loop-manual-endless avia-content-slider2' data-slideshow-options=\"{&quot;animation&quot;:&quot;slide&quot;,&quot;autoplay&quot;:false,&quot;loop_autoplay&quot;:&quot;once&quot;,&quot;interval&quot;:5,&quot;loop_manual&quot;:&quot;manual-endless&quot;,&quot;autoplay_stopper&quot;:false,&quot;noNavigation&quot;:false,&quot;bg_slider&quot;:false,&quot;keep_padding&quot;:&quot;&quot;,&quot;hoverpause&quot;:false,&quot;show_slide_delay&quot;:0}\"><div class='avia-smallarrow-slider-heading '><div class='new-special-heading'><h3 class='av-logo-special-heading-text '>Dal\u0161\u00ed produkty SONY<\/h3><\/div><\/div><div class=\"avia-content-slider-inner\"><div class=\"slide-entry-wrap\"><div  class='slide-entry av-2if9w08-3bb1da3c2dfad84f7f023d2b5c7e5595 flex_column no_margin av_one_fifth real-thumbnail post-entry slide-entry-overview slide-loop-1 slide-parity-odd  first'><\/div><div  class='slide-entry av-25r1f54-144b2ce3381cde008a395a7e5f0bdb54 flex_column no_margin av_one_fifth real-thumbnail post-entry slide-entry-overview slide-loop-2 slide-parity-even  '><\/div><div  class='slide-entry av-1nlz1oo-fbe6e9f51664435b81bdb9c099620fe1 flex_column no_margin av_one_fifth real-thumbnail post-entry slide-entry-overview slide-loop-3 slide-parity-odd  '><\/div><div  class='slide-entry av-15cx2h4-b6e77ff84832e5137d016aa1c5a1be24 flex_column no_margin av_one_fifth real-thumbnail post-entry slide-entry-overview slide-loop-4 slide-parity-even  '><\/div><div  class='slide-entry av-319aco-5b3ea024adedce79c25f3ab3f35f0c15 flex_column no_margin av_one_fifth real-thumbnail post-entry slide-entry-overview slide-loop-5 slide-parity-odd post-entry-last '><\/div><\/div><\/div><\/div>\n","protected":false},"excerpt":{"rendered":"","protected":false},"author":1,"featured_media":2967,"parent":0,"menu_order":0,"comment_status":"open","ping_status":"open","template":"","meta":{"footnotes":""},"class_list":["post-11464","page","type-page","status-publish","has-post-thumbnail","hentry"],"aioseo_notices":[],"jetpack_sharing_enabled":true,"_links":{"self":[{"href":"https:\/\/www.altei.cz\/hifi\/wp-json\/wp\/v2\/pages\/11464","targetHints":{"allow":["GET"]}}],"collection":[{"href":"https:\/\/www.altei.cz\/hifi\/wp-json\/wp\/v2\/pages"}],"about":[{"href":"https:\/\/www.altei.cz\/hifi\/wp-json\/wp\/v2\/types\/page"}],"author":[{"embeddable":true,"href":"https:\/\/www.altei.cz\/hifi\/wp-json\/wp\/v2\/users\/1"}],"replies":[{"embeddable":true,"href":"https:\/\/www.altei.cz\/hifi\/wp-json\/wp\/v2\/comments?post=11464"}],"version-history":[{"count":0,"href":"https:\/\/www.altei.cz\/hifi\/wp-json\/wp\/v2\/pages\/11464\/revisions"}],"wp:featuredmedia":[{"embeddable":true,"href":"https:\/\/www.altei.cz\/hifi\/wp-json\/"}],"wp:attachment":[{"href":"https:\/\/www.altei.cz\/hifi\/wp-json\/wp\/v2\/media?parent=11464"}],"curies":[{"name":"wp","href":"https:\/\/api.w.org\/{rel}","templated":true}]}}