{"id":16832,"date":"2016-03-01T11:04:24","date_gmt":"2016-03-01T10:04:24","guid":{"rendered":"http:\/\/www.altei.cz\/high-end-av\/sony-vpl-vw1100es-2\/"},"modified":"2016-03-01T11:04:24","modified_gmt":"2016-03-01T10:04:24","slug":"sony-vpl-vw5000es","status":"publish","type":"page","link":"https:\/\/www.altei.cz\/hifi\/sony-vpl-vw5000es\/","title":{"rendered":"Sony VPL-VW5000ES"},"content":{"rendered":"<div id='layer_slider_1'  class='avia-layerslider main_color avia-shadow  avia-builder-el-0  el_before_av_hr  avia-builder-el-first  container_wrap sidebar_right'  style='height: 471px;'  ><\/div><div id='after_layer_slider_1'  class='main_color av_default_container_wrap container_wrap sidebar_right'  ><div class='container av-section-cont-open' ><div class='template-page content  av-content-small alpha units'><div class='post-entry post-entry-type-page post-entry-16832'><div class='entry-content-wrapper clearfix'>\n\n<style type=\"text\/css\" data-created_by=\"avia_inline_auto\" id=\"style-css-av-dkyymww-f52ea34d7da354160016252313b1e89e\">\n#top .hr.hr-invisible.av-dkyymww-f52ea34d7da354160016252313b1e89e{\nmargin-top:-55px;\nheight:1px;\n}\n<\/style>\n<div  class='hr av-dkyymww-f52ea34d7da354160016252313b1e89e hr-invisible  avia-builder-el-1  el_after_av_layerslider  el_before_av_partner  avia-builder-el-first '><span class='hr-inner '><span class=\"hr-inner-style\"><\/span><\/span><\/div>\n<div  class='avia-logo-element-container av-ckw7qhb-db20844bac186d5842e472ab18343391 av-border-deactivate avia-logo-slider avia-content-slider avia-smallarrow-slider avia-content-slider-active noHover avia-content-slider-even  avia-builder-el-2  el_after_av_hr  el_before_av_heading  av-slideshow-ui av-control-hidden av-nav-arrows-visible av-nav-dots-visible av-no-slider-navigation av-hide-nav-arrows av-slideshow-manual av-loop-once av-loop-manual-endless avia-content-slider1' data-slideshow-options=\"{&quot;animation&quot;:&quot;slide&quot;,&quot;autoplay&quot;:false,&quot;loop_autoplay&quot;:&quot;once&quot;,&quot;interval&quot;:5,&quot;loop_manual&quot;:&quot;manual-endless&quot;,&quot;autoplay_stopper&quot;:false,&quot;noNavigation&quot;:true,&quot;bg_slider&quot;:false,&quot;keep_padding&quot;:&quot;&quot;,&quot;hoverpause&quot;:false,&quot;show_slide_delay&quot;:0}\"><div class='avia-smallarrow-slider-heading  no-logo-slider-heading '><\/div><div class=\"avia-content-slider-inner\"><div class=\"slide-entry-wrap\"><div  class='slide-entry av-1prsw79-646a419725bbab5cfb3bec1ec11f95e1 flex_column no_margin av_one_eighth real-thumbnail post-entry slide-entry-overview slide-loop-1 slide-parity-odd  first'><\/div><div  class='slide-entry av-9a0lxr-14d1df26a7ed47139aa5082bb9b795fe flex_column no_margin av_one_eighth real-thumbnail post-entry slide-entry-overview slide-loop-2 slide-parity-even  '><\/div><div  class='slide-entry av-1celzhc-97d626758f20ba5f7b82050ff23904a8 flex_column no_margin av_one_eighth real-thumbnail post-entry slide-entry-overview slide-loop-3 slide-parity-odd  '><\/div><div  class='slide-entry av-22jwaw0-66b990b9809623da6f4ffa6413b6fc81 flex_column no_margin av_one_eighth real-thumbnail post-entry slide-entry-overview slide-loop-4 slide-parity-even  '><\/div><div  class='slide-entry av-1fk1280-6b6dccb620dda12610c82d5847d1a654 flex_column no_margin av_one_eighth real-thumbnail post-entry slide-entry-overview slide-loop-5 slide-parity-odd  '><\/div><div  class='slide-entry av-1j1pqlr-a7a1c901d6abef06478403bfbed5bc00 flex_column no_margin av_one_eighth real-thumbnail post-entry slide-entry-overview slide-loop-6 slide-parity-even  '><\/div><div  class='slide-entry av-19jukgw-3bdf7ffc7928409c08cd301510235be8 flex_column no_margin av_one_eighth real-thumbnail post-entry slide-entry-overview slide-loop-7 slide-parity-odd  '><\/div><div  class='slide-entry av-xb3fwv-5ca4c18dc2686d7bb283dad0810cf40e flex_column no_margin av_one_eighth real-thumbnail post-entry slide-entry-overview slide-loop-8 slide-parity-even post-entry-last '><\/div><\/div><\/div><\/div>\n\n<style type=\"text\/css\" data-created_by=\"avia_inline_auto\" id=\"style-css-av-165uum8-e341093eeee830c3a67a9d5a9518ed7d\">\n#top .av-special-heading.av-165uum8-e341093eeee830c3a67a9d5a9518ed7d{\npadding-bottom:10px;\n}\nbody .av-special-heading.av-165uum8-e341093eeee830c3a67a9d5a9518ed7d .av-special-heading-tag .heading-char{\nfont-size:25px;\n}\n.av-special-heading.av-165uum8-e341093eeee830c3a67a9d5a9518ed7d .av-subheading{\nfont-size:15px;\n}\n<\/style>\n<div  class='av-special-heading av-165uum8-e341093eeee830c3a67a9d5a9518ed7d av-special-heading-h3  avia-builder-el-3  el_after_av_partner  el_before_av_one_half '><h3 class='av-special-heading-tag '  itemprop=\"headline\"  >SONY VPL-VW5000ES &#8211; \u0160pi\u010dkov\u00fd True 4K projektor s laserov\u00fdm zdrojem sv\u011btla a HDR<\/h3><div class=\"special-heading-border\"><div class=\"special-heading-inner-border\"><\/div><\/div><\/div>\n<div  class='flex_column av-8p2bo5c-ec225f95d1bc3a260d66bb4dae8e9d3a av_one_half  avia-builder-el-4  el_after_av_heading  el_before_av_one_half  first flex_column_div  '     ><section  class='av_textblock_section av-8911s00-ab818a8844da4241ba3b449770b63255 '   itemscope=\"itemscope\" itemtype=\"https:\/\/schema.org\/CreativeWork\" ><div class='avia_textblock'  itemprop=\"text\" ><p>Projektor pro High-End dom\u00e1c\u00ed kina nejvy\u0161\u0161\u00ed t\u0159\u00eddy s rozli\u0161en\u00edm True 4K a s technologi\u00ed TRILUMINOS\u2122, kter\u00fd\u00a0vyu\u017e\u00edv\u00e1 laserov\u00fd zdroj sv\u011btla s \u017eivotnost\u00ed a\u017e 20.000 provozn\u00edch hodin. Sv\u011bteln\u00fd tok dosahuje neuv\u011b\u0159iteln\u00fdch 5.000 lm a dynamick\u00fd kontrast je prakticky \u221e : 1.<\/p>\n<p>Tento projektor nab\u00edz\u00ed p\u0159edev\u0161\u00edm pln\u00e9 4K rozli\u0161en\u00ed, tedy 4.096 \u00d7 2.160 obrazov\u00fdch bod\u016f, zn\u00e1m\u00e9 p\u0159edev\u0161\u00edm z oblasti velk\u00fdch digit\u00e1ln\u00edch kin p\u0159i vysok\u00e9m sv\u011bteln\u00e9m toku. V pln\u00e9m rozli\u0161en\u00ed umo\u017e\u0148uje jak projekci 2D tak i 3D s vyu\u017eit\u00edm aktivn\u00edch br\u00fdl\u00ed a RF 3D vys\u00edla\u010de jako voliteln\u00e9ho p\u0159\u00edslu\u0161enstv\u00ed. Je pln\u011b kompatibiln\u00ed s\u00a0\u2018Mastered in 4K\u2019 Blu-ray\u2122 disky.<\/p>\n<p>Projektor vyu\u017e\u00edv\u00e1 technologii SXRD s novou generac\u00ed zobrazova\u010de 4K, kter\u00fd excelentn\u011b zvl\u00e1d\u00e1 hlubok\u00e9 odst\u00edny \u010dern\u00e9. Jako zdroj se d\u00e1 pou\u017e\u00edt nejen HD video, ale i video s SD rozli\u0161en\u00edm, nebo\u0165 projektor je vybaven funkc\u00ed \u201cSuper Resolution 4K Upscaler\u201d, tedy p\u0159epo\u010dtem t\u011bchto form\u00e1t\u016f na rozli\u0161en\u00ed 4K, \u010d\u00edm\u017e dok\u00e1\u017ee dramaticky zv\u00fd\u0161it kvalitu dvojrozm\u011brn\u00e9ho i trojrozm\u011brn\u00e9ho obsahu.<\/p>\n<p>Projektor podporuje standard HDR (High Dynamic Range), kter\u00fd p\u0159edstavuje novou dimenzi v zachov\u00e1n\u00ed p\u016fvodn\u00edho dynamick\u00e9ho zobrazen\u00ed\u00a0sc\u00e9ny.<\/p>\n<\/div><\/section><\/div>\n\n<style type=\"text\/css\" data-created_by=\"avia_inline_auto\" id=\"style-css-av-rtlvz4-316f5758b69332241a911f5ea316dff7\">\n.flex_column.av-rtlvz4-316f5758b69332241a911f5ea316dff7{\nborder-radius:0px 0px 0px 0px;\npadding:0px 0px 0px 0px;\n}\n<\/style>\n<div  class='flex_column av-rtlvz4-316f5758b69332241a911f5ea316dff7 av_one_half  avia-builder-el-6  el_after_av_one_half  el_before_av_one_half  flex_column_div av-zero-column-padding  '     ><\/div>\n<div  class='flex_column av-6qjphuo-483c5078f40ccc06e67500e300ed2c27 av_one_half  avia-builder-el-8  el_after_av_one_half  el_before_av_one_half  first flex_column_div  column-top-margin'     ><p>\n<style type=\"text\/css\" data-created_by=\"avia_inline_auto\" id=\"style-css-av-6973n40-3c3542b083b77bb7f9c104ed574c4853\">\n#top .av-special-heading.av-6973n40-3c3542b083b77bb7f9c104ed574c4853{\npadding-bottom:10px;\n}\nbody .av-special-heading.av-6973n40-3c3542b083b77bb7f9c104ed574c4853 .av-special-heading-tag .heading-char{\nfont-size:25px;\n}\n.av-special-heading.av-6973n40-3c3542b083b77bb7f9c104ed574c4853 .av-subheading{\nfont-size:15px;\n}\n<\/style>\n<div  class='av-special-heading av-6973n40-3c3542b083b77bb7f9c104ed574c4853 av-special-heading-h3  avia-builder-el-9  el_before_av_textblock  avia-builder-el-first '><h3 class='av-special-heading-tag '  itemprop=\"headline\"  >Rozhran\u00ed<\/h3><div class=\"special-heading-border\"><div class=\"special-heading-inner-border\"><\/div><\/div><\/div><br \/>\n<section  class='av_textblock_section av-5kekq5c-ba46b1660101e69c642b5b1f2db1f9ff '   itemscope=\"itemscope\" itemtype=\"https:\/\/schema.org\/CreativeWork\" ><div class='avia_textblock'  itemprop=\"text\" ><div>4x HDMI 18GBps<br \/>\n1x RJ45 pro LAN<br \/>\n1x I\u010c vstup<br \/>\n2x sp\u00edn\u00e1n\u00ed (12V)<br \/>\n1x RS-232C<\/div>\n<div>1x Sync<\/div>\n<div>1x USB Typ A<\/div>\n<div><\/div>\n<div><\/div>\n<\/div><\/section><br \/>\n\n<style type=\"text\/css\" data-created_by=\"avia_inline_auto\" id=\"style-css-av-5dzg940-8a4c0fc306f49df0b160add5af0f6b3d\">\n.avia-image-container.av-5dzg940-8a4c0fc306f49df0b160add5af0f6b3d img.avia_image{\nbox-shadow:none;\n}\n.avia-image-container.av-5dzg940-8a4c0fc306f49df0b160add5af0f6b3d .av-image-caption-overlay-center{\ncolor:#ffffff;\n}\n<\/style>\n<div  class='avia-image-container av-5dzg940-8a4c0fc306f49df0b160add5af0f6b3d av-styling- avia-align-center  avia-builder-el-11  el_after_av_textblock  el_before_av_video '   itemprop=\"image\" itemscope=\"itemscope\" itemtype=\"https:\/\/schema.org\/ImageObject\" ><div class=\"avia-image-container-inner\"><div class=\"avia-image-overlay-wrap\"><img decoding=\"async\" fetchpriority=\"high\" class='wp-image- avia-img-lazy-loading-not- avia_image ' src=\"https:\/\/www.altei.cz\/wp-content\/uploads\/2016\/03\/e9f052c02b52c05348a8e399d33f6e2e-1.jpeg\" alt='' title=''   itemprop=\"thumbnailUrl\"  \/><\/div><\/div><\/div><br \/>\n<div  class='avia-video av-4u0nmgw-f816d0f05a0e9fa0150854370c308aa6 avia-video-16-9 av-no-preview-image avia-video-load-always av-lazyload-immediate av-lazyload-video-embed'  itemprop=\"video\" itemtype=\"https:\/\/schema.org\/VideoObject\"  data-original_url='https:\/\/www.youtube.com\/watch?v=CduVbFsAIMo'><script type='text\/html' class='av-video-tmpl'><div class='avia-iframe-wrap'><iframe loading=\"lazy\" title=\"Sony VPL VW5000ES 4K Laser Projector\" width=\"1500\" height=\"844\" src=\"https:\/\/www.youtube.com\/embed\/CduVbFsAIMo?feature=oembed&autoplay=0&loop=0&controls=1&mute=0\" frameborder=\"0\" allow=\"accelerometer; autoplay; clipboard-write; encrypted-media; gyroscope; picture-in-picture\" allowfullscreen><\/iframe><\/div><\/script><div class='av-click-to-play-overlay'><div class=\"avia_playpause_icon\"><\/div><\/div><\/div><\/p><\/div>\n\n<style type=\"text\/css\" data-created_by=\"avia_inline_auto\" id=\"style-css-av-4bjmfr4-87be52238403aab9130177d5a81cd74d\">\n.flex_column.av-4bjmfr4-87be52238403aab9130177d5a81cd74d{\nborder-radius:0px 0px 0px 0px;\npadding:0px 0px 0px 0px;\n}\n<\/style>\n<div  class='flex_column av-4bjmfr4-87be52238403aab9130177d5a81cd74d av_one_half  avia-builder-el-13  el_after_av_one_half  el_before_av_partner  flex_column_div av-zero-column-padding  column-top-margin'     ><p>\n<style type=\"text\/css\" data-created_by=\"avia_inline_auto\" id=\"style-css-av-jrwd0g-53947f52ab9c5017bfe456def1c441dd\">\n#top .av-special-heading.av-jrwd0g-53947f52ab9c5017bfe456def1c441dd{\npadding-bottom:10px;\n}\nbody .av-special-heading.av-jrwd0g-53947f52ab9c5017bfe456def1c441dd .av-special-heading-tag .heading-char{\nfont-size:25px;\n}\n.av-special-heading.av-jrwd0g-53947f52ab9c5017bfe456def1c441dd .av-subheading{\nfont-size:15px;\n}\n<\/style>\n<div  class='av-special-heading av-jrwd0g-53947f52ab9c5017bfe456def1c441dd av-special-heading-h3  avia-builder-el-14  el_before_av_textblock  avia-builder-el-first '><h3 class='av-special-heading-tag '  itemprop=\"headline\"  >Parametry<\/h3><div class=\"special-heading-border\"><div class=\"special-heading-inner-border\"><\/div><\/div><\/div><br \/>\n<section  class='av_textblock_section av-3aow3b4-de966b415518c80118049cbe0938d3ad '   itemscope=\"itemscope\" itemtype=\"https:\/\/schema.org\/CreativeWork\" ><div class='avia_textblock'  itemprop=\"text\" ><ul>\n<li>Unik\u00e1tn\u00ed technologie zobrazova\u010de SXRD (Silicon Crystal Reflective Display)<\/li>\n<li>Projek\u010dn\u00ed syst\u00e9m se t\u0159emi panely HFR (High Frame Rate) SXRD<\/li>\n<li>Zobrazov\u00e1n\u00ed a\u017e 60 sn\u00edmk\u016f \/ s<\/li>\n<li>Rozm\u011br zobrazova\u010de (\u00fahlop\u0159\u00ed\u010dka) 0,74\u201c<\/li>\n<li>Nativn\u00ed rozli\u0161en\u00ed v\u00edce ne\u017e 8 milon\u016f obrazov\u00fdch bod\u016f (\u0161\u00ed\u0159ka 4.096 x v\u00fd\u0161ka 2.160 bod\u016f)<\/li>\n<li>Laserov\u00fd sv\u011bteln\u00fd zdroj<\/li>\n<li>Dynamick\u00fd kontrast \u00a0\u221e : 1<\/li>\n<li>Sv\u011bteln\u00fd tok 5.000 lm<\/li>\n<li>V\u00fdm\u011bnn\u00fd celosklen\u011bn\u00fd objektiv ARC-F s 18 optick\u00fdmi \u010dleny<\/li>\n<li>Objektiv s motorick\u00fdm zoomem<\/li>\n<li>Posun optick\u00e9 osy vertik\u00e1ln\u011b (80%) a horizont\u00e1ln\u011b (31%) (VPLL-Z7013)<\/li>\n<li>Rozm\u011bry (\u0161 x v x h) 550 x 228 x 750 mm<\/li>\n<li>Hmotnost 43\u00a0kg (v\u010detn\u011b standardn\u00edho objektivu VPLL-Z7013)<\/li>\n<\/ul>\n<\/div><\/section><\/p><\/div>\n\n<style type=\"text\/css\" data-created_by=\"avia_inline_auto\" id=\"style-css-av-2vr5dq8-2bd36e2cb4caf30608a3cd9da20b7b21\">\n.avia-logo-element-container.av-2vr5dq8-2bd36e2cb4caf30608a3cd9da20b7b21 .av-partner-fake-img{\nbackground-size:cover;\n}\n<\/style>\n<div  class='avia-logo-element-container av-2vr5dq8-2bd36e2cb4caf30608a3cd9da20b7b21 avia-logo-slider avia-content-slider avia-smallarrow-slider avia-content-slider-active noHover avia-content-slider-odd  avia-builder-el-16  el_after_av_one_half  avia-builder-el-last  av-slideshow-ui av-control-default av-nav-arrows-visible av-nav-dots-visible av-no-slider-navigation av-slideshow-manual av-loop-once av-loop-manual-endless avia-content-slider2' data-slideshow-options=\"{&quot;animation&quot;:&quot;slide&quot;,&quot;autoplay&quot;:false,&quot;loop_autoplay&quot;:&quot;once&quot;,&quot;interval&quot;:5,&quot;loop_manual&quot;:&quot;manual-endless&quot;,&quot;autoplay_stopper&quot;:false,&quot;noNavigation&quot;:false,&quot;bg_slider&quot;:false,&quot;keep_padding&quot;:&quot;&quot;,&quot;hoverpause&quot;:false,&quot;show_slide_delay&quot;:0}\"><div class='avia-smallarrow-slider-heading '><div class='new-special-heading'><h3 class='av-logo-special-heading-text '>Dal\u0161\u00ed produkty SONY<\/h3><\/div><\/div><div class=\"avia-content-slider-inner\"><div class=\"slide-entry-wrap\"><div  class='slide-entry av-2hcmyzk-186043e541d7381c01c64134ec48d115 flex_column no_margin av_one_fifth real-thumbnail post-entry slide-entry-overview slide-loop-1 slide-parity-odd  first'><\/div><div  class='slide-entry av-25kywww-3309fac0132b1112877341890c852f5e flex_column no_margin av_one_fifth real-thumbnail post-entry slide-entry-overview slide-loop-2 slide-parity-even  '><\/div><div  class='slide-entry av-6ajso0-0ab4b667fb6a9b5441d0551532deccf0 flex_column no_margin av_one_fifth real-thumbnail post-entry slide-entry-overview slide-loop-3 slide-parity-odd  '><\/div><div  class='slide-entry av-12payv4-505f692e70fd858d5af5dd705aaf9d93 flex_column no_margin av_one_fifth real-thumbnail post-entry slide-entry-overview slide-loop-4 slide-parity-even  '><\/div><div  class='slide-entry av-m13vxc-977ace4f5adc139ad6e019c3b6fb81c6 flex_column no_margin av_one_fifth real-thumbnail post-entry slide-entry-overview slide-loop-5 slide-parity-odd post-entry-last '><\/div><\/div><\/div><\/div>\n","protected":false},"excerpt":{"rendered":"","protected":false},"author":1,"featured_media":2967,"parent":0,"menu_order":0,"comment_status":"open","ping_status":"open","template":"","meta":{"footnotes":""},"class_list":["post-16832","page","type-page","status-publish","has-post-thumbnail","hentry"],"aioseo_notices":[],"jetpack_sharing_enabled":true,"_links":{"self":[{"href":"https:\/\/www.altei.cz\/hifi\/wp-json\/wp\/v2\/pages\/16832","targetHints":{"allow":["GET"]}}],"collection":[{"href":"https:\/\/www.altei.cz\/hifi\/wp-json\/wp\/v2\/pages"}],"about":[{"href":"https:\/\/www.altei.cz\/hifi\/wp-json\/wp\/v2\/types\/page"}],"author":[{"embeddable":true,"href":"https:\/\/www.altei.cz\/hifi\/wp-json\/wp\/v2\/users\/1"}],"replies":[{"embeddable":true,"href":"https:\/\/www.altei.cz\/hifi\/wp-json\/wp\/v2\/comments?post=16832"}],"version-history":[{"count":0,"href":"https:\/\/www.altei.cz\/hifi\/wp-json\/wp\/v2\/pages\/16832\/revisions"}],"wp:featuredmedia":[{"embeddable":true,"href":"https:\/\/www.altei.cz\/hifi\/wp-json\/"}],"wp:attachment":[{"href":"https:\/\/www.altei.cz\/hifi\/wp-json\/wp\/v2\/media?parent=16832"}],"curies":[{"name":"wp","href":"https:\/\/api.w.org\/{rel}","templated":true}]}}