{"id":16864,"date":"2016-03-01T11:10:46","date_gmt":"2016-03-01T10:10:46","guid":{"rendered":"http:\/\/www.altei.cz\/high-end-av\/sony-lspx-w1-2\/"},"modified":"2016-03-01T11:10:46","modified_gmt":"2016-03-01T10:10:46","slug":"sony-vpl-vw260es","status":"publish","type":"page","link":"https:\/\/www.altei.cz\/hifi\/sony-vpl-vw260es\/","title":{"rendered":"Sony VPL-VW260ES"},"content":{"rendered":"<div id='layer_slider_1'  class='avia-layerslider main_color avia-shadow  avia-builder-el-0  el_before_av_hr  avia-builder-el-first  container_wrap sidebar_right'  style='height: 471px;'  ><\/div><div id='after_layer_slider_1'  class='main_color av_default_container_wrap container_wrap sidebar_right'  ><div class='container av-section-cont-open' ><div class='template-page content  av-content-small alpha units'><div class='post-entry post-entry-type-page post-entry-16864'><div class='entry-content-wrapper clearfix'>\n\n<style type=\"text\/css\" data-created_by=\"avia_inline_auto\" id=\"style-css-av-av_hr-ae9de3d7b02bac50982c8bf7f5873d32\">\n#top .hr.hr-invisible.av-av_hr-ae9de3d7b02bac50982c8bf7f5873d32{\nmargin-top:-55px;\nheight:1px;\n}\n<\/style>\n<div  class='hr av-av_hr-ae9de3d7b02bac50982c8bf7f5873d32 hr-invisible  avia-builder-el-1  el_after_av_layerslider  el_before_av_partner  avia-builder-el-first '><span class='hr-inner '><span class=\"hr-inner-style\"><\/span><\/span><\/div>\n<div  class='avia-logo-element-container av-av_partner-ec842e642f7c28b1483c74fc22985339 av-border-deactivate avia-logo-slider avia-content-slider avia-smallarrow-slider avia-content-slider-active noHover avia-content-slider-even  avia-builder-el-2  el_after_av_hr  el_before_av_heading  av-slideshow-ui av-control-default av-nav-arrows-visible av-nav-dots-visible av-hide-nav-arrows av-slideshow-autoplay av-loop-endless av-loop-manual-endless avia-content-slider1' data-slideshow-options=\"{&quot;animation&quot;:&quot;slide&quot;,&quot;autoplay&quot;:true,&quot;loop_autoplay&quot;:&quot;endless&quot;,&quot;interval&quot;:5,&quot;loop_manual&quot;:&quot;manual-endless&quot;,&quot;autoplay_stopper&quot;:false,&quot;noNavigation&quot;:false,&quot;bg_slider&quot;:false,&quot;keep_padding&quot;:&quot;&quot;,&quot;hoverpause&quot;:false,&quot;show_slide_delay&quot;:0}\"><div class='avia-smallarrow-slider-heading  no-logo-slider-heading '><div class='new-special-heading'>&nbsp;<\/div><div class='avia-slideshow-arrows avia-slideshow-controls' ><a href='#prev' class='prev-slide  avia-svg-icon avia-font-svg_entypo-fontello' data-av_svg_icon='left-open-big' data-av_iconset='svg_entypo-fontello' tabindex='-1' title=\"Previous\"><svg version=\"1.1\" xmlns=\"http:\/\/www.w3.org\/2000\/svg\" width=\"15\" height=\"32\" viewBox=\"0 0 15 32\" preserveAspectRatio=\"xMidYMid meet\" aria-labelledby='av-svg-title-1' aria-describedby='av-svg-desc-1' role=\"graphics-symbol\" aria-hidden=\"true\">\n<title id='av-svg-title-1'>Previous<\/title>\n<desc id='av-svg-desc-1'>Previous<\/desc>\n<path d=\"M14.464 27.84q0.832 0.832 0 1.536-0.832 0.832-1.536 0l-12.544-12.608q-0.768-0.768 0-1.6l12.544-12.608q0.704-0.832 1.536 0 0.832 0.704 0 1.536l-11.456 11.904z\"><\/path>\n<\/svg><span class='avia_hidden_link_text'>Previous<\/span><\/a><a href='#next' class='next-slide  avia-svg-icon avia-font-svg_entypo-fontello' data-av_svg_icon='right-open-big' data-av_iconset='svg_entypo-fontello' tabindex='-1' title=\"Next\"><svg version=\"1.1\" xmlns=\"http:\/\/www.w3.org\/2000\/svg\" width=\"15\" height=\"32\" viewBox=\"0 0 15 32\" preserveAspectRatio=\"xMidYMid meet\" aria-labelledby='av-svg-title-2' aria-describedby='av-svg-desc-2' role=\"graphics-symbol\" aria-hidden=\"true\">\n<title id='av-svg-title-2'>Next<\/title>\n<desc id='av-svg-desc-2'>Next<\/desc>\n<path d=\"M0.416 27.84l11.456-11.84-11.456-11.904q-0.832-0.832 0-1.536 0.832-0.832 1.536 0l12.544 12.608q0.768 0.832 0 1.6l-12.544 12.608q-0.704 0.832-1.536 0-0.832-0.704 0-1.536z\"><\/path>\n<\/svg><span class='avia_hidden_link_text'>Next<\/span><\/a><\/div><\/div><div class=\"avia-content-slider-inner\"><div class=\"slide-entry-wrap\"><div  class='slide-entry av-av_partner_logo-4d14aa5213448a9e0c6ef31fe8f916d3 flex_column no_margin av_one_eighth real-thumbnail post-entry slide-entry-overview slide-loop-1 slide-parity-odd  first'><\/div><div  class='slide-entry av-av_partner_logo-63c8ce708054923f13c0d86ded078ed6 flex_column no_margin av_one_eighth real-thumbnail post-entry slide-entry-overview slide-loop-2 slide-parity-even  '><\/div><div  class='slide-entry av-av_partner_logo-9b858b1fe8f0daf68a6be3b5d0227c9f flex_column no_margin av_one_eighth real-thumbnail post-entry slide-entry-overview slide-loop-3 slide-parity-odd  '><\/div><div  class='slide-entry av-av_partner_logo-0edbc2273c7f1b6aa46aae6f7335aa40 flex_column no_margin av_one_eighth real-thumbnail post-entry slide-entry-overview slide-loop-4 slide-parity-even  '><\/div><div  class='slide-entry av-av_partner_logo-72249423d332dd54911a541ba5ebcf86 flex_column no_margin av_one_eighth real-thumbnail post-entry slide-entry-overview slide-loop-5 slide-parity-odd  '><\/div><div  class='slide-entry av-av_partner_logo-253421ec44dbf1faa54e331d67982fae flex_column no_margin av_one_eighth real-thumbnail post-entry slide-entry-overview slide-loop-6 slide-parity-even  '><\/div><div  class='slide-entry av-av_partner_logo-e87ec42c14448c79327251ae8b5ecf09 flex_column no_margin av_one_eighth real-thumbnail post-entry slide-entry-overview slide-loop-7 slide-parity-odd  '><\/div><div  class='slide-entry av-av_partner_logo-03a34ca0a4e717af585091fcfa893cea flex_column no_margin av_one_eighth real-thumbnail post-entry slide-entry-overview slide-loop-8 slide-parity-even  '><\/div><\/div><div class=\"slide-entry-wrap\"><div  class='slide-entry av-av_partner_logo-09d886f5f1be8034bbdd2f0fb72964bc flex_column no_margin av_one_eighth real-thumbnail post-entry slide-entry-overview slide-loop-9 slide-parity-odd post-entry-last first'><\/div><\/div><\/div><div class='avia-slideshow-dots avia-slideshow-controls'><a href='#1' class='goto-slide active' >1<\/a><a href='#2' class='goto-slide ' >2<\/a><\/div><\/div>\n\n<style type=\"text\/css\" data-created_by=\"avia_inline_auto\" id=\"style-css-av-av_heading-694636039c106c0bc25bd7dd46dca67d\">\n#top .av-special-heading.av-av_heading-694636039c106c0bc25bd7dd46dca67d{\npadding-bottom:10px;\n}\nbody .av-special-heading.av-av_heading-694636039c106c0bc25bd7dd46dca67d .av-special-heading-tag .heading-char{\nfont-size:25px;\n}\n.av-special-heading.av-av_heading-694636039c106c0bc25bd7dd46dca67d .av-subheading{\nfont-size:15px;\n}\n<\/style>\n<div  class='av-special-heading av-av_heading-694636039c106c0bc25bd7dd46dca67d av-special-heading-h3  avia-builder-el-3  el_after_av_partner  el_before_av_one_half '><h3 class='av-special-heading-tag '  itemprop=\"headline\"  >SONY VPL-VW270ES &#8211; 4K sofistikovan\u00fd styl pro ka\u017edou m\u00edstnost<\/h3><div class=\"special-heading-border\"><div class=\"special-heading-inner-border\"><\/div><\/div><\/div>\n<div  class='flex_column av-av_one_half-2a9015ff38129c418a3f2eafba3e9512 av_one_half  avia-builder-el-4  el_after_av_heading  el_before_av_one_half  first flex_column_div  '     ><p><section  class='av_textblock_section av-av_textblock-2de302bf1aa3cf4c9157dbe6f50ac7eb '   itemscope=\"itemscope\" itemtype=\"https:\/\/schema.org\/CreativeWork\" ><div class='avia_textblock'  itemprop=\"text\" ><p><b>U\u017eijte si 4K HDR filmy a streamovan\u00e9 slu\u017eby ve vysok\u00e9 kvalit\u011b. <\/b>VPL-VW270ES nab\u00edz\u00ed v\u0161e co pot\u0159ebujete ve sv\u00e9m dom\u00e1c\u00edm kin\u011b. SXRD technologii s v\u00fdbornou \u010distotou, barvou a kontrastem. Podpora HDR a nejnov\u011bj\u0161\u00edch obrazov\u00fdch standard\u016f zaru\u010duje skv\u011bl\u00fd z\u00e1\u017eitek nyn\u00ed i v budoucnosti.<\/p>\n<p><b>Kl\u00ed\u010dov\u00e9 vlastnosti<\/b><b>:<\/b><\/p>\n<p>\u2022 Pokro\u010dil\u00e9 SXRD panely<\/p>\n<p>\u2022 4K: v\u00edce ne\u017e \u010dty\u0159n\u00e1sobn\u00e9 rozli\u0161en\u00ed oproti Full HD<\/p>\n<p>\u2022 U\u017eijte si 4K HDR filmy a streamovan\u00e9 slu\u017eby s vysok\u00fdm kontrastrem<\/p>\n<p>\u2022 Vysok\u00e1 sv\u00edtivost 1,500 ANSI lumen\u016f<\/p>\n<p>\u2022 Technologie Reality Creation: p\u0159evzorkov\u00e1n\u00ed na 4K<\/p>\n<p>\u2022 Technologie TRILUMINOS colour: \u0161ir\u0161\u00ed barevn\u00e1 \u0161k\u00e1la<\/p>\n<p>\u2022 4K\/60 sn\u00edmk\u016f za sekundu (nov\u00fd 4K standard) 60p 10bit (HDR10\/HLG)<\/p>\n<p>\u2022 Vestav\u011bn\u00fd RF vys\u00edla\u010d kompatibiln\u00ed se standardn\u00edmi RF<br \/>\n3D br\u00fdlemi<\/p>\n<p>\u2022 Flexibiln\u00ed konektivita a ovl\u00e1dac\u00ed mo\u017enosti pro r\u016fzn\u00e9 instalace<\/p>\n<\/div><\/section><br \/>\n<section  class='av_textblock_section av-av_textblock-0366cc7376be6c9e82a3e9cc8987b64f '   itemscope=\"itemscope\" itemtype=\"https:\/\/schema.org\/CreativeWork\" ><div class='avia_textblock'  itemprop=\"text\" ><p>Nejenom filmy a hry. Jednou z v\u00fdhod projektoru s ultrakr\u00e1tkou projek\u010dn\u00ed vzd\u00e1lenost\u00ed je mo\u017enost prom\u00edtat \u00fa\u017easn\u00e9 statick\u00e9 obr\u00e1zky dle va\u0161\u00ed volby. Obl\u00edbenou krajinu, dramatick\u00e9 prost\u0159ed\u00ed m\u011bsta, tropickou pl\u00e1\u017e, obl\u00edben\u00e9 galerijn\u00ed obrazy. To v\u0161e ve va\u0161em ob\u00fdvac\u00edm pokoji.<\/p>\n<\/div><\/section><\/p><\/div>\n<style type=\"text\/css\" data-created_by=\"avia_inline_auto\" id=\"style-css-av-av_one_half-9c1d454dc06f7247226bc4e8f931daae\">\n.flex_column.av-av_one_half-9c1d454dc06f7247226bc4e8f931daae{\nborder-radius:0px 0px 0px 0px;\npadding:0px 0px 0px 0px;\n}\n<\/style>\n<div  class='flex_column av-av_one_half-9c1d454dc06f7247226bc4e8f931daae av_one_half  avia-builder-el-7  el_after_av_one_half  el_before_av_one_half  flex_column_div av-zero-column-padding  '     ><\/div><\/p>\n<div  class='flex_column av-av_one_half-2a9015ff38129c418a3f2eafba3e9512 av_one_half  avia-builder-el-9  el_after_av_one_half  el_before_av_one_half  first flex_column_div  column-top-margin'     ><p>\n<style type=\"text\/css\" data-created_by=\"avia_inline_auto\" id=\"style-css-av-av_heading-cecaa479e249c42fe569d05edadeb6dc\">\n#top .av-special-heading.av-av_heading-cecaa479e249c42fe569d05edadeb6dc{\npadding-bottom:10px;\n}\nbody .av-special-heading.av-av_heading-cecaa479e249c42fe569d05edadeb6dc .av-special-heading-tag .heading-char{\nfont-size:25px;\n}\n.av-special-heading.av-av_heading-cecaa479e249c42fe569d05edadeb6dc .av-subheading{\nfont-size:15px;\n}\n<\/style>\n<div  class='av-special-heading av-av_heading-cecaa479e249c42fe569d05edadeb6dc av-special-heading-h3  avia-builder-el-10  el_before_av_textblock  avia-builder-el-first '><h3 class='av-special-heading-tag '  itemprop=\"headline\"  >Rozhran\u00ed<\/h3><div class=\"special-heading-border\"><div class=\"special-heading-inner-border\"><\/div><\/div><\/div><br \/>\n<section  class='av_textblock_section av-av_textblock-2de302bf1aa3cf4c9157dbe6f50ac7eb '   itemscope=\"itemscope\" itemtype=\"https:\/\/schema.org\/CreativeWork\" ><div class='avia_textblock'  itemprop=\"text\" ><div>2x HDMI HDMI 18 GBps<br \/>\n1x RJ45 pro LAN<br \/>\n1x IR vstup<br \/>\n1x\u00a0USB\u00a0Typ A<br \/>\n1x RS-232C<\/div>\n<div><\/div>\n<div><\/div>\n<div><\/div>\n<\/div><\/section><br \/>\n\n<style type=\"text\/css\" data-created_by=\"avia_inline_auto\" id=\"style-css-av-av_heading-092243ef83e4f017a5775584501a8408\">\n#top .av-special-heading.av-av_heading-092243ef83e4f017a5775584501a8408{\npadding-bottom:10px;\n}\nbody .av-special-heading.av-av_heading-092243ef83e4f017a5775584501a8408 .av-special-heading-tag .heading-char{\nfont-size:25px;\n}\n.av-special-heading.av-av_heading-092243ef83e4f017a5775584501a8408 .av-subheading{\nfont-size:15px;\n}\n<\/style>\n<div  class='av-special-heading av-av_heading-092243ef83e4f017a5775584501a8408 av-special-heading-h3  avia-builder-el-12  el_after_av_textblock  el_before_av_textblock '><h3 class='av-special-heading-tag '  itemprop=\"headline\"  >Vstupn\u00ed sign\u00e1ly<\/h3><div class=\"special-heading-border\"><div class=\"special-heading-inner-border\"><\/div><\/div><\/div><br \/>\n<section  class='av_textblock_section av-av_textblock-0366cc7376be6c9e82a3e9cc8987b64f '   itemscope=\"itemscope\" itemtype=\"https:\/\/schema.org\/CreativeWork\" ><div class='avia_textblock'  itemprop=\"text\" ><div>\n<p>VGA, SVGA, XGA, WXGA(1280&#215;768), QuadVGA, SXGA, SXGA+<\/p>\n<\/div>\n<div><\/div>\n<div>\n<style type=\"text\/css\" data-created_by=\"avia_inline_auto\" id=\"style-css-av-av_hr-ee2847e2e025ce3d30801259a03f9fd4\">\n#top .hr.hr-invisible.av-av_hr-ee2847e2e025ce3d30801259a03f9fd4{\nheight:10px;\n}\n<\/style>\n<div  class='hr av-av_hr-ee2847e2e025ce3d30801259a03f9fd4 hr-invisible  avia-builder-el-14  avia-builder-el-no-sibling '><span class='hr-inner '><span class=\"hr-inner-style\"><\/span><\/span><\/div><\/div>\n<div><\/div>\n<div><\/div>\n<div>480\/60p, 576\/50p, 720\/60p, 720\/50p, 1080\/60i, 1080\/50i, 1080\/60p, 1080\/50p, 1080\/24p, 3840&#215;2160\/24p, 3840&#215;2160\/25p, 3840&#215;2160\/30p, 3840&#215;2160\/50p*2, 3840&#215;2160\/60p*2, 4096&#215;2160\/24p, 4096&#215;2160\/25p, 4096&#215;2160\/30p, 4096&#215;2160\/50p*2, 4096 x 2160\/60p*2<\/div>\n<div><\/div>\n<div>(*2 &#8211; YCbCr 4:2:0 \/ 8 bit format signal)<\/div>\n<div><\/div>\n<div><\/div>\n<div><\/div>\n<\/div><\/section><\/p><\/div>\n<style type=\"text\/css\" data-created_by=\"avia_inline_auto\" id=\"style-css-av-av_one_half-9c1d454dc06f7247226bc4e8f931daae\">\n.flex_column.av-av_one_half-9c1d454dc06f7247226bc4e8f931daae{\nborder-radius:0px 0px 0px 0px;\npadding:0px 0px 0px 0px;\n}\n<\/style>\n<div  class='flex_column av-av_one_half-9c1d454dc06f7247226bc4e8f931daae av_one_half  avia-builder-el-15  el_after_av_one_half  el_before_av_partner  flex_column_div av-zero-column-padding  column-top-margin'     ><p>\n<style type=\"text\/css\" data-created_by=\"avia_inline_auto\" id=\"style-css-av-av_heading-2be673ac38cde07ca655ed766a3ad1e0\">\n#top .av-special-heading.av-av_heading-2be673ac38cde07ca655ed766a3ad1e0{\npadding-bottom:10px;\n}\nbody .av-special-heading.av-av_heading-2be673ac38cde07ca655ed766a3ad1e0 .av-special-heading-tag .heading-char{\nfont-size:25px;\n}\n.av-special-heading.av-av_heading-2be673ac38cde07ca655ed766a3ad1e0 .av-subheading{\nfont-size:15px;\n}\n<\/style>\n<div  class='av-special-heading av-av_heading-2be673ac38cde07ca655ed766a3ad1e0 av-special-heading-h3  avia-builder-el-16  el_before_av_textblock  avia-builder-el-first '><h3 class='av-special-heading-tag '  itemprop=\"headline\"  >Parametry<\/h3><div class=\"special-heading-border\"><div class=\"special-heading-inner-border\"><\/div><\/div><\/div><br \/>\n<section  class='av_textblock_section av-av_textblock-2de302bf1aa3cf4c9157dbe6f50ac7eb '   itemscope=\"itemscope\" itemtype=\"https:\/\/schema.org\/CreativeWork\" ><div class='avia_textblock'  itemprop=\"text\" ><ul>\n<li>Unik\u00e1tn\u00ed technologie zobrazova\u010de SXRD (Silicon Crystal Reflective Display)<\/li>\n<li>Triluminos<\/li>\n<li>4K Reality Creation<\/li>\n<li>Projek\u010dn\u00ed syst\u00e9m se t\u0159emi panely HFR (High Frame Rate) SXRD<\/li>\n<li>Zobrazov\u00e1n\u00ed a\u017e 60 sn\u00edmk\u016f \/ s<\/li>\n<li>Rozm\u011br zobrazova\u010de (\u00fahlop\u0159\u00ed\u010dka) 0,74\u201c<\/li>\n<li>Nativn\u00ed rozli\u0161en\u00ed v\u00edce ne\u017e 8 milon\u016f obrazov\u00fdch bod\u016f (\u0161\u00ed\u0159ka 4.096 x v\u00fd\u0161ka 2.160 bod\u016f)<\/li>\n<li>\u00dahlop\u0159\u00ed\u010dka obrazu od 1,67m do 3,73 m<\/li>\n<li>Sv\u011bteln\u00fd zdroj Vysokotlak\u00e1 lampa UHP<\/li>\n<li>HDMI 18 GBps<\/li>\n<\/ul>\n<ul>\n<li>Sv\u011bteln\u00fd tok 1.500 lm<\/li>\n<li>Podpora HDR<\/li>\n<li>Podpora HDR HLG<\/li>\n<li>Motorick\u00fd kryt objektivu<\/li>\n<li>Manu\u00e1ln\u00ed kalibrace<\/li>\n<li>3D &#8211; vestav\u011bn\u00fd RF \u00a0vys\u00edla\u010d<\/li>\n<li>Akustick\u00fd \u0161um : 26 dB<\/li>\n<li>Nap\u00e1jen\u00ed 100-240 V, 50\/60 Hz<\/li>\n<li>Spot\u0159eba max. 350W<\/li>\n<li>Spot\u0159eba v pohotovostn\u00edm re\u017eimu 0,5 W<\/li>\n<li>Rozm\u011bry (\u0161 x v x h) 496 x 205\u00a0x 464\u00a0mm<\/li>\n<li>Hmotnost 14\u00a0kg<\/li>\n<\/ul>\n<\/div><\/section><\/p><\/div>\n<style type=\"text\/css\" data-created_by=\"avia_inline_auto\" id=\"style-css-av-av_partner-7e2710c9859563aa10cb9c4d1ada5212\">\n.avia-logo-element-container.av-av_partner-7e2710c9859563aa10cb9c4d1ada5212 .av-partner-fake-img{\nbackground-size:cover;\n}\n<\/style>\n<div  class='avia-logo-element-container av-av_partner-7e2710c9859563aa10cb9c4d1ada5212 avia-logo-slider avia-content-slider avia-smallarrow-slider avia-content-slider-active noHover avia-content-slider-odd  avia-builder-el-18  el_after_av_one_half  avia-builder-el-last  av-slideshow-ui av-control-default av-nav-arrows-visible av-nav-dots-visible av-no-slider-navigation av-slideshow-manual av-loop-once av-loop-manual-endless avia-content-slider2' data-slideshow-options=\"{&quot;animation&quot;:&quot;slide&quot;,&quot;autoplay&quot;:false,&quot;loop_autoplay&quot;:&quot;once&quot;,&quot;interval&quot;:5,&quot;loop_manual&quot;:&quot;manual-endless&quot;,&quot;autoplay_stopper&quot;:false,&quot;noNavigation&quot;:false,&quot;bg_slider&quot;:false,&quot;keep_padding&quot;:&quot;&quot;,&quot;hoverpause&quot;:false,&quot;show_slide_delay&quot;:0}\"><div class='avia-smallarrow-slider-heading '><div class='new-special-heading'><h3 class='av-logo-special-heading-text '>Dal\u0161\u00ed produkty SONY<\/h3><\/div><\/div><div class=\"avia-content-slider-inner\"><div class=\"slide-entry-wrap\"><div  class='slide-entry av-av_partner_logo-5d8a77e4de674e94d492f836e7de940b flex_column no_margin av_one_fifth real-thumbnail post-entry slide-entry-overview slide-loop-1 slide-parity-odd  first'><\/div><div  class='slide-entry av-av_partner_logo-dc1990f841f16b5aa8f0fe13eed8e2ca flex_column no_margin av_one_fifth real-thumbnail post-entry slide-entry-overview slide-loop-2 slide-parity-even  '><\/div><div  class='slide-entry av-av_partner_logo-61527a8bf73f3632e077674ad8a53f1a flex_column no_margin av_one_fifth real-thumbnail post-entry slide-entry-overview slide-loop-3 slide-parity-odd  '><\/div><div  class='slide-entry av-av_partner_logo-098b685752453e9f966bb45e1c20f647 flex_column no_margin av_one_fifth real-thumbnail post-entry slide-entry-overview slide-loop-4 slide-parity-even  '><\/div><div  class='slide-entry av-av_partner_logo-b796c701bcb818f929e0a5eb973a1e68 flex_column no_margin av_one_fifth real-thumbnail post-entry slide-entry-overview slide-loop-5 slide-parity-odd post-entry-last '><\/div><\/div><\/div><\/div><\/p>\n","protected":false},"excerpt":{"rendered":"","protected":false},"author":1,"featured_media":2967,"parent":0,"menu_order":0,"comment_status":"open","ping_status":"closed","template":"","meta":{"footnotes":""},"class_list":["post-16864","page","type-page","status-publish","has-post-thumbnail","hentry"],"aioseo_notices":[],"jetpack_sharing_enabled":true,"_links":{"self":[{"href":"https:\/\/www.altei.cz\/hifi\/wp-json\/wp\/v2\/pages\/16864","targetHints":{"allow":["GET"]}}],"collection":[{"href":"https:\/\/www.altei.cz\/hifi\/wp-json\/wp\/v2\/pages"}],"about":[{"href":"https:\/\/www.altei.cz\/hifi\/wp-json\/wp\/v2\/types\/page"}],"author":[{"embeddable":true,"href":"https:\/\/www.altei.cz\/hifi\/wp-json\/wp\/v2\/users\/1"}],"replies":[{"embeddable":true,"href":"https:\/\/www.altei.cz\/hifi\/wp-json\/wp\/v2\/comments?post=16864"}],"version-history":[{"count":0,"href":"https:\/\/www.altei.cz\/hifi\/wp-json\/wp\/v2\/pages\/16864\/revisions"}],"wp:featuredmedia":[{"embeddable":true,"href":"https:\/\/www.altei.cz\/hifi\/wp-json\/"}],"wp:attachment":[{"href":"https:\/\/www.altei.cz\/hifi\/wp-json\/wp\/v2\/media?parent=16864"}],"curies":[{"name":"wp","href":"https:\/\/api.w.org\/{rel}","templated":true}]}}