{"id":27770,"date":"2021-04-26T11:10:00","date_gmt":"2021-04-26T09:10:00","guid":{"rendered":"https:\/\/www.altei.cz\/sony-vpl-vw260es-2\/"},"modified":"2021-04-26T11:10:00","modified_gmt":"2021-04-26T09:10:00","slug":"sony-vpl-vw290es","status":"publish","type":"page","link":"https:\/\/www.altei.cz\/hifi\/sony-vpl-vw290es\/","title":{"rendered":"Sony VPL-VW290ES"},"content":{"rendered":"<div id='layer_slider_1'  class='avia-layerslider main_color avia-shadow  avia-builder-el-0  el_before_av_hr  avia-builder-el-first  container_wrap sidebar_right'  style='height: 471px;'  ><\/div><div id='after_layer_slider_1'  class='main_color av_default_container_wrap container_wrap sidebar_right'  ><div class='container av-section-cont-open' ><div class='template-page content  av-content-small alpha units'><div class='post-entry post-entry-type-page post-entry-27770'><div class='entry-content-wrapper clearfix'>\n\n<style type=\"text\/css\" data-created_by=\"avia_inline_auto\" id=\"style-css-av-f5a9zbu-3f7678186fb19a3296dbf7f0c19bd30f\">\n#top .hr.hr-invisible.av-f5a9zbu-3f7678186fb19a3296dbf7f0c19bd30f{\nmargin-top:-55px;\nheight:1px;\n}\n<\/style>\n<div  class='hr av-f5a9zbu-3f7678186fb19a3296dbf7f0c19bd30f hr-invisible  avia-builder-el-1  el_after_av_layerslider  el_before_av_partner  avia-builder-el-first '><span class='hr-inner '><span class=\"hr-inner-style\"><\/span><\/span><\/div>\n<div  class='avia-logo-element-container av-ckw7qhb-db20844bac186d5842e472ab18343391 av-border-deactivate avia-logo-slider avia-content-slider avia-smallarrow-slider avia-content-slider-active noHover avia-content-slider-even  avia-builder-el-2  el_after_av_hr  el_before_av_heading  av-slideshow-ui av-control-hidden av-nav-arrows-visible av-nav-dots-visible av-no-slider-navigation av-hide-nav-arrows av-slideshow-manual av-loop-once av-loop-manual-endless avia-content-slider1' data-slideshow-options=\"{&quot;animation&quot;:&quot;slide&quot;,&quot;autoplay&quot;:false,&quot;loop_autoplay&quot;:&quot;once&quot;,&quot;interval&quot;:5,&quot;loop_manual&quot;:&quot;manual-endless&quot;,&quot;autoplay_stopper&quot;:false,&quot;noNavigation&quot;:true,&quot;bg_slider&quot;:false,&quot;keep_padding&quot;:&quot;&quot;,&quot;hoverpause&quot;:false,&quot;show_slide_delay&quot;:0}\"><div class='avia-smallarrow-slider-heading  no-logo-slider-heading '><\/div><div class=\"avia-content-slider-inner\"><div class=\"slide-entry-wrap\"><div  class='slide-entry av-1prsw79-646a419725bbab5cfb3bec1ec11f95e1 flex_column no_margin av_one_eighth real-thumbnail post-entry slide-entry-overview slide-loop-1 slide-parity-odd  first'><\/div><div  class='slide-entry av-9a0lxr-14d1df26a7ed47139aa5082bb9b795fe flex_column no_margin av_one_eighth real-thumbnail post-entry slide-entry-overview slide-loop-2 slide-parity-even  '><\/div><div  class='slide-entry av-3nmpvga-fa2911dc04fc244b7f689eba0068bb62 flex_column no_margin av_one_eighth real-thumbnail post-entry slide-entry-overview slide-loop-3 slide-parity-odd  '><\/div><div  class='slide-entry av-35qiuwq-23bdd922858ff791e427740558426cfb flex_column no_margin av_one_eighth real-thumbnail post-entry slide-entry-overview slide-loop-4 slide-parity-even  '><\/div><div  class='slide-entry av-2fx9hx6-809a0ba74fd9066e456b266237aee07f flex_column no_margin av_one_eighth real-thumbnail post-entry slide-entry-overview slide-loop-5 slide-parity-odd  '><\/div><div  class='slide-entry av-20toqm2-713269d40e093f6cd38db6601ae8062d flex_column no_margin av_one_eighth real-thumbnail post-entry slide-entry-overview slide-loop-6 slide-parity-even  '><\/div><div  class='slide-entry av-1fkovfe-52486c0da5c1f36469dcdda8a090aa70 flex_column no_margin av_one_eighth real-thumbnail post-entry slide-entry-overview slide-loop-7 slide-parity-odd  '><\/div><div  class='slide-entry av-3ilcmy-1fddaf38f12845a792ad35b3aaa05982 flex_column no_margin av_one_eighth real-thumbnail post-entry slide-entry-overview slide-loop-8 slide-parity-even post-entry-last '><\/div><\/div><\/div><\/div>\n\n<style type=\"text\/css\" data-created_by=\"avia_inline_auto\" id=\"style-css-av-wajl8a-c80e8c2550d19bce20f7ef53aee604ac\">\n#top .av-special-heading.av-wajl8a-c80e8c2550d19bce20f7ef53aee604ac{\npadding-bottom:10px;\n}\nbody .av-special-heading.av-wajl8a-c80e8c2550d19bce20f7ef53aee604ac .av-special-heading-tag .heading-char{\nfont-size:25px;\n}\n.av-special-heading.av-wajl8a-c80e8c2550d19bce20f7ef53aee604ac .av-subheading{\nfont-size:15px;\n}\n<\/style>\n<div  class='av-special-heading av-wajl8a-c80e8c2550d19bce20f7ef53aee604ac av-special-heading-h3  avia-builder-el-3  el_after_av_partner  el_before_av_one_half '><h3 class='av-special-heading-tag '  itemprop=\"headline\"  >SONY VPL-VW290ES &#8211; 4K sofistikovan\u00fd styl pro ka\u017edou m\u00edstnost<\/h3><div class=\"special-heading-border\"><div class=\"special-heading-inner-border\"><\/div><\/div><\/div>\n<div  class='flex_column av-9pfoe62-a241f5cf2318e1262fc2ce6d601da2b7 av_one_half  avia-builder-el-4  el_after_av_heading  el_before_av_one_half  first flex_column_div  '     ><section  class='av_textblock_section av-998qvru-39247e1bf0c29c6eca2e967fdf33bd02 '   itemscope=\"itemscope\" itemtype=\"https:\/\/schema.org\/CreativeWork\" ><div class='avia_textblock'  itemprop=\"text\" ><p><b>U\u017eijte si 4K HDR filmy a streamovan\u00e9 slu\u017eby ve vysok\u00e9 kvalit\u011b. <\/b>VPL-VW290ES nab\u00edz\u00ed v\u0161e co pot\u0159ebujete ve sv\u00e9m dom\u00e1c\u00edm kin\u011b. True 4K SXRD technologii s v\u00fdbornou \u010distotou, barvou a kontrastem. Projektor je vybaven obrazov\u00fdm procesorem X1. Podpora HDR a nejnov\u011bj\u0161\u00edch obrazov\u00fdch standard\u016f zaru\u010duje skv\u011bl\u00fd z\u00e1\u017eitek nyn\u00ed i v budoucnosti. Barva \u010dern\u00e1 nebo b\u00edl\u00e1.<\/p>\n<p><b>Kl\u00ed\u010dov\u00e9 vlastnosti<\/b><b>:<\/b><\/p>\n<p>\u2022 Pokro\u010dil\u00e9 Native 4K SXRD panely<\/p>\n<p>\u2022 4K: v\u00edce ne\u017e \u010dty\u0159n\u00e1sobn\u00e9 rozli\u0161en\u00ed oproti Full HD<\/p>\n<p>\u2022 U\u017eijte si 4K HDR filmy a streamovan\u00e9 slu\u017eby s vysok\u00fdm kontrastrem<\/p>\n<p>\u2022 Vysok\u00e1 sv\u00edtivost 1,500 ANSI lumen\u016f<\/p>\n<p>\u2022 Technologie Super Resolution Reality Creation: p\u0159evzorkov\u00e1n\u00ed na 4K<\/p>\n<p>\u2022 Technologie TRILUMINOS colour: \u0161ir\u0161\u00ed barevn\u00e1 \u0161k\u00e1la<\/p>\n<p>\u2022 Technologie 4K Motionflow<\/p>\n<p>\u2022 HDMI 18 Gbps kompatibilita<\/p>\n<p>\u2022 4K\/60 sn\u00edmk\u016f za sekundu (nov\u00fd 4K standard) 60p 10bit (HDR10\/HLG)<\/p>\n<p>\u2022 Vestav\u011bn\u00fd RF vys\u00edla\u010d kompatibiln\u00ed se standardn\u00edmi RF<br \/>\n3D br\u00fdlemi<\/p>\n<p>\u2022 Flexibiln\u00ed konektivita a ovl\u00e1dac\u00ed mo\u017enosti pro r\u016fzn\u00e9 instalace<\/p>\n<\/div><\/section><\/div>\n<style type=\"text\/css\" data-created_by=\"avia_inline_auto\" id=\"style-css-av-918880q-fdea79bcedfe0dd25077c233904803c5\">\n.flex_column.av-918880q-fdea79bcedfe0dd25077c233904803c5{\nborder-radius:0px 0px 0px 0px;\npadding:0px 0px 0px 0px;\n}\n<\/style>\n<div  class='flex_column av-918880q-fdea79bcedfe0dd25077c233904803c5 av_one_half  avia-builder-el-6  el_after_av_one_half  el_before_av_one_half  flex_column_div av-zero-column-padding  '     ><p><br \/>\n<section  class='av_textblock_section av-81wzh5m-46807c445c52d71fa9e6ef2ffc487829 '   itemscope=\"itemscope\" itemtype=\"https:\/\/schema.org\/CreativeWork\" ><div class='avia_textblock'  itemprop=\"text\" ><p>Nejenom filmy a hry. Jednou z v\u00fdhod projektoru je i v\u00fdb\u011br z dev\u00edti kalibrovan\u00fdch m\u00f3d\u016f v\u010detn\u011b dvou divadeln\u00edch, digitalcinema, referen\u010dn\u00edho, TV, statick\u00fd obraz (foto), hry, vysok\u00fd jas kino, vysok\u00fd jas TV.\u00a0 A je\u0161t\u011b mo\u017enost HSV (Hue Saturation Value) lad\u011bn\u00ed.<\/p>\n<\/div><\/section><\/p><\/div><\/p>\n<div  class='flex_column av-7ry9t6i-641bb9fc8426991da6151c227339f066 av_one_half  avia-builder-el-9  el_after_av_one_half  el_before_av_one_half  first flex_column_div  column-top-margin'     ><p>\n<style type=\"text\/css\" data-created_by=\"avia_inline_auto\" id=\"style-css-av-7c9i0qi-cc10640c2cbacaad9bf916a1c4ef531d\">\n#top .av-special-heading.av-7c9i0qi-cc10640c2cbacaad9bf916a1c4ef531d{\npadding-bottom:10px;\n}\nbody .av-special-heading.av-7c9i0qi-cc10640c2cbacaad9bf916a1c4ef531d .av-special-heading-tag .heading-char{\nfont-size:25px;\n}\n.av-special-heading.av-7c9i0qi-cc10640c2cbacaad9bf916a1c4ef531d .av-subheading{\nfont-size:15px;\n}\n<\/style>\n<div  class='av-special-heading av-7c9i0qi-cc10640c2cbacaad9bf916a1c4ef531d av-special-heading-h3  avia-builder-el-10  el_before_av_textblock  avia-builder-el-first '><h3 class='av-special-heading-tag '  itemprop=\"headline\"  >Rozhran\u00ed<\/h3><div class=\"special-heading-border\"><div class=\"special-heading-inner-border\"><\/div><\/div><\/div><br \/>\n<section  class='av_textblock_section av-6mtghdm-06566d12a9d5bbc3dace73c9f7c49396 '   itemscope=\"itemscope\" itemtype=\"https:\/\/schema.org\/CreativeWork\" ><div class='avia_textblock'  itemprop=\"text\" ><div>2x HDMI 18GBps<br \/>\n1x RJ45 pro LAN<br \/>\n1x IR vstup<br \/>\n1x\u00a0USB\u00a0Typ A<br \/>\n1x RS-232C<\/div>\n<div><\/div>\n<div><\/div>\n<div><\/div>\n<\/div><\/section><br \/>\n\n<style type=\"text\/css\" data-created_by=\"avia_inline_auto\" id=\"style-css-av-65eer22-3faf895e93198ae831055f5dc0e164dd\">\n.avia-image-container.av-65eer22-3faf895e93198ae831055f5dc0e164dd img.avia_image{\nbox-shadow:none;\n}\n.avia-image-container.av-65eer22-3faf895e93198ae831055f5dc0e164dd .av-image-caption-overlay-center{\ncolor:#ffffff;\n}\n<\/style>\n<div  class='avia-image-container av-65eer22-3faf895e93198ae831055f5dc0e164dd av-styling- avia-align-center  avia-builder-el-12  el_after_av_textblock  el_before_av_heading '   itemprop=\"image\" itemscope=\"itemscope\" itemtype=\"https:\/\/schema.org\/ImageObject\" ><div class=\"avia-image-container-inner\"><div class=\"avia-image-overlay-wrap\"><img decoding=\"async\" fetchpriority=\"high\" class='wp-image- avia-img-lazy-loading-not- avia_image ' src=\"https:\/\/www.altei.cz\/wp-content\/uploads\/2018\/10\/VPL-VW270ES-panel.jpg\" alt='' title=''   itemprop=\"thumbnailUrl\"  \/><\/div><\/div><\/div><br \/>\n\n<style type=\"text\/css\" data-created_by=\"avia_inline_auto\" id=\"style-css-av-5k8mmje-9fe3407b69998dada97837464d076c17\">\n#top .av-special-heading.av-5k8mmje-9fe3407b69998dada97837464d076c17{\npadding-bottom:10px;\n}\nbody .av-special-heading.av-5k8mmje-9fe3407b69998dada97837464d076c17 .av-special-heading-tag .heading-char{\nfont-size:25px;\n}\n.av-special-heading.av-5k8mmje-9fe3407b69998dada97837464d076c17 .av-subheading{\nfont-size:15px;\n}\n<\/style>\n<div  class='av-special-heading av-5k8mmje-9fe3407b69998dada97837464d076c17 av-special-heading-h3  avia-builder-el-13  el_after_av_image  el_before_av_textblock '><h3 class='av-special-heading-tag '  itemprop=\"headline\"  >Vstupn\u00ed sign\u00e1ly<\/h3><div class=\"special-heading-border\"><div class=\"special-heading-inner-border\"><\/div><\/div><\/div><br \/>\n<section  class='av_textblock_section av-5c0lwka-f38fcc993e14976fc5208abc0c218043 '   itemscope=\"itemscope\" itemtype=\"https:\/\/schema.org\/CreativeWork\" ><div class='avia_textblock'  itemprop=\"text\" ><div>\n<p>VGA, SVGA, XGA, WXGA(1280&#215;768), QuadVGA, SXGA, SXGA+<\/p>\n<\/div>\n<div><\/div>\n<div>\n<style type=\"text\/css\" data-created_by=\"avia_inline_auto\" id=\"style-css-av-4p4set6-efbf212eec41f8e8a7b7541d52d09c85\">\n#top .hr.hr-invisible.av-4p4set6-efbf212eec41f8e8a7b7541d52d09c85{\nheight:10px;\n}\n<\/style>\n<div  class='hr av-4p4set6-efbf212eec41f8e8a7b7541d52d09c85 hr-invisible  avia-builder-el-15  avia-builder-el-no-sibling '><span class='hr-inner '><span class=\"hr-inner-style\"><\/span><\/span><\/div><\/div>\n<div><\/div>\n<div><\/div>\n<div>480\/60p, 576\/50p, 720\/60p, 720\/50p, 1080\/60i, 1080\/50i, 1080\/60p, 1080\/50p, 1080\/24p, 3840&#215;2160\/24p, 3840&#215;2160\/25p, 3840&#215;2160\/30p, 3840&#215;2160\/50p*2, 3840&#215;2160\/60p*2, 4096&#215;2160\/24p, 4096&#215;2160\/25p, 4096&#215;2160\/30p, 4096&#215;2160\/50p*2, 4096 x 2160\/60p*2<\/div>\n<div><\/div>\n<div>(*2 &#8211; YCbCr 4:2:0 \/ 8 bit format signal)<\/div>\n<div><\/div>\n<div><\/div>\n<div><\/div>\n<\/div><\/section><\/p><\/div>\n\n<style type=\"text\/css\" data-created_by=\"avia_inline_auto\" id=\"style-css-av-f3rs7u-45ced88da563e0c99f8748bfba62b357\">\n.flex_column.av-f3rs7u-45ced88da563e0c99f8748bfba62b357{\nborder-radius:0px 0px 0px 0px;\npadding:0px 0px 0px 0px;\n}\n<\/style>\n<div  class='flex_column av-f3rs7u-45ced88da563e0c99f8748bfba62b357 av_one_half  avia-builder-el-16  el_after_av_one_half  el_before_av_partner  flex_column_div av-zero-column-padding  column-top-margin'     ><p>\n<style type=\"text\/css\" data-created_by=\"avia_inline_auto\" id=\"style-css-av-3zleugq-8163216f4aa7a2d65cea899fca417402\">\n#top .av-special-heading.av-3zleugq-8163216f4aa7a2d65cea899fca417402{\npadding-bottom:10px;\n}\nbody .av-special-heading.av-3zleugq-8163216f4aa7a2d65cea899fca417402 .av-special-heading-tag .heading-char{\nfont-size:25px;\n}\n.av-special-heading.av-3zleugq-8163216f4aa7a2d65cea899fca417402 .av-subheading{\nfont-size:15px;\n}\n<\/style>\n<div  class='av-special-heading av-3zleugq-8163216f4aa7a2d65cea899fca417402 av-special-heading-h3  avia-builder-el-17  el_before_av_textblock  avia-builder-el-first '><h3 class='av-special-heading-tag '  itemprop=\"headline\"  >Parametry<\/h3><div class=\"special-heading-border\"><div class=\"special-heading-inner-border\"><\/div><\/div><\/div><br \/>\n<section  class='av_textblock_section av-3hg1r7e-40a44e8299acfd6967988809569cff27 '   itemscope=\"itemscope\" itemtype=\"https:\/\/schema.org\/CreativeWork\" ><div class='avia_textblock'  itemprop=\"text\" ><ul>\n<li>Unik\u00e1tn\u00ed technologie zobrazova\u010de SXRD (Silicon Crystal Reflective Display)<\/li>\n<li>Triluminos<\/li>\n<li>Super Resolution Reality Creation<\/li>\n<li>4K Motionflow<\/li>\n<li>Projek\u010dn\u00ed syst\u00e9m se t\u0159emi panely HFR (High Frame Rate) 4K SXRD<\/li>\n<li>Zobrazov\u00e1n\u00ed a\u017e 60 sn\u00edmk\u016f \/ s<\/li>\n<li>Rozm\u011br zobrazova\u010de (\u00fahlop\u0159\u00ed\u010dka) 0,74\u201c<\/li>\n<li>Nativn\u00ed rozli\u0161en\u00ed v\u00edce ne\u017e 8 milon\u016f obrazov\u00fdch bod\u016f (\u0161\u00ed\u0159ka 4.096 x v\u00fd\u0161ka 2.160 bod\u016f)<\/li>\n<li>\u00dahlop\u0159\u00ed\u010dka obrazu od 1,53m do 7,62 m<\/li>\n<li>Sv\u011bteln\u00fd zdroj Vysokotlak\u00e1 lampa UHP<\/li>\n<li>Obrazov\u00fd procesor X1<\/li>\n<\/ul>\n<ul>\n<li>Sv\u011bteln\u00fd tok 1.500 lm<\/li>\n<li>Dynamick\u00fd HDR enhancer<\/li>\n<li>Podpora HDR HLG<\/li>\n<li>Motorick\u00fd kryt objektivu<\/li>\n<li>Motorick\u00fd zoom<\/li>\n<li>Manu\u00e1ln\u00ed kalibrace<\/li>\n<li>3D &#8211; vestav\u011bn\u00fd RF \u00a0vys\u00edla\u010d<\/li>\n<li>Akustick\u00fd \u0161um : 26 dB<\/li>\n<li>Nap\u00e1jen\u00ed 100-240 V, 50\/60 Hz<\/li>\n<li>Spot\u0159eba max. 390W<\/li>\n<li>Spot\u0159eba v pohotovostn\u00edm re\u017eimu 0,4 W<\/li>\n<li>Rozm\u011bry (\u0161 x v x h) 496 x 205 x 464\u00a0mm<\/li>\n<li>Hmotnost 14\u00a0kg<\/li>\n<\/ul>\n<\/div><\/section><\/p><\/div>\n\n<style type=\"text\/css\" data-created_by=\"avia_inline_auto\" id=\"style-css-av-atkije-170aaaad30592c0fdc83f13f8336594c\">\n.avia-logo-element-container.av-atkije-170aaaad30592c0fdc83f13f8336594c .av-partner-fake-img{\nbackground-size:cover;\n}\n<\/style>\n<div  class='avia-logo-element-container av-atkije-170aaaad30592c0fdc83f13f8336594c avia-logo-slider avia-content-slider avia-smallarrow-slider avia-content-slider-active noHover avia-content-slider-odd  avia-builder-el-19  el_after_av_one_half  avia-builder-el-last  av-slideshow-ui av-control-default av-nav-arrows-visible av-nav-dots-visible av-no-slider-navigation av-slideshow-manual av-loop-once av-loop-manual-endless avia-content-slider2' data-slideshow-options=\"{&quot;animation&quot;:&quot;slide&quot;,&quot;autoplay&quot;:false,&quot;loop_autoplay&quot;:&quot;once&quot;,&quot;interval&quot;:5,&quot;loop_manual&quot;:&quot;manual-endless&quot;,&quot;autoplay_stopper&quot;:false,&quot;noNavigation&quot;:false,&quot;bg_slider&quot;:false,&quot;keep_padding&quot;:&quot;&quot;,&quot;hoverpause&quot;:false,&quot;show_slide_delay&quot;:0}\"><div class='avia-smallarrow-slider-heading '><div class='new-special-heading'><h3 class='av-logo-special-heading-text '>Dal\u0161\u00ed produkty SONY<\/h3><\/div><\/div><div class=\"avia-content-slider-inner\"><div class=\"slide-entry-wrap\"><div  class='slide-entry av-2klr64a-1eec6401414e3404f644fcce13486f64 flex_column no_margin av_one_fifth real-thumbnail post-entry slide-entry-overview slide-loop-1 slide-parity-odd  first'><\/div><div  class='slide-entry av-27zhfju-44a40c0b84cf0db107f5519af01b4f7c flex_column no_margin av_one_fifth real-thumbnail post-entry slide-entry-overview slide-loop-2 slide-parity-even  '><\/div><div  class='slide-entry av-1fmh68q-f8eb090835adad5cc0b978bc7b561a44 flex_column no_margin av_one_fifth real-thumbnail post-entry slide-entry-overview slide-loop-3 slide-parity-odd  '><\/div><div  class='slide-entry av-19l5yfu-8ef61a3a704d3438f96ad8f4e1fa76d2 flex_column no_margin av_one_fifth real-thumbnail post-entry slide-entry-overview slide-loop-4 slide-parity-even  '><\/div><div  class='slide-entry av-sb24fu-8760db86cc7cafe7090c6350b5a1de79 flex_column no_margin av_one_fifth real-thumbnail post-entry slide-entry-overview slide-loop-5 slide-parity-odd post-entry-last '><\/div><\/div><\/div><\/div>\n","protected":false},"excerpt":{"rendered":"","protected":false},"author":1,"featured_media":2967,"parent":0,"menu_order":0,"comment_status":"open","ping_status":"open","template":"","meta":{"footnotes":""},"class_list":["post-27770","page","type-page","status-publish","has-post-thumbnail","hentry"],"aioseo_notices":[],"jetpack_sharing_enabled":true,"_links":{"self":[{"href":"https:\/\/www.altei.cz\/hifi\/wp-json\/wp\/v2\/pages\/27770","targetHints":{"allow":["GET"]}}],"collection":[{"href":"https:\/\/www.altei.cz\/hifi\/wp-json\/wp\/v2\/pages"}],"about":[{"href":"https:\/\/www.altei.cz\/hifi\/wp-json\/wp\/v2\/types\/page"}],"author":[{"embeddable":true,"href":"https:\/\/www.altei.cz\/hifi\/wp-json\/wp\/v2\/users\/1"}],"replies":[{"embeddable":true,"href":"https:\/\/www.altei.cz\/hifi\/wp-json\/wp\/v2\/comments?post=27770"}],"version-history":[{"count":0,"href":"https:\/\/www.altei.cz\/hifi\/wp-json\/wp\/v2\/pages\/27770\/revisions"}],"wp:featuredmedia":[{"embeddable":true,"href":"https:\/\/www.altei.cz\/hifi\/wp-json\/"}],"wp:attachment":[{"href":"https:\/\/www.altei.cz\/hifi\/wp-json\/wp\/v2\/media?parent=27770"}],"curies":[{"name":"wp","href":"https:\/\/api.w.org\/{rel}","templated":true}]}}