{"id":30097,"date":"2019-03-06T14:51:37","date_gmt":"2019-03-06T13:51:37","guid":{"rendered":"https:\/\/www.altei.cz\/email-menu-3\/"},"modified":"2023-03-09T20:27:32","modified_gmt":"2023-03-09T19:27:32","slug":"kontakt-altei-hifi-shop","status":"publish","type":"page","link":"https:\/\/www.altei.cz\/hifi\/kontakt-altei-hifi-shop\/","title":{"rendered":"Kontakt Altei HiFi Shop"},"content":{"rendered":"<div  class='flex_column av-dh8y2n-3abbf6b87559ba40dd63a7ee3f8cb593 av_one_full  avia-builder-el-0  el_before_av_heading  avia-builder-el-first  first flex_column_div  '     ><p>\n<style type=\"text\/css\" data-created_by=\"avia_inline_auto\" id=\"style-css-av-yz8fo1-9806cfc2388cb0b15bc5e576abbebe34\">\n#top .av-special-heading.av-yz8fo1-9806cfc2388cb0b15bc5e576abbebe34{\npadding-bottom:10px;\n}\nbody .av-special-heading.av-yz8fo1-9806cfc2388cb0b15bc5e576abbebe34 .av-special-heading-tag .heading-char{\nfont-size:25px;\n}\n.av-special-heading.av-yz8fo1-9806cfc2388cb0b15bc5e576abbebe34 .av-subheading{\nfont-size:10px;\n}\n<\/style>\n<div  class='av-special-heading av-yz8fo1-9806cfc2388cb0b15bc5e576abbebe34 av-special-heading-h3 meta-heading blockquote modern-quote  avia-builder-el-1  el_before_av_textblock  avia-builder-el-first  av-linked-heading'><h3 class='av-special-heading-tag '  itemprop=\"headline\"  >Pros\u00edm kontaktujte n\u00e1s<\/h3><div class=\"special-heading-border\"><div class=\"special-heading-inner-border\"><\/div><\/div><\/div><br \/>\n\n<style type=\"text\/css\" data-created_by=\"avia_inline_auto\" id=\"style-css-av-ao6tun-7ace78510d52899a23c8bf49275d9d5f\">\n#top .av_textblock_section.av-ao6tun-7ace78510d52899a23c8bf49275d9d5f .avia_textblock{\nfont-size:10px;\n}\n<\/style>\n<section  class='av_textblock_section av-ao6tun-7ace78510d52899a23c8bf49275d9d5f '   itemscope=\"itemscope\" itemtype=\"https:\/\/schema.org\/CreativeWork\" ><div class='avia_textblock'  itemprop=\"text\" >\n<style type=\"text\/css\" data-created_by=\"avia_inline_auto\" id=\"style-css-av-1cd6tv5-07b61fd904d18f55c8c74750d8cc0ff3\">\n#top .hr.hr-invisible.av-1cd6tv5-07b61fd904d18f55c8c74750d8cc0ff3{\nheight:15px;\n}\n<\/style>\n<div  class='hr av-1cd6tv5-07b61fd904d18f55c8c74750d8cc0ff3 hr-invisible  avia-builder-el-3  avia-builder-el-no-sibling '><span class='hr-inner '><span class=\"hr-inner-style\"><\/span><\/span><\/div>\n<p><strong>Vybran\u00fd produkt nen\u00ed ur\u010den k on-line prodeji. R\u00e1di se v\u00e1m budeme osobn\u011b v\u011bnovat a porad\u00edme v\u00e1m s v\u00fdb\u011brem a konfigurac\u00ed.<\/strong><\/p>\n<p>Polo\u017eky ozna\u010den\u00e9 hv\u011bzdi\u010dkou * jsou povinn\u00e9<\/p>\n<\/div><\/section><br \/>\n<form action=\"https:\/\/www.altei.cz\/hifi\/kontakt-altei-hifi-shop\/\" method=\"post\" data-fields-with-error=\"Found errors in the following field(s):\" class=\"avia_ajax_form av-form-labels-visible   avia-builder-el-4  el_after_av_textblock  avia-builder-el-last   \" data-avia-form-id=\"1\" data-avia-redirect='' ><fieldset><p class='  first_form  form_element form_element_half' id='element_avia_1_1'><label for=\"avia_1_1\">Jm\u00e9no <abbr class=\"required\" title=\"required\">*<\/abbr><\/label> <input name=\"avia_1_1\" class=\"text_input is_empty\" type=\"text\" id=\"avia_1_1\" value=\"\" \/><\/p><p class='  form_element form_element_half' id='element_avia_2_1'><label for=\"avia_2_1\">E-Mail <abbr class=\"required\" title=\"required\">*<\/abbr><\/label> <input name=\"avia_2_1\" class=\"text_input is_email\" type=\"text\" id=\"avia_2_1\" value=\"\" \/><\/p><p class='  first_form  form_element form_fullwidth' id='element_avia_3_1'><label for=\"avia_3_1\">Subjekt <abbr class=\"required\" title=\"required\">*<\/abbr><\/label> <input name=\"avia_3_1\" class=\"text_input is_empty\" type=\"text\" id=\"avia_3_1\" value=\"\" \/><\/p><p class='  first_form  form_element form_fullwidth' id='element_avia_4_1'><label for=\"avia_4_1\" class=\"textare_label hidden textare_label_avia_4_1\">Zpr\u00e1va <abbr class=\"required\" title=\"required\">*<\/abbr><\/label><textarea  name=\"avia_4_1\" class=\"text_area is_empty\" cols=\"40\" rows=\"7\" id=\"avia_4_1\" ><\/textarea><\/p><p class=\"hidden\"><input type=\"text\" name=\"avia_5_1\" class=\"hidden \" id=\"avia_5_1\" value=\"\" \/><\/p><p class='   form_element form_fullwidth' id='element_avia_6_1'><span class='value_verifier_label'>0 + 5 = ?<\/span><input name=\"avia_6_1_verifier\" type=\"hidden\" id=\"avia_6_1_verifier\" value=\"777477457\"\/><label for=\"avia_6_1\">Please prove that you are human by solving the equation <abbr class=\"required\" title=\"required\">*<\/abbr><\/label><input name=\"avia_6_1\" class=\"text_input captcha\" type=\"text\" id=\"avia_6_1\" value=\"\"\/><\/p><p class=\"form_element \"><input type=\"hidden\" value=\"1\" name=\"avia_generated_form1\" \/><input type=\"submit\" value=\"Odeslat\" class=\"button\"  data-sending-label=\"Sending\"\/><\/p><\/fieldset><\/form><div id=\"ajaxresponse_1\" class=\"ajaxresponse ajaxresponse_1 hidden\"><\/div><\/p><\/div>\n<style type=\"text\/css\" data-created_by=\"avia_inline_auto\" id=\"style-css-av-sxdxf5-a513c12622bdd32467cbd94e802e8c04\">\n#top .av-special-heading.av-sxdxf5-a513c12622bdd32467cbd94e802e8c04{\npadding-bottom:10px;\n}\nbody .av-special-heading.av-sxdxf5-a513c12622bdd32467cbd94e802e8c04 .av-special-heading-tag .heading-char{\nfont-size:25px;\n}\n.av-special-heading.av-sxdxf5-a513c12622bdd32467cbd94e802e8c04 .av-subheading{\nfont-size:10px;\n}\n<\/style>\n<div  class='av-special-heading av-sxdxf5-a513c12622bdd32467cbd94e802e8c04 av-special-heading-h3 meta-heading  avia-builder-el-5  el_after_av_one_full  el_before_av_one_third '><h3 class='av-special-heading-tag '  itemprop=\"headline\"  >Kontakty<\/h3><div class=\"special-heading-border\"><div class=\"special-heading-inner-border\"><\/div><\/div><\/div><\/p>\n<div  class='flex_column av-o8e26n-514631d0f802131ad0d220982ab0446f av_one_third  avia-builder-el-6  el_after_av_heading  el_before_av_one_third  first flex_column_div  '     ><section  class='av_textblock_section av-lo1ijj-c0a1d8b23ae9de531eadc2730f088411 '   itemscope=\"itemscope\" itemtype=\"https:\/\/schema.org\/CreativeWork\" ><div class='avia_textblock'  itemprop=\"text\" ><p><strong><br \/>\n<\/strong>Provozovna:<\/p>\n<p><strong>ALTEI spol. s r. o.<\/strong><\/p>\n<p>Novodvorsk\u00e1 10<br \/>\n142 00 Praha 4<br \/>\nCzech Republic<\/p>\n<p>Otev\u0159eno : Po &#8211; P\u00e1 , 9:00 a\u017e 17:00 nebo dle p\u0159edchoz\u00ed dohody<\/p>\n<p><strong>\u00a0<\/strong><\/p>\n<\/div><\/section><\/div>\n\n<style type=\"text\/css\" data-created_by=\"avia_inline_auto\" id=\"style-css-av-lht3u7-f2a3e69f81b64081c0a5fc10c572ced9\">\n.flex_column.av-lht3u7-f2a3e69f81b64081c0a5fc10c572ced9{\nborder-radius:0px 0px 0px 0px;\npadding:0px 0px 0px 0px;\n}\n<\/style>\n<div  class='flex_column av-lht3u7-f2a3e69f81b64081c0a5fc10c572ced9 av_one_third  avia-builder-el-8  el_after_av_one_third  el_before_av_one_third  flex_column_div av-zero-column-padding  '     ><section  class='av_textblock_section av-j2hvz3-c96276fd964f5c8d4c43ee9bf62919cc '   itemscope=\"itemscope\" itemtype=\"https:\/\/schema.org\/CreativeWork\" ><div class='avia_textblock'  itemprop=\"text\" ><p><strong><br \/>\n<\/strong>Faktura\u010dn\u00ed adresa:<\/p>\n<p><strong>ALTEI spol. s r. o.<\/strong><\/p>\n<p>P\u0159emyslovsk\u00e1 7<br \/>\nCZ 130 00 Praha 3<br \/>\nCzech Republic<\/p>\n<p><strong>I\u010c : 25637274\u00a0<\/strong><\/p>\n<p><strong> DI\u010c : CZ25637274<\/strong><\/p>\n<p>Altei spol. s r.o. je registrov\u00e1na v obchodn\u00edm rejst\u0159\u00edku veden\u00e9m u M\u011bstsk\u00e9ho soudu v Praze, odd\u00edl C, vlo\u017eka 56913.<\/p>\n<\/div><\/section><\/div>\n\n<style type=\"text\/css\" data-created_by=\"avia_inline_auto\" id=\"style-css-av-1o9y6n-d6bfafd845a22dd87d7b4b3d06f4b923\">\n.flex_column.av-1o9y6n-d6bfafd845a22dd87d7b4b3d06f4b923{\nborder-radius:0px 0px 0px 0px;\npadding:0px 0px 0px 0px;\n}\n<\/style>\n<div  class='flex_column av-1o9y6n-d6bfafd845a22dd87d7b4b3d06f4b923 av_one_third  avia-builder-el-10  el_after_av_one_third  avia-builder-el-last  flex_column_div av-zero-column-padding  '     ><section  class='av_textblock_section av-fbnf67-87e40729c2bf470491cea1df798bec48 '   itemscope=\"itemscope\" itemtype=\"https:\/\/schema.org\/CreativeWork\" ><div class='avia_textblock'  itemprop=\"text\" >\n<style type=\"text\/css\" data-created_by=\"avia_inline_auto\" id=\"style-css-av-sq05ip-50aad729e193f91b9a95aacd4129a088\">\n#top .hr.hr-invisible.av-sq05ip-50aad729e193f91b9a95aacd4129a088{\nheight:30px;\n}\n<\/style>\n<div  class='hr av-sq05ip-50aad729e193f91b9a95aacd4129a088 hr-invisible  avia-builder-el-12  avia-builder-el-no-sibling '><span class='hr-inner '><span class=\"hr-inner-style\"><\/span><\/span><\/div>\n<p><strong><br \/>\n<\/strong><span style=\"line-height: 1.5em;\">Tel : (+420) 731 012 941<\/span><\/p>\n<p>e-mail : info@altei.cz<\/p>\n<p><a href=\"https:\/\/www.altei.cz\/hifi\">https:\/\/www.altei.cz<\/a><\/p>\n<\/div><\/section><\/div>\n","protected":false},"excerpt":{"rendered":"","protected":false},"author":1,"featured_media":2967,"parent":0,"menu_order":0,"comment_status":"open","ping_status":"closed","template":"","meta":{"footnotes":""},"class_list":["post-30097","page","type-page","status-publish","has-post-thumbnail","hentry"],"aioseo_notices":[],"jetpack_sharing_enabled":true,"_links":{"self":[{"href":"https:\/\/www.altei.cz\/hifi\/wp-json\/wp\/v2\/pages\/30097","targetHints":{"allow":["GET"]}}],"collection":[{"href":"https:\/\/www.altei.cz\/hifi\/wp-json\/wp\/v2\/pages"}],"about":[{"href":"https:\/\/www.altei.cz\/hifi\/wp-json\/wp\/v2\/types\/page"}],"author":[{"embeddable":true,"href":"https:\/\/www.altei.cz\/hifi\/wp-json\/wp\/v2\/users\/1"}],"replies":[{"embeddable":true,"href":"https:\/\/www.altei.cz\/hifi\/wp-json\/wp\/v2\/comments?post=30097"}],"version-history":[{"count":0,"href":"https:\/\/www.altei.cz\/hifi\/wp-json\/wp\/v2\/pages\/30097\/revisions"}],"wp:featuredmedia":[{"embeddable":true,"href":"https:\/\/www.altei.cz\/hifi\/wp-json\/"}],"wp:attachment":[{"href":"https:\/\/www.altei.cz\/hifi\/wp-json\/wp\/v2\/media?parent=30097"}],"curies":[{"name":"wp","href":"https:\/\/api.w.org\/{rel}","templated":true}]}}