{"id":30715,"date":"2019-05-16T12:48:50","date_gmt":"2019-05-16T10:48:50","guid":{"rendered":"https:\/\/www.altei.cz\/ta-hifi-audio-loudspeakers-pulsar-2\/"},"modified":"2022-05-31T12:02:55","modified_gmt":"2022-05-31T10:02:55","slug":"ta-hifi-audio-loudspeakers-b8","status":"publish","type":"page","link":"https:\/\/www.altei.cz\/hifi\/ta-hifi-audio-loudspeakers-b8\/","title":{"rendered":"T+A HIFI B 8"},"content":{"rendered":"<div class='clear'><\/div><div id='sub_menu1'  class='av-submenu-container av-jsetk8et-f06840c978cce7ef424bd786ebe9455f main_color  avia-builder-el-0  el_before_av_section  avia-builder-el-first  av-sticky-submenu container_wrap sidebar_right' style='z-index:301' ><div class='container av-menu-mobile-disabled av-submenu-pos-center'><ul id=\"menu-ta-submenu\" class=\"av-subnav-menu\" role=\"menu\"><li role=\"menuitem\" id=\"menu-item-37361\" class=\"menu-item menu-item-type-post_type menu-item-object-page menu-item-top-level menu-item-top-level-1\"><a href=\"https:\/\/www.altei.cz\/hifi\/ta-hifi\/\" itemprop=\"url\" tabindex=\"0\"><span class=\"avia-bullet\"><\/span><span class=\"avia-menu-text\">T+A<\/span><span class=\"avia-menu-fx\"><span class=\"avia-arrow-wrap\"><span class=\"avia-arrow\"><\/span><\/span><\/span><\/a><\/li>\n<li role=\"menuitem\" id=\"menu-item-37362\" class=\"menu-item menu-item-type-post_type menu-item-object-page menu-item-top-level menu-item-top-level-2\"><a href=\"https:\/\/www.altei.cz\/hifi\/ta-hifi-audio-systems\/\" itemprop=\"url\" tabindex=\"0\"><span class=\"avia-bullet\"><\/span><span class=\"avia-menu-text\">AUDIOSYST\u00c9MY<\/span><span class=\"avia-menu-fx\"><span class=\"avia-arrow-wrap\"><span class=\"avia-arrow\"><\/span><\/span><\/span><\/a><\/li>\n<li role=\"menuitem\" id=\"menu-item-37363\" class=\"menu-item menu-item-type-post_type menu-item-object-page menu-item-top-level menu-item-top-level-3\"><a href=\"https:\/\/www.altei.cz\/hifi\/ta-hifi-reprosoustavy\/\" itemprop=\"url\" tabindex=\"0\"><span class=\"avia-bullet\"><\/span><span class=\"avia-menu-text\">REPROSOUSTAVY<\/span><span class=\"avia-menu-fx\"><span class=\"avia-arrow-wrap\"><span class=\"avia-arrow\"><\/span><\/span><\/span><\/a><\/li>\n<li role=\"menuitem\" id=\"menu-item-37364\" class=\"menu-item menu-item-type-post_type menu-item-object-page menu-item-top-level menu-item-top-level-4\"><a href=\"https:\/\/www.altei.cz\/hifi\/solitaire-p-solitaire-p-se-ha-200\/\" itemprop=\"url\" tabindex=\"0\"><span class=\"avia-bullet\"><\/span><span class=\"avia-menu-text\">SLUCH\u00c1TKA<\/span><span class=\"avia-menu-fx\"><span class=\"avia-arrow-wrap\"><span class=\"avia-arrow\"><\/span><\/span><\/span><\/a><\/li>\n<li role=\"menuitem\" id=\"menu-item-37365\" class=\"menu-item menu-item-type-post_type menu-item-object-page menu-item-top-level menu-item-top-level-5\"><a href=\"https:\/\/www.altei.cz\/hifi\/ta-audio-accessories\/\" itemprop=\"url\" tabindex=\"0\"><span class=\"avia-bullet\"><\/span><span class=\"avia-menu-text\">P\u0158\u00cdSLU\u0160ENSTV\u00cd<\/span><span class=\"avia-menu-fx\"><span class=\"avia-arrow-wrap\"><span class=\"avia-arrow\"><\/span><\/span><\/span><\/a><\/li>\n<li role=\"menuitem\" id=\"menu-item-37366\" class=\"menu-item menu-item-type-custom menu-item-object-custom menu-item-top-level menu-item-top-level-6\"><a href=\"https:\/\/www.altei.cz\/ceny\/T+A.pdf\" itemprop=\"url\" tabindex=\"0\"><span class=\"avia-bullet\"><\/span><span class=\"avia-menu-text\">CEN\u00cdK<\/span><span class=\"avia-menu-fx\"><span class=\"avia-arrow-wrap\"><span class=\"avia-arrow\"><\/span><\/span><\/span><\/a><\/li>\n<li role=\"menuitem\" id=\"menu-item-37449\" class=\"menu-item menu-item-type-taxonomy menu-item-object-pwb-brand menu-item-top-level menu-item-top-level-7\"><a href=\"https:\/\/www.altei.cz\/hifi\/shop\/ta\/\" itemprop=\"url\" tabindex=\"0\"><span class=\"avia-bullet\"><\/span><span class=\"avia-menu-text\">T+A Shop<\/span><span class=\"avia-menu-fx\"><span class=\"avia-arrow-wrap\"><span class=\"avia-arrow\"><\/span><\/span><\/span><\/a><\/li>\n<\/ul><\/div><\/div><div class='sticky_placeholder'><\/div>\n<div id='av_section_1'  class='avia-section av-jsddbvlr-fb684ffd69b37184855dbdca712f6e7e main_color avia-section-default avia-no-border-styling  avia-builder-el-1  el_after_av_submenu  el_before_av_productgrid  avia-bg-style-fixed container_wrap sidebar_right'  ><div class='container av-section-cont-open' ><div class='template-page content  av-content-small alpha units'><div class='post-entry post-entry-type-page post-entry-30715'><div class='entry-content-wrapper clearfix'>\n\n<style type=\"text\/css\" data-created_by=\"avia_inline_auto\" id=\"style-css-av-p8crix3-d13996104f469eecb45ad9c1f38d6284\">\n.flex_column.av-p8crix3-d13996104f469eecb45ad9c1f38d6284{\nborder-radius:0px 0px 0px 0px;\npadding:0px 0px 0px 0px;\n}\n<\/style>\n<div  class='flex_column av-p8crix3-d13996104f469eecb45ad9c1f38d6284 av_one_half  avia-builder-el-2  el_before_av_one_half  avia-builder-el-first  first flex_column_div av-zero-column-padding  '     ><p>\n<style type=\"text\/css\" data-created_by=\"avia_inline_auto\" id=\"style-css-av-jsddjy6w-7a1f2734924ae48b6ef8f5cc1cf552a1\">\n.avia-image-container.av-jsddjy6w-7a1f2734924ae48b6ef8f5cc1cf552a1 img.avia_image{\nbox-shadow:none;\n}\n.avia-image-container.av-jsddjy6w-7a1f2734924ae48b6ef8f5cc1cf552a1 .av-image-caption-overlay-center{\ncolor:#ffffff;\n}\n<\/style>\n<div  class='avia-image-container av-jsddjy6w-7a1f2734924ae48b6ef8f5cc1cf552a1 av-styling- avia-align-left  avia-builder-el-3  el_before_av_hr  avia-builder-el-first '   itemprop=\"image\" itemscope=\"itemscope\" itemtype=\"https:\/\/schema.org\/ImageObject\" ><div class=\"avia-image-container-inner\"><div class=\"avia-image-overlay-wrap\"><img decoding=\"async\" fetchpriority=\"high\" class='wp-image- avia-img-lazy-loading-not- avia_image ' src=\"https:\/\/www.altei.cz\/wp-content\/uploads\/2019\/05\/TA_Logo_schwarz.png\" alt='' title=''   itemprop=\"thumbnailUrl\"  \/><\/div><\/div><\/div><br \/>\n\n<style type=\"text\/css\" data-created_by=\"avia_inline_auto\" id=\"style-css-av-jvry5pvn-bbb04d4923ccc406ceae09f3ea7faf84\">\n#top .hr.hr-invisible.av-jvry5pvn-bbb04d4923ccc406ceae09f3ea7faf84{\nheight:5px;\n}\n<\/style>\n<div  class='hr av-jvry5pvn-bbb04d4923ccc406ceae09f3ea7faf84 hr-invisible  avia-builder-el-4  el_after_av_image  el_before_av_heading '><span class='hr-inner '><span class=\"hr-inner-style\"><\/span><\/span><\/div><br \/>\n\n<style type=\"text\/css\" data-created_by=\"avia_inline_auto\" id=\"style-css-av-jvry68fm-637e1f0a79afe3a8d5d43c820f502c4a\">\n#top .av-special-heading.av-jvry68fm-637e1f0a79afe3a8d5d43c820f502c4a{\npadding-bottom:10px;\nfont-size:33px;\n}\nbody .av-special-heading.av-jvry68fm-637e1f0a79afe3a8d5d43c820f502c4a .av-special-heading-tag .heading-char{\nfont-size:25px;\n}\n#top #wrap_all .av-special-heading.av-jvry68fm-637e1f0a79afe3a8d5d43c820f502c4a .av-special-heading-tag{\nfont-size:33px;\n}\n.av-special-heading.av-jvry68fm-637e1f0a79afe3a8d5d43c820f502c4a .av-subheading{\nfont-size:15px;\n}\n\n@media only screen and (min-width: 480px) and (max-width: 767px){ \n#top #wrap_all .av-special-heading.av-jvry68fm-637e1f0a79afe3a8d5d43c820f502c4a .av-special-heading-tag{\nfont-size:0.8em;\n}\n}\n\n@media only screen and (max-width: 479px){ \n#top #wrap_all .av-special-heading.av-jvry68fm-637e1f0a79afe3a8d5d43c820f502c4a .av-special-heading-tag{\nfont-size:0.8em;\n}\n}\n<\/style>\n<div  class='av-special-heading av-jvry68fm-637e1f0a79afe3a8d5d43c820f502c4a av-special-heading-h3 blockquote modern-quote  avia-builder-el-5  el_after_av_hr  el_before_av_textblock  av-inherit-size'><h3 class='av-special-heading-tag '  itemprop=\"headline\"  >Reprosoustavy \u0159ady 8<\/h3><div class=\"special-heading-border\"><div class=\"special-heading-inner-border\"><\/div><\/div><\/div><br \/>\n<section  class='av_textblock_section av-pkds36v-37fcbad742a7e4342838bea3e629ee6d '   itemscope=\"itemscope\" itemtype=\"https:\/\/schema.org\/CreativeWork\" ><div class='avia_textblock'  itemprop=\"text\" ><p><span class=\"text-lg\"><span class=\"tlid-translation translation\"><span class=\"\" title=\"\">Audiofilsk\u00e9. Kompaktn\u00ed. Inovativn\u00ed. Perfektn\u00ed monitorovac\u00ed reproduktory pro komponenty high-endov\u00e9 \u0159ady 8. Sk\u0159\u00edn\u011b z masisvn\u00edho hlin\u00edku a nejmodern\u011bj\u0161\u00ed konstrukce sk\u0159\u00edn\u011b zaru\u010duj\u00ed vynikaj\u00edc\u00ed basy, stereo obraz a spl\u0148uj\u00ed nejn\u00e1ro\u010dn\u011bj\u0161\u00ed po\u017eadavky z hlediska dynamiky, jemn\u00e9ho detailu a p\u0159irozen\u00e9 kvality zvuku.<\/span><\/span><\/span><\/p>\n<\/div><\/section><\/p><\/div><div  class='flex_column av-qjdcqlj-cccf4a101336a9016f637746aaa32c0a av_one_half  avia-builder-el-7  el_after_av_one_half  avia-builder-el-last  flex_column_div  '     ><style type=\"text\/css\" data-created_by=\"avia_inline_auto\" id=\"style-css-av-jsddjy6w-a62f6a37f196130f467fd61ec5ec6242\">\n.avia-image-container.av-jsddjy6w-a62f6a37f196130f467fd61ec5ec6242 img.avia_image{\nbox-shadow:none;\n}\n.avia-image-container.av-jsddjy6w-a62f6a37f196130f467fd61ec5ec6242 .av-image-caption-overlay-center{\ncolor:#ffffff;\n}\n<\/style>\n<div  class='avia-image-container av-jsddjy6w-a62f6a37f196130f467fd61ec5ec6242 av-styling- avia-align-center  avia-builder-el-8  avia-builder-el-no-sibling '   itemprop=\"image\" itemscope=\"itemscope\" itemtype=\"https:\/\/schema.org\/ImageObject\" ><div class=\"avia-image-container-inner\"><div class=\"avia-image-overlay-wrap\"><img decoding=\"async\" fetchpriority=\"high\" class='wp-image- avia-img-lazy-loading-not- avia_image ' src=\"https:\/\/www.altei.cz\/wp-content\/uploads\/2019\/02\/cm_active_teaser_lautsprecher-1030x687.jpg\" alt='' title=''   itemprop=\"thumbnailUrl\"  \/><\/div><\/div><\/div><\/div>\n<\/div><\/div><\/div><!-- close content main div --><\/div><\/div><div id='after_section_1'  class='main_color av_default_container_wrap container_wrap sidebar_right'  ><div class='container av-section-cont-open' ><div class='template-page content  av-content-small alpha units'><div class='post-entry post-entry-type-page post-entry-30715'><div class='entry-content-wrapper clearfix'>\n<div  class='avia-product-slider-container av-jvry81d4-53d961570d3fac5c6c36ad71440e4fd5 template-shop avia-content-slider avia-content-grid-active shop_columns_3  avia-builder-el-9  el_after_av_section  el_before_av_one_full  avia-builder-el-first  avia-content-slider-odd  avia-builder-el-9  el_after_av_section  el_before_av_one_full  avia-builder-el-first  av-slideshow-ui av-slider-hover-pause av-slideshow-manual av-loop-once av-loop-manual-endless avia-product-slider1' data-slideshow-options=\"{&quot;animation&quot;:&quot;fade&quot;,&quot;autoplay&quot;:false,&quot;loop_autoplay&quot;:&quot;once&quot;,&quot;interval&quot;:5,&quot;loop_manual&quot;:&quot;manual-endless&quot;,&quot;autoplay_stopper&quot;:false,&quot;noNavigation&quot;:false,&quot;bg_slider&quot;:false,&quot;keep_padding&quot;:false,&quot;hoverpause&quot;:true,&quot;show_slide_delay&quot;:0}\"><div class=\"product-sorting avia-product-sorting\"><ul class=\"sort-param sort-param-order\"><li><span class='currently-selected'>Sort by <strong>V\u00fdchoz\u00ed<\/strong><\/span><ul><li class=\"current-param\"><a class='avia-product-sorting-link' data-href='?avia_extended_shop_select=yes&product_order=default' rel=\"nofollow\"><span class='avia-bullet'><\/span>V\u00fdchoz\u00ed<\/a><\/li><li><a class='avia-product-sorting-link' data-href='?product_sort=asc&avia_extended_shop_select=yes&product_order=menu_order' rel=\"nofollow\"><span class='avia-bullet'><\/span>Custom<\/a><\/li><li><a class='avia-product-sorting-link' data-href='?product_sort=asc&avia_extended_shop_select=yes&product_order=title' rel=\"nofollow\"><span class='avia-bullet'><\/span>Name<\/a><\/li><li><a class='avia-product-sorting-link' data-href='?product_sort=asc&avia_extended_shop_select=yes&product_order=price' rel=\"nofollow\"><span class='avia-bullet'><\/span>Price<\/a><\/li><li><a class='avia-product-sorting-link' data-href='?product_sort=asc&avia_extended_shop_select=yes&product_order=date' rel=\"nofollow\"><span class='avia-bullet'><\/span>Date<\/a><\/li><li><a class='avia-product-sorting-link' data-href='?avia_extended_shop_select=yes&product_order=popularity' rel=\"nofollow\"><span class='avia-bullet'><\/span>Popularity (sales)<\/a><\/li><li><a class='avia-product-sorting-link' data-href='?avia_extended_shop_select=yes&product_order=rating' rel=\"nofollow\"><span class='avia-bullet'><\/span>Average rating<\/a><\/li><li><a class='avia-product-sorting-link' data-href='?product_sort=asc&avia_extended_shop_select=yes&product_order=relevance' rel=\"nofollow\"><span class='avia-bullet'><\/span>Relevance<\/a><\/li><li><a class='avia-product-sorting-link' data-href='?avia_extended_shop_select=yes&product_order=rand' rel=\"nofollow\"><span class='avia-bullet'><\/span>Random<\/a><\/li><li><a class='avia-product-sorting-link' data-href='?product_sort=asc&avia_extended_shop_select=yes&product_order=id' rel=\"nofollow\"><span class='avia-bullet'><\/span>Product ID<\/a><\/li><\/ul><\/li><\/ul><ul class='sort-param sort-param-count'><li><span class='currently-selected'>Display <strong>3 Products per page <\/strong><\/span><ul><li class=\"current-param\"><a class='avia-product-sorting-link' data-href='?paged=1&avia_extended_shop_select=yes&product_order=default&product_count=3' rel=\"nofollow\">\t\t<span class='avia-bullet'><\/span>3 Products per page<\/a><\/li><li><a class='avia-product-sorting-link' data-href='?paged=1&avia_extended_shop_select=yes&product_order=default&product_count=6' rel=\"nofollow\">\t<span class='avia-bullet'><\/span>6 Products per page<\/a><\/li><li><a class='avia-product-sorting-link' data-href='?paged=1&avia_extended_shop_select=yes&product_order=default&product_count=9' rel=\"nofollow\">\t<span class='avia-bullet'><\/span>9 Products per page<\/a><\/li><\/ul><\/li><\/ul><\/div><div class='avia-content-slider-inner'><ul class=\"products\"><li class=\"product type-product post-37172 status-publish first instock product_cat-akce product_cat-b-stock product_cat-reprosoustavy product_cat-series8 product_cat-ta product_tag-hi-fi product_tag-high-end product_tag-regalova product_tag-reprosoustavy product_tag-ta-hifi has-post-thumbnail sale taxable shipping-taxable purchasable product-type-simple\">\n\t<div class='inner_product main_color wrapped_style noLightbox product_on_sale av-product-class-'><a href=\"https:\/\/www.altei.cz\/hifi\/produkt\/ta-b-8\/\" class=\"woocommerce-LoopProduct-link woocommerce-loop-product__link\"><div class=\"thumbnail_container\"><img decoding=\"async\" loading=\"lazy\" width=\"300\" height=\"300\" src=\"https:\/\/www.altei.cz\/hifi\/wp-content\/uploads\/2022\/02\/series-8-shop-300x300.jpg\" class=\"wp-image-37187 avia-img-lazy-loading-37187 attachment-woocommerce_thumbnail size-woocommerce_thumbnail wp-post-image\" alt=\"\" srcset=\"https:\/\/www.altei.cz\/hifi\/wp-content\/uploads\/2022\/02\/series-8-shop.jpg 300w, https:\/\/www.altei.cz\/hifi\/wp-content\/uploads\/2022\/02\/series-8-shop-100x100.jpg 100w, https:\/\/www.altei.cz\/hifi\/wp-content\/uploads\/2022\/02\/series-8-shop-80x80.jpg 80w, https:\/\/www.altei.cz\/hifi\/wp-content\/uploads\/2022\/02\/series-8-shop-36x36.jpg 36w, https:\/\/www.altei.cz\/hifi\/wp-content\/uploads\/2022\/02\/series-8-shop-180x180.jpg 180w\" sizes=\"auto, (max-width: 300px) 100vw, 300px\" \/><span class=\"cart-loading\"><\/span><\/div><div class='inner_product_header'><div class='avia-arrow'><\/div><div class='inner_product_header_table'><div class='inner_product_header_cell'><h2 class=\"woocommerce-loop-product__title\">T+A B 8<\/h2>\n\t<span class=\"price\"><span class=\"woocs_price_code\" data-currency=\"\" data-redraw-id=\"69ed52de1c4c7\"  data-product-id=\"37172\"><del aria-hidden=\"true\"><span class=\"woocommerce-Price-amount amount\"><bdi><span class=\"woocommerce-Price-currencySymbol\">&#75;&#269;<\/span>&nbsp;52 000<\/bdi><\/span><\/del> <span class=\"screen-reader-text\">P\u016fvodn\u00ed cena byla: &#075;&#269;&nbsp;52 000.<\/span><ins aria-hidden=\"true\"><span class=\"woocommerce-Price-amount amount\"><bdi><span class=\"woocommerce-Price-currencySymbol\">&#75;&#269;<\/span>&nbsp;27 800<\/bdi><\/span><\/ins><span class=\"screen-reader-text\">Aktu\u00e1ln\u00ed cena je: &#075;&#269;&nbsp;27 800.<\/span> <small class=\"woocommerce-price-suffix\">v\u010d. DPH<\/small><\/span><\/span>\n\n\t<span class=\"onsale\">Sleva!<\/span>\n\t<\/div><\/div><\/div><\/a><div class='avia_cart_buttons '><a href=\"\/hifi\/wp-json\/wp\/v2\/pages\/30715?add-to-cart=37172\" aria-describedby=\"woocommerce_loop_add_to_cart_link_describedby_37172\" data-quantity=\"1\" class=\"button product_type_simple add_to_cart_button ajax_add_to_cart\" data-product_id=\"37172\" data-product_sku=\"8550\" aria-label=\"P\u0159idat do ko\u0161\u00edku: &ldquo;T+A B 8&rdquo;\" rel=\"nofollow\" data-success_message=\"&ldquo;T+A B 8&rdquo; byl p\u0159id\u00e1n do ko\u0161\u00edku\"><span class=\"avia-svg-icon avia-font-svg_entypo-fontello\" data-av_svg_icon='basket' data-av_iconset='svg_entypo-fontello'><svg version=\"1.1\" xmlns=\"http:\/\/www.w3.org\/2000\/svg\" width=\"29\" height=\"32\" viewBox=\"0 0 29 32\" preserveAspectRatio=\"xMidYMid meet\" aria-labelledby='av-svg-title-1' aria-describedby='av-svg-desc-1' role=\"graphics-symbol\" aria-hidden=\"true\">\n<title id='av-svg-title-1'>Add to cart<\/title>\n<desc id='av-svg-desc-1'>Add to cart<\/desc>\n<path d=\"M4.8 27.2q0-1.28 0.96-2.24t2.24-0.96q1.344 0 2.272 0.96t0.928 2.24q0 1.344-0.928 2.272t-2.272 0.928q-1.28 0-2.24-0.928t-0.96-2.272zM20.8 27.2q0-1.28 0.96-2.24t2.24-0.96q1.344 0 2.272 0.96t0.928 2.24q0 1.344-0.928 2.272t-2.272 0.928q-1.28 0-2.24-0.928t-0.96-2.272zM10.496 19.648q-1.152 0.32-1.088 0.736t1.408 0.416h17.984v2.432q0 0.64-0.64 0.64h-20.928q-0.64 0-0.64-0.64v-2.432l-0.32-1.472-3.136-14.528h-3.136v-2.56q0-0.64 0.64-0.64h4.992q0.64 0 0.64 0.64v2.752h22.528v8.768q0 0.704-0.576 0.832z\"><\/path>\n<\/svg><\/span>  P\u0159idat do ko\u0161\u00edku<\/a>\t<span id=\"woocommerce_loop_add_to_cart_link_describedby_37172\" class=\"screen-reader-text\">\n\t\t\t<\/span>\n<a class=\"button show_details_button\" href=\"https:\/\/www.altei.cz\/hifi\/produkt\/ta-b-8\/\"><span class=\"avia-svg-icon avia-font-svg_entypo-fontello\" data-av_svg_icon='doc-text' data-av_iconset='svg_entypo-fontello'><svg version=\"1.1\" xmlns=\"http:\/\/www.w3.org\/2000\/svg\" width=\"22\" height=\"32\" viewBox=\"0 0 22 32\" preserveAspectRatio=\"xMidYMid meet\" aria-labelledby='av-svg-title-2' aria-describedby='av-svg-desc-2' role=\"graphics-symbol\" aria-hidden=\"true\">\n<title id='av-svg-title-2'>Show Details<\/title>\n<desc id='av-svg-desc-2'>Show Details<\/desc>\n<path d=\"M6.784 17.344v-2.88h8.96v2.88h-8.96zM19.2 1.6q1.344 0 2.272 0.928t0.928 2.272v22.4q0 1.28-0.928 2.24t-2.272 0.96h-16q-1.28 0-2.24-0.96t-0.96-2.24v-22.4q0-1.344 0.96-2.272t2.24-0.928h16zM19.2 27.2v-22.4h-16v22.4h16zM15.68 8.256v2.816h-8.96v-2.816h8.96zM15.68 20.8v2.816h-8.96v-2.816h8.96z\"><\/path>\n<\/svg><\/span>  Show Details<\/a> <span class=\"button-mini-delimiter\"><\/span><\/div><\/div><\/li>\n<\/ul><\/div><\/div><div class=\"clear\"><\/div>\n<div  class='flex_column av-av_one_full-516b7eac7a9c6cd1b746245801c7486c av_one_full  avia-builder-el-0  avia-builder-el-no-sibling  first flex_column_div  '     ><p>\n<style type=\"text\/css\" data-created_by=\"avia_inline_auto\" id=\"style-css-av-av_heading-9270d40b089302d7a3e54ccefedee7e9\">\n#top .av-special-heading.av-av_heading-9270d40b089302d7a3e54ccefedee7e9{\npadding-bottom:0;\n}\nbody .av-special-heading.av-av_heading-9270d40b089302d7a3e54ccefedee7e9 .av-special-heading-tag .heading-char{\nfont-size:25px;\n}\n.av-special-heading.av-av_heading-9270d40b089302d7a3e54ccefedee7e9 .av-subheading{\nfont-size:15px;\n}\n<\/style>\n<div  class='av-special-heading av-av_heading-9270d40b089302d7a3e54ccefedee7e9 av-special-heading-h3'><h3 class='av-special-heading-tag '  itemprop=\"headline\"  >Dal\u0161\u00ed zna\u010dky<\/h3><div class=\"special-heading-border\"><div class=\"special-heading-inner-border\"><\/div><\/div><\/div><br \/>\n<\/p><\/div>\n","protected":false},"excerpt":{"rendered":"<p>This is a Page excerpt. It will be displayed for search results<\/p>\n","protected":false},"author":1,"featured_media":0,"parent":0,"menu_order":0,"comment_status":"open","ping_status":"closed","template":"","meta":{"footnotes":""},"class_list":["post-30715","page","type-page","status-publish","hentry"],"aioseo_notices":[],"jetpack_sharing_enabled":true,"_links":{"self":[{"href":"https:\/\/www.altei.cz\/hifi\/wp-json\/wp\/v2\/pages\/30715","targetHints":{"allow":["GET"]}}],"collection":[{"href":"https:\/\/www.altei.cz\/hifi\/wp-json\/wp\/v2\/pages"}],"about":[{"href":"https:\/\/www.altei.cz\/hifi\/wp-json\/wp\/v2\/types\/page"}],"author":[{"embeddable":true,"href":"https:\/\/www.altei.cz\/hifi\/wp-json\/wp\/v2\/users\/1"}],"replies":[{"embeddable":true,"href":"https:\/\/www.altei.cz\/hifi\/wp-json\/wp\/v2\/comments?post=30715"}],"version-history":[{"count":0,"href":"https:\/\/www.altei.cz\/hifi\/wp-json\/wp\/v2\/pages\/30715\/revisions"}],"wp:attachment":[{"href":"https:\/\/www.altei.cz\/hifi\/wp-json\/wp\/v2\/media?parent=30715"}],"curies":[{"name":"wp","href":"https:\/\/api.w.org\/{rel}","templated":true}]}}