{"id":34469,"date":"2021-01-18T20:16:46","date_gmt":"2021-01-18T19:16:46","guid":{"rendered":"https:\/\/www.altei.cz\/apogee-shop\/sony-vpl-vw5000es-2\/"},"modified":"2021-01-18T20:16:46","modified_gmt":"2021-01-18T19:16:46","slug":"sony-vpl-gtz380","status":"publish","type":"page","link":"https:\/\/www.altei.cz\/hifi\/hifi-high-end-av\/sony-vpl-gtz380\/","title":{"rendered":"Sony VPL-GTZ380"},"content":{"rendered":"<div id='layer_slider_1'  class='avia-layerslider main_color avia-shadow  avia-builder-el-0  el_before_av_partner  avia-builder-el-first  container_wrap sidebar_right'  style='height: 471px;'  ><\/div><div id='after_layer_slider_1'  class='main_color av_default_container_wrap container_wrap sidebar_right'  ><div class='container av-section-cont-open' ><div class='template-page content  av-content-small alpha units'><div class='post-entry post-entry-type-page post-entry-34469'><div class='entry-content-wrapper clearfix'>\n<div  class='avia-logo-element-container av-ckw7qhb-db20844bac186d5842e472ab18343391 av-border-deactivate avia-logo-slider avia-content-slider avia-smallarrow-slider avia-content-slider-active noHover avia-content-slider-even  avia-builder-el-1  el_after_av_layerslider  el_before_av_heading  avia-builder-el-first  av-slideshow-ui av-control-hidden av-nav-arrows-visible av-nav-dots-visible av-no-slider-navigation av-hide-nav-arrows av-slideshow-manual av-loop-once av-loop-manual-endless avia-content-slider1' data-slideshow-options=\"{&quot;animation&quot;:&quot;slide&quot;,&quot;autoplay&quot;:false,&quot;loop_autoplay&quot;:&quot;once&quot;,&quot;interval&quot;:5,&quot;loop_manual&quot;:&quot;manual-endless&quot;,&quot;autoplay_stopper&quot;:false,&quot;noNavigation&quot;:true,&quot;bg_slider&quot;:false,&quot;keep_padding&quot;:&quot;&quot;,&quot;hoverpause&quot;:false,&quot;show_slide_delay&quot;:0}\"><div class='avia-smallarrow-slider-heading  no-logo-slider-heading '><\/div><div class=\"avia-content-slider-inner\"><div class=\"slide-entry-wrap\"><div  class='slide-entry av-1prsw79-646a419725bbab5cfb3bec1ec11f95e1 flex_column no_margin av_one_eighth real-thumbnail post-entry slide-entry-overview slide-loop-1 slide-parity-odd  first'><\/div><div  class='slide-entry av-9a0lxr-14d1df26a7ed47139aa5082bb9b795fe flex_column no_margin av_one_eighth real-thumbnail post-entry slide-entry-overview slide-loop-2 slide-parity-even  '><\/div><div  class='slide-entry av-3h9x4ud-f63f0bd7636afba7f930ef8c4a7dfad8 flex_column no_margin av_one_eighth real-thumbnail post-entry slide-entry-overview slide-loop-3 slide-parity-odd  '><\/div><div  class='slide-entry av-2xv2iyt-654941ae0ca36b3fd1f6581e172b243c flex_column no_margin av_one_eighth real-thumbnail post-entry slide-entry-overview slide-loop-4 slide-parity-even  '><\/div><div  class='slide-entry av-2q0x7dx-49eb656bc7bf2b18d0d61d5aae18a370 flex_column no_margin av_one_eighth real-thumbnail post-entry slide-entry-overview slide-loop-5 slide-parity-odd  '><\/div><div  class='slide-entry av-25xyjid-4db159320fc34aa4d5d54db38edf3d13 flex_column no_margin av_one_eighth real-thumbnail post-entry slide-entry-overview slide-loop-6 slide-parity-even  '><\/div><div  class='slide-entry av-1n9uap1-b05869e3c5d8dd572895d46b9886b927 flex_column no_margin av_one_eighth real-thumbnail post-entry slide-entry-overview slide-loop-7 slide-parity-odd  '><\/div><div  class='slide-entry av-10pc1fp-f6945e20728d59848a9d16b488308847 flex_column no_margin av_one_eighth real-thumbnail post-entry slide-entry-overview slide-loop-8 slide-parity-even post-entry-last '><\/div><\/div><\/div><\/div>\n\n<style type=\"text\/css\" data-created_by=\"avia_inline_auto\" id=\"style-css-av-1w2l1h-603d2fc1b6ff56bec2d4d9fafd6ea89a\">\n#top .av-special-heading.av-1w2l1h-603d2fc1b6ff56bec2d4d9fafd6ea89a{\npadding-bottom:10px;\n}\nbody .av-special-heading.av-1w2l1h-603d2fc1b6ff56bec2d4d9fafd6ea89a .av-special-heading-tag .heading-char{\nfont-size:25px;\n}\n.av-special-heading.av-1w2l1h-603d2fc1b6ff56bec2d4d9fafd6ea89a .av-subheading{\nfont-size:15px;\n}\n<\/style>\n<div  class='av-special-heading av-1w2l1h-603d2fc1b6ff56bec2d4d9fafd6ea89a av-special-heading-h3  avia-builder-el-2  el_after_av_partner  el_before_av_one_half '><h3 class='av-special-heading-tag '  itemprop=\"headline\"  >SONY VPL-GTZ380 &#8211; \u0160pi\u010dkov\u00fd True 4K projektor s laserov\u00fdm zdrojem sv\u011btla a HDR<\/h3><div class=\"special-heading-border\"><div class=\"special-heading-inner-border\"><\/div><\/div><\/div>\n<div  class='flex_column av-7xt13gv-d1568caa2fa7f6bda47336cf06cde4ae av_one_half  avia-builder-el-3  el_after_av_heading  el_before_av_one_half  first flex_column_div  '     ><section  class='av_textblock_section av-7ex42mn-3a85874da13f30f9afb43edf5e96157e '   itemscope=\"itemscope\" itemtype=\"https:\/\/schema.org\/CreativeWork\" ><div class='avia_textblock'  itemprop=\"text\" ><p>Projektor navr\u017een\u00fd pro skute\u010dn\u011b velk\u00e1 High-End dom\u00e1c\u00ed kina nejvy\u0161\u0161\u00ed t\u0159\u00eddy nab\u00edzej\u00edc\u00ed stejnou kvalitu a z\u00e1\u017eitek jako ve &#8222;velk\u00e9m kin\u011b&#8220;. Projektor s rozli\u0161en\u00edm True 4K a s technologi\u00ed TRILUMINOS\u2122, procesorem X1\u2122 Ultimate for projector, a barevn\u00fdm prostorem DCI P3, kter\u00fd vyu\u017e\u00edv\u00e1 laserov\u00fd zdroj sv\u011btla s \u017eivotnost\u00ed a\u017e 20.000 provozn\u00edch hodin. Sv\u011bteln\u00fd tok dosahuje neuv\u011b\u0159iteln\u00fdch 10.000 lm a dynamick\u00fd kontrast je prakticky \u221e : 1.<\/p>\n<p>Tento projektor nab\u00edz\u00ed p\u0159edev\u0161\u00edm pln\u00e9 4K rozli\u0161en\u00ed, tedy 4.096 \u00d7 2.160 obrazov\u00fdch bod\u016f, zn\u00e1m\u00e9 p\u0159edev\u0161\u00edm z oblasti velk\u00fdch digit\u00e1ln\u00edch kin p\u0159i vysok\u00e9m sv\u011bteln\u00e9m toku. V pln\u00e9m rozli\u0161en\u00ed umo\u017e\u0148uje jak projekci 2D tak i 3D s vyu\u017eit\u00edm aktivn\u00edch br\u00fdl\u00ed a RF 3D vys\u00edla\u010de jako voliteln\u00e9ho p\u0159\u00edslu\u0161enstv\u00ed. Je pln\u011b kompatibiln\u00ed s\u00a0\u2018Mastered in 4K\u2019 Blu-ray\u2122 disky.<\/p>\n<p>Projektor vyu\u017e\u00edv\u00e1 technologii SXRD s novou generac\u00ed zobrazova\u010de 4K, kter\u00fd excelentn\u011b zvl\u00e1d\u00e1 hlubok\u00e9 odst\u00edny \u010dern\u00e9. Jako zdroj se d\u00e1 pou\u017e\u00edt nejen HD video, ale i video s SD rozli\u0161en\u00edm, nebo\u0165 projektor je vybaven funkc\u00ed \u201cSuper Resolution 4K Upscaler\u201d, tedy p\u0159epo\u010dtem t\u011bchto form\u00e1t\u016f na rozli\u0161en\u00ed 4K, \u010d\u00edm\u017e dok\u00e1\u017ee dramaticky zv\u00fd\u0161it kvalitu dvojrozm\u011brn\u00e9ho i trojrozm\u011brn\u00e9ho obsahu.<\/p>\n<p>Projektor podporuje standard HDR (High Dynamic Range), kter\u00fd p\u0159edstavuje novou dimenzi v zachov\u00e1n\u00ed p\u016fvodn\u00edho dynamick\u00e9ho zobrazen\u00ed\u00a0sc\u00e9ny.<\/p>\n<p>Projektor se dod\u00e1v\u00e1 bez objektivu (voliteln\u00e9 p\u0159\u00edslu\u0161enstv\u00ed). Lze volit mezi objektivy VPLL-Z8014 (standard) a VPLL-Z8008 (Short throw).<\/p>\n<\/div><\/section><\/div>\n\n<style type=\"text\/css\" data-created_by=\"avia_inline_auto\" id=\"style-css-av-6z7zf7z-e3bea63a2271384177f6e591f6273bc9\">\n.flex_column.av-6z7zf7z-e3bea63a2271384177f6e591f6273bc9{\nborder-radius:0px 0px 0px 0px;\npadding:0px 0px 0px 0px;\n}\n<\/style>\n<div  class='flex_column av-6z7zf7z-e3bea63a2271384177f6e591f6273bc9 av_one_half  avia-builder-el-5  el_after_av_one_half  el_before_av_one_half  flex_column_div av-zero-column-padding  '     ><\/div>\n<div  class='flex_column av-60t4nnz-21722206d52126d6a9d72e1e6137f16f av_one_half  avia-builder-el-7  el_after_av_one_half  el_before_av_one_half  first flex_column_div  column-top-margin'     ><p>\n<style type=\"text\/css\" data-created_by=\"avia_inline_auto\" id=\"style-css-av-194k3tx-263a095a00e9562b9a7f4d2e3811da58\">\n#top .av-special-heading.av-194k3tx-263a095a00e9562b9a7f4d2e3811da58{\npadding-bottom:10px;\n}\nbody .av-special-heading.av-194k3tx-263a095a00e9562b9a7f4d2e3811da58 .av-special-heading-tag .heading-char{\nfont-size:25px;\n}\n.av-special-heading.av-194k3tx-263a095a00e9562b9a7f4d2e3811da58 .av-subheading{\nfont-size:15px;\n}\n<\/style>\n<div  class='av-special-heading av-194k3tx-263a095a00e9562b9a7f4d2e3811da58 av-special-heading-h3  avia-builder-el-8  el_before_av_textblock  avia-builder-el-first '><h3 class='av-special-heading-tag '  itemprop=\"headline\"  >Rozhran\u00ed<\/h3><div class=\"special-heading-border\"><div class=\"special-heading-inner-border\"><\/div><\/div><\/div><br \/>\n<section  class='av_textblock_section av-580n4mn-f8f69d1986af3ef7dada80c8d50f6ef2 '   itemscope=\"itemscope\" itemtype=\"https:\/\/schema.org\/CreativeWork\" ><div class='avia_textblock'  itemprop=\"text\" ><div>2x HDMI<\/div>\n<div>2x Display port<\/div>\n<div>1x RJ45 pro LAN<br \/>\n1x I\u010c vstup<br \/>\n2x sp\u00edn\u00e1n\u00ed (12V)<br \/>\n1x RS-232C<\/div>\n<div>1x Sync<\/div>\n<div>1x USB Typ A<\/div>\n<div><\/div>\n<div><\/div>\n<\/div><\/section><br \/>\n\n<style type=\"text\/css\" data-created_by=\"avia_inline_auto\" id=\"style-css-av-4wfvp67-cc94eb75572fc92d91d54721ed800c51\">\n.avia-image-container.av-4wfvp67-cc94eb75572fc92d91d54721ed800c51 img.avia_image{\nbox-shadow:none;\n}\n.avia-image-container.av-4wfvp67-cc94eb75572fc92d91d54721ed800c51 .av-image-caption-overlay-center{\ncolor:#ffffff;\n}\n<\/style>\n<div  class='avia-image-container av-4wfvp67-cc94eb75572fc92d91d54721ed800c51 av-styling- avia-align-center  avia-builder-el-10  el_after_av_textblock  avia-builder-el-last '   itemprop=\"image\" itemscope=\"itemscope\" itemtype=\"https:\/\/schema.org\/ImageObject\" ><div class=\"avia-image-container-inner\"><div class=\"avia-image-overlay-wrap\"><img decoding=\"async\" fetchpriority=\"high\" class='wp-image- avia-img-lazy-loading-not- avia_image ' src=\"http:\/\/www.altei.cz\/wp-content\/uploads\/2016\/03\/sony_vpl_vw5000es_inout.jpg\" alt='' title=''   itemprop=\"thumbnailUrl\"  \/><\/div><\/div><\/div><\/p><\/div>\n\n<style type=\"text\/css\" data-created_by=\"avia_inline_auto\" id=\"style-css-av-4jsu3in-affb67b26443e7f79ca5ca8672c3e458\">\n.flex_column.av-4jsu3in-affb67b26443e7f79ca5ca8672c3e458{\nborder-radius:0px 0px 0px 0px;\npadding:0px 0px 0px 0px;\n}\n<\/style>\n<div  class='flex_column av-4jsu3in-affb67b26443e7f79ca5ca8672c3e458 av_one_half  avia-builder-el-11  el_after_av_one_half  el_before_av_partner  flex_column_div av-zero-column-padding  column-top-margin'     ><p>\n<style type=\"text\/css\" data-created_by=\"avia_inline_auto\" id=\"style-css-av-nnvqxx-2d704bfe083a687df3e0df4588a9d684\">\n#top .av-special-heading.av-nnvqxx-2d704bfe083a687df3e0df4588a9d684{\npadding-bottom:10px;\n}\nbody .av-special-heading.av-nnvqxx-2d704bfe083a687df3e0df4588a9d684 .av-special-heading-tag .heading-char{\nfont-size:25px;\n}\n.av-special-heading.av-nnvqxx-2d704bfe083a687df3e0df4588a9d684 .av-subheading{\nfont-size:15px;\n}\n<\/style>\n<div  class='av-special-heading av-nnvqxx-2d704bfe083a687df3e0df4588a9d684 av-special-heading-h3  avia-builder-el-12  el_before_av_textblock  avia-builder-el-first '><h3 class='av-special-heading-tag '  itemprop=\"headline\"  >Parametry<\/h3><div class=\"special-heading-border\"><div class=\"special-heading-inner-border\"><\/div><\/div><\/div><br \/>\n<section  class='av_textblock_section av-3f7lxin-1a2f80e4b4c6dbd992954ad35d2efde8 '   itemscope=\"itemscope\" itemtype=\"https:\/\/schema.org\/CreativeWork\" ><div class='avia_textblock'  itemprop=\"text\" ><ul>\n<li>Unik\u00e1tn\u00ed technologie zobrazova\u010de SXRD (Silicon Crystal Reflective Display)<\/li>\n<li>Projek\u010dn\u00ed syst\u00e9m se t\u0159emi panely HFR (High Frame Rate) SXRD<\/li>\n<li>obrazov\u00fd procesor X1 Ultimate<\/li>\n<li>Zobrazov\u00e1n\u00ed a\u017e 60 sn\u00edmk\u016f \/ s<\/li>\n<li>Rozm\u011br zobrazova\u010de (\u00fahlop\u0159\u00ed\u010dka) 0,74\u201c<\/li>\n<li>Nativn\u00ed rozli\u0161en\u00ed v\u00edce ne\u017e 8 milon\u016f obrazov\u00fdch bod\u016f (\u0161\u00ed\u0159ka 4.096 x v\u00fd\u0161ka 2.160 bod\u016f)<\/li>\n<li>Laserov\u00fd sv\u011bteln\u00fd zdroj<\/li>\n<li>Dynamic Laser Control<\/li>\n<li>Object based Super Resolution<\/li>\n<li>Dynamick\u00fd kontrast \u00a0\u221e : 1<\/li>\n<li>Sv\u011bteln\u00fd tok 10.000 lm<\/li>\n<li>V\u00fdb\u011br ze dvou objektiv\u016f s motorick\u00fdm zoomem a ohniskem (voliteln\u00e9 p\u0159\u00edslu\u0161enstv\u00ed)<\/li>\n<li>Posun optick\u00e9 osy vertik\u00e1ln\u011b (80%) a horizont\u00e1ln\u011b (33%) (VPLL-Z8014)<\/li>\n<li>Posun optick\u00e9 osy vertik\u00e1ln\u011b (50%) a horizont\u00e1ln\u011b (19%) (VPLL-Z8008)<\/li>\n<li>Rozm\u011bry (\u0161 x v x h) 560 x 228 x 7650 mm<\/li>\n<li>Hmotnost 51 kg<\/li>\n<\/ul>\n<\/div><\/section><\/p><\/div>\n\n<style type=\"text\/css\" data-created_by=\"avia_inline_auto\" id=\"style-css-av-ahje9b-8d14294f60c7e880aebad86ea0a13916\">\n.avia-logo-element-container.av-ahje9b-8d14294f60c7e880aebad86ea0a13916 .av-partner-fake-img{\nbackground-size:cover;\n}\n<\/style>\n<div  class='avia-logo-element-container av-ahje9b-8d14294f60c7e880aebad86ea0a13916 avia-logo-slider avia-content-slider avia-smallarrow-slider avia-content-slider-active noHover avia-content-slider-odd  avia-builder-el-14  el_after_av_one_half  avia-builder-el-last  av-slideshow-ui av-control-default av-nav-arrows-visible av-nav-dots-visible av-no-slider-navigation av-slideshow-manual av-loop-once av-loop-manual-endless avia-content-slider2' data-slideshow-options=\"{&quot;animation&quot;:&quot;slide&quot;,&quot;autoplay&quot;:false,&quot;loop_autoplay&quot;:&quot;once&quot;,&quot;interval&quot;:5,&quot;loop_manual&quot;:&quot;manual-endless&quot;,&quot;autoplay_stopper&quot;:false,&quot;noNavigation&quot;:false,&quot;bg_slider&quot;:false,&quot;keep_padding&quot;:&quot;&quot;,&quot;hoverpause&quot;:false,&quot;show_slide_delay&quot;:0}\"><div class='avia-smallarrow-slider-heading '><div class='new-special-heading'><h3 class='av-logo-special-heading-text '>Dal\u0161\u00ed produkty SONY<\/h3><\/div><\/div><div class=\"avia-content-slider-inner\"><div class=\"slide-entry-wrap\"><div  class='slide-entry av-2mv4ynj-0afdeb47e0963daa469d9215a05ee1e2 flex_column no_margin av_one_fifth real-thumbnail post-entry slide-entry-overview slide-loop-1 slide-parity-odd  first'><\/div><div  class='slide-entry av-6u2vvz-bfe0014d71a36e59557f07ae05f5b049 flex_column no_margin av_one_fifth real-thumbnail post-entry slide-entry-overview slide-loop-2 slide-parity-even  '><\/div><div  class='slide-entry av-1tcknbj-bcca3c83eefd0f0fb46d66dad4928863 flex_column no_margin av_one_fifth real-thumbnail post-entry slide-entry-overview slide-loop-3 slide-parity-odd  '><\/div><div  class='slide-entry av-16ciz67-0a7f43859b565f2568723425d531ebb2 flex_column no_margin av_one_fifth real-thumbnail post-entry slide-entry-overview slide-loop-4 slide-parity-even  '><\/div><div  class='slide-entry av-u2rcb3-7cfa062b22ee69feadaf24cdeaa6e6ab flex_column no_margin av_one_fifth real-thumbnail post-entry slide-entry-overview slide-loop-5 slide-parity-odd post-entry-last '><\/div><\/div><\/div><\/div>\n","protected":false},"excerpt":{"rendered":"","protected":false},"author":1,"featured_media":0,"parent":2951,"menu_order":0,"comment_status":"open","ping_status":"open","template":"","meta":{"footnotes":""},"class_list":["post-34469","page","type-page","status-publish","hentry"],"aioseo_notices":[],"jetpack_sharing_enabled":true,"_links":{"self":[{"href":"https:\/\/www.altei.cz\/hifi\/wp-json\/wp\/v2\/pages\/34469","targetHints":{"allow":["GET"]}}],"collection":[{"href":"https:\/\/www.altei.cz\/hifi\/wp-json\/wp\/v2\/pages"}],"about":[{"href":"https:\/\/www.altei.cz\/hifi\/wp-json\/wp\/v2\/types\/page"}],"author":[{"embeddable":true,"href":"https:\/\/www.altei.cz\/hifi\/wp-json\/wp\/v2\/users\/1"}],"replies":[{"embeddable":true,"href":"https:\/\/www.altei.cz\/hifi\/wp-json\/wp\/v2\/comments?post=34469"}],"version-history":[{"count":0,"href":"https:\/\/www.altei.cz\/hifi\/wp-json\/wp\/v2\/pages\/34469\/revisions"}],"up":[{"embeddable":true,"href":"https:\/\/www.altei.cz\/hifi\/wp-json\/wp\/v2\/pages\/2951"}],"wp:attachment":[{"href":"https:\/\/www.altei.cz\/hifi\/wp-json\/wp\/v2\/media?parent=34469"}],"curies":[{"name":"wp","href":"https:\/\/api.w.org\/{rel}","templated":true}]}}