{"id":731,"date":"2013-04-01T15:37:39","date_gmt":"2013-04-01T15:37:39","guid":{"rendered":"http:\/\/www.kriesi.at\/themes\/enfold\/?page_id=731"},"modified":"2023-03-01T22:22:17","modified_gmt":"2023-03-01T21:22:17","slug":"aktuality-hifi","status":"publish","type":"page","link":"https:\/\/www.altei.cz\/hifi\/aktuality-hifi\/","title":{"rendered":"Aktuality Hifi"},"content":{"rendered":"\n<style type=\"text\/css\" data-created_by=\"avia_inline_auto\" id=\"style-css-av-kycu8buc-6aa22f65370bc8718ef52eea0ec9d8c9\">\n#top .hr.hr-invisible.av-kycu8buc-6aa22f65370bc8718ef52eea0ec9d8c9{\nheight:15px;\n}\n<\/style>\n<div  class='hr av-kycu8buc-6aa22f65370bc8718ef52eea0ec9d8c9 hr-invisible  avia-builder-el-0  el_before_av_heading  avia-builder-el-first '><span class='hr-inner '><span class=\"hr-inner-style\"><\/span><\/span><\/div>\n\n<style type=\"text\/css\" data-created_by=\"avia_inline_auto\" id=\"style-css-av-kycui107-ee07a67526903bd90b156bbcae10e346\">\n#top .av-special-heading.av-kycui107-ee07a67526903bd90b156bbcae10e346{\npadding-bottom:10px;\n}\nbody .av-special-heading.av-kycui107-ee07a67526903bd90b156bbcae10e346 .av-special-heading-tag .heading-char{\nfont-size:25px;\n}\n.av-special-heading.av-kycui107-ee07a67526903bd90b156bbcae10e346 .av-subheading{\nfont-size:15px;\n}\n<\/style>\n<div  class='av-special-heading av-kycui107-ee07a67526903bd90b156bbcae10e346 av-special-heading-h3  avia-builder-el-1  el_after_av_hr  el_before_av_magazine '><h3 class='av-special-heading-tag '  itemprop=\"headline\"  >Archiv novinek HIFI<\/h3><div class=\"special-heading-border\"><div class=\"special-heading-inner-border\"><\/div><\/div><\/div>\n<div  id=\"avia-magazine-1\"  class='av-magazine av-kycud78y-334014225dd0e4e0a1b38f90a41108c6  avia-builder-el-2  el_after_av_heading  avia-builder-el-last   avia-builder-el-2  el_after_av_heading  avia-builder-el-last ' ><div class='av-magazine-group sort_all'><article class='av-magazine-entry av-magazine-entry-id-43693 av-magazine-format-standard av-magazine-type-post av-magazine-entry-1 av-magazine-entry-small '  itemscope=\"itemscope\" itemtype=\"https:\/\/schema.org\/CreativeWork\" ><div class=\"av-magazine-thumbnail\"><a href='https:\/\/www.altei.cz\/hifi\/2025\/12\/04\/revox-b77mkiii\/' title='Link to: REVOX B77MKIII' class='av-magazine-thumbnail-link'><img decoding=\"async\" fetchpriority=\"high\" width=\"80\" height=\"80\" src=\"https:\/\/www.altei.cz\/hifi\/wp-content\/uploads\/2025\/12\/REVOX-B77MK3-news-80x80.jpg\" class=\"wp-image-43695 avia-img-lazy-loading-not-43695 attachment-thumbnail size-thumbnail wp-post-image\" alt=\"\" srcset=\"https:\/\/www.altei.cz\/hifi\/wp-content\/uploads\/2025\/12\/REVOX-B77MK3-news-80x80.jpg 80w, https:\/\/www.altei.cz\/hifi\/wp-content\/uploads\/2025\/12\/REVOX-B77MK3-news-36x36.jpg 36w, https:\/\/www.altei.cz\/hifi\/wp-content\/uploads\/2025\/12\/REVOX-B77MK3-news-180x180.jpg 180w, https:\/\/www.altei.cz\/hifi\/wp-content\/uploads\/2025\/12\/REVOX-B77MK3-news-120x120.jpg 120w, https:\/\/www.altei.cz\/hifi\/wp-content\/uploads\/2025\/12\/REVOX-B77MK3-news-100x100.jpg 100w\" sizes=\"(max-width: 80px) 100vw, 80px\" \/><\/a><\/div><div class=\"av-magazine-content-wrap\"><header class=\"entry-content-header\" aria-label=\"Post: REVOX B77MKIII\"><time class='av-magazine-time updated'  itemprop=\"datePublished\" datetime=\"2025-12-04T17:13:22+01:00\" >4. 12. 2025<\/time><h3 class='av-magazine-title entry-title '  itemprop=\"headline\" ><a href='https:\/\/www.altei.cz\/hifi\/2025\/12\/04\/revox-b77mkiii\/' title='Link to: REVOX B77MKIII'>REVOX B77MKIII<\/a><\/h3><\/header><\/div><footer class=\"entry-footer\"><\/footer><\/article><article class='av-magazine-entry av-magazine-entry-id-43527 av-magazine-format-standard av-magazine-type-post av-magazine-entry-2 av-magazine-entry-small '  itemscope=\"itemscope\" itemtype=\"https:\/\/schema.org\/CreativeWork\" ><div class=\"av-magazine-thumbnail\"><a href='https:\/\/www.altei.cz\/hifi\/2025\/09\/19\/hana-ubk-nova-japonska-prenoska\/' title='Link to: Hana UBK nov\u00e1 japonsk\u00e1 p\u0159enoska' class='av-magazine-thumbnail-link'><img decoding=\"async\" fetchpriority=\"high\" width=\"80\" height=\"80\" src=\"https:\/\/www.altei.cz\/hifi\/wp-content\/uploads\/2025\/09\/HANA-UBK-news-80x80.jpg\" class=\"wp-image-43530 avia-img-lazy-loading-not-43530 attachment-thumbnail size-thumbnail wp-post-image\" alt=\"\" srcset=\"https:\/\/www.altei.cz\/hifi\/wp-content\/uploads\/2025\/09\/HANA-UBK-news-80x80.jpg 80w, https:\/\/www.altei.cz\/hifi\/wp-content\/uploads\/2025\/09\/HANA-UBK-news-36x36.jpg 36w, https:\/\/www.altei.cz\/hifi\/wp-content\/uploads\/2025\/09\/HANA-UBK-news-180x180.jpg 180w, https:\/\/www.altei.cz\/hifi\/wp-content\/uploads\/2025\/09\/HANA-UBK-news-120x120.jpg 120w, https:\/\/www.altei.cz\/hifi\/wp-content\/uploads\/2025\/09\/HANA-UBK-news-100x100.jpg 100w\" sizes=\"(max-width: 80px) 100vw, 80px\" \/><\/a><\/div><div class=\"av-magazine-content-wrap\"><header class=\"entry-content-header\" aria-label=\"Post: Hana UBK nov\u00e1 japonsk\u00e1 p\u0159enoska\"><time class='av-magazine-time updated'  itemprop=\"datePublished\" datetime=\"2025-09-19T15:48:28+02:00\" >19. 9. 2025<\/time><h3 class='av-magazine-title entry-title '  itemprop=\"headline\" ><a href='https:\/\/www.altei.cz\/hifi\/2025\/09\/19\/hana-ubk-nova-japonska-prenoska\/' title='Link to: Hana UBK nov\u00e1 japonsk\u00e1 p\u0159enoska'>Hana UBK nov\u00e1 japonsk\u00e1 p\u0159enoska<\/a><\/h3><\/header><\/div><footer class=\"entry-footer\"><\/footer><\/article><article class='av-magazine-entry av-magazine-entry-id-43198 av-magazine-format-standard av-magazine-type-post av-magazine-entry-3 av-magazine-entry-small '  itemscope=\"itemscope\" itemtype=\"https:\/\/schema.org\/CreativeWork\" ><div class=\"av-magazine-thumbnail\"><a href='https:\/\/www.altei.cz\/hifi\/2025\/04\/01\/leica-no1\/' title='Link to: Leica NO1' class='av-magazine-thumbnail-link'><img decoding=\"async\" fetchpriority=\"high\" width=\"80\" height=\"80\" src=\"https:\/\/www.altei.cz\/hifi\/wp-content\/uploads\/2025\/04\/leica-news-80x80.jpg\" class=\"wp-image-43199 avia-img-lazy-loading-not-43199 attachment-thumbnail size-thumbnail wp-post-image\" alt=\"\" srcset=\"https:\/\/www.altei.cz\/hifi\/wp-content\/uploads\/2025\/04\/leica-news-80x80.jpg 80w, https:\/\/www.altei.cz\/hifi\/wp-content\/uploads\/2025\/04\/leica-news-36x36.jpg 36w, https:\/\/www.altei.cz\/hifi\/wp-content\/uploads\/2025\/04\/leica-news-180x180.jpg 180w, https:\/\/www.altei.cz\/hifi\/wp-content\/uploads\/2025\/04\/leica-news-120x120.jpg 120w, https:\/\/www.altei.cz\/hifi\/wp-content\/uploads\/2025\/04\/leica-news-100x100.jpg 100w\" sizes=\"(max-width: 80px) 100vw, 80px\" \/><\/a><\/div><div class=\"av-magazine-content-wrap\"><header class=\"entry-content-header\" aria-label=\"Post: Leica NO1\"><time class='av-magazine-time updated'  itemprop=\"datePublished\" datetime=\"2025-04-01T11:42:16+02:00\" >1. 4. 2025<\/time><h3 class='av-magazine-title entry-title '  itemprop=\"headline\" ><a href='https:\/\/www.altei.cz\/hifi\/2025\/04\/01\/leica-no1\/' title='Link to: Leica NO1'>Leica NO1<\/a><\/h3><\/header><\/div><footer class=\"entry-footer\"><\/footer><\/article><article class='av-magazine-entry av-magazine-entry-id-43128 av-magazine-format-standard av-magazine-type-post av-magazine-entry-4 av-magazine-entry-small '  itemscope=\"itemscope\" itemtype=\"https:\/\/schema.org\/CreativeWork\" ><div class=\"av-magazine-thumbnail\"><a href='https:\/\/www.altei.cz\/hifi\/2025\/03\/14\/pozvanka-audio-video-show\/' title='Link to: POZV\u00c1NKA' class='av-magazine-thumbnail-link'><img decoding=\"async\" fetchpriority=\"high\" width=\"80\" height=\"80\" src=\"https:\/\/www.altei.cz\/hifi\/wp-content\/uploads\/2025\/03\/avs-1-copy-80x80.jpg\" class=\"wp-image-43150 avia-img-lazy-loading-not-43150 attachment-thumbnail size-thumbnail wp-post-image\" alt=\"\" srcset=\"https:\/\/www.altei.cz\/hifi\/wp-content\/uploads\/2025\/03\/avs-1-copy-80x80.jpg 80w, https:\/\/www.altei.cz\/hifi\/wp-content\/uploads\/2025\/03\/avs-1-copy-36x36.jpg 36w, https:\/\/www.altei.cz\/hifi\/wp-content\/uploads\/2025\/03\/avs-1-copy-180x180.jpg 180w, https:\/\/www.altei.cz\/hifi\/wp-content\/uploads\/2025\/03\/avs-1-copy-120x120.jpg 120w, https:\/\/www.altei.cz\/hifi\/wp-content\/uploads\/2025\/03\/avs-1-copy-100x100.jpg 100w\" sizes=\"(max-width: 80px) 100vw, 80px\" \/><\/a><\/div><div class=\"av-magazine-content-wrap\"><header class=\"entry-content-header\" aria-label=\"Post: POZV\u00c1NKA\"><time class='av-magazine-time updated'  itemprop=\"datePublished\" datetime=\"2025-03-14T22:27:25+01:00\" >14. 3. 2025<\/time><h3 class='av-magazine-title entry-title '  itemprop=\"headline\" ><a href='https:\/\/www.altei.cz\/hifi\/2025\/03\/14\/pozvanka-audio-video-show\/' title='Link to: POZV\u00c1NKA'>POZV\u00c1NKA<\/a><\/h3><\/header><\/div><footer class=\"entry-footer\"><\/footer><\/article><article class='av-magazine-entry av-magazine-entry-id-42594 av-magazine-format-standard av-magazine-type-post av-magazine-entry-5 av-magazine-entry-small '  itemscope=\"itemscope\" itemtype=\"https:\/\/schema.org\/CreativeWork\" ><div class=\"av-magazine-thumbnail\"><a href='https:\/\/www.altei.cz\/hifi\/2024\/11\/10\/leica-cine-play-1\/' title='Link to: Leica Cine Play 1' class='av-magazine-thumbnail-link'><img decoding=\"async\" fetchpriority=\"high\" width=\"80\" height=\"80\" src=\"https:\/\/www.altei.cz\/hifi\/wp-content\/uploads\/2024\/11\/novinka-leica-cine-play-1-80x80.jpg\" class=\"wp-image-42596 avia-img-lazy-loading-not-42596 attachment-thumbnail size-thumbnail wp-post-image\" alt=\"\" srcset=\"https:\/\/www.altei.cz\/hifi\/wp-content\/uploads\/2024\/11\/novinka-leica-cine-play-1-80x80.jpg 80w, https:\/\/www.altei.cz\/hifi\/wp-content\/uploads\/2024\/11\/novinka-leica-cine-play-1-36x36.jpg 36w, https:\/\/www.altei.cz\/hifi\/wp-content\/uploads\/2024\/11\/novinka-leica-cine-play-1-180x180.jpg 180w, https:\/\/www.altei.cz\/hifi\/wp-content\/uploads\/2024\/11\/novinka-leica-cine-play-1-120x120.jpg 120w, https:\/\/www.altei.cz\/hifi\/wp-content\/uploads\/2024\/11\/novinka-leica-cine-play-1-100x100.jpg 100w\" sizes=\"(max-width: 80px) 100vw, 80px\" \/><\/a><\/div><div class=\"av-magazine-content-wrap\"><header class=\"entry-content-header\" aria-label=\"Post: Leica Cine Play 1\"><time class='av-magazine-time updated'  itemprop=\"datePublished\" datetime=\"2024-11-10T12:31:35+01:00\" >10. 11. 2024<\/time><h3 class='av-magazine-title entry-title '  itemprop=\"headline\" ><a href='https:\/\/www.altei.cz\/hifi\/2024\/11\/10\/leica-cine-play-1\/' title='Link to: Leica Cine Play 1'>Leica Cine Play 1<\/a><\/h3><\/header><\/div><footer class=\"entry-footer\"><\/footer><\/article><article class='av-magazine-entry av-magazine-entry-id-42271 av-magazine-format-standard av-magazine-type-post av-magazine-entry-6 av-magazine-entry-small '  itemscope=\"itemscope\" itemtype=\"https:\/\/schema.org\/CreativeWork\" ><div class=\"av-magazine-thumbnail\"><a href='https:\/\/www.altei.cz\/hifi\/2024\/08\/16\/ta-r-2500-r-eisa\/' title='Link to: T+A R 2500 R EISA v kategorii Pr\u00e9miov\u00fdch All-In-One \u0159e\u0161en\u00ed' class='av-magazine-thumbnail-link'><img decoding=\"async\" fetchpriority=\"high\" width=\"80\" height=\"80\" src=\"https:\/\/www.altei.cz\/hifi\/wp-content\/uploads\/2024\/08\/TA-R2500R-EISA-2024-2025-80x80.jpg\" class=\"wp-image-42273 avia-img-lazy-loading-not-42273 attachment-thumbnail size-thumbnail wp-post-image\" alt=\"\" srcset=\"https:\/\/www.altei.cz\/hifi\/wp-content\/uploads\/2024\/08\/TA-R2500R-EISA-2024-2025-80x80.jpg 80w, https:\/\/www.altei.cz\/hifi\/wp-content\/uploads\/2024\/08\/TA-R2500R-EISA-2024-2025-36x36.jpg 36w, https:\/\/www.altei.cz\/hifi\/wp-content\/uploads\/2024\/08\/TA-R2500R-EISA-2024-2025-180x180.jpg 180w, https:\/\/www.altei.cz\/hifi\/wp-content\/uploads\/2024\/08\/TA-R2500R-EISA-2024-2025-120x120.jpg 120w, https:\/\/www.altei.cz\/hifi\/wp-content\/uploads\/2024\/08\/TA-R2500R-EISA-2024-2025-450x450.jpg 450w, https:\/\/www.altei.cz\/hifi\/wp-content\/uploads\/2024\/08\/TA-R2500R-EISA-2024-2025-300x300.jpg 300w, https:\/\/www.altei.cz\/hifi\/wp-content\/uploads\/2024\/08\/TA-R2500R-EISA-2024-2025-100x100.jpg 100w\" sizes=\"(max-width: 80px) 100vw, 80px\" \/><\/a><\/div><div class=\"av-magazine-content-wrap\"><header class=\"entry-content-header\" aria-label=\"Post: T+A R 2500 R EISA v kategorii Pr\u00e9miov\u00fdch All-In-One \u0159e\u0161en\u00ed\"><time class='av-magazine-time updated'  itemprop=\"datePublished\" datetime=\"2024-08-16T13:16:28+02:00\" >16. 8. 2024<\/time><h3 class='av-magazine-title entry-title '  itemprop=\"headline\" ><a href='https:\/\/www.altei.cz\/hifi\/2024\/08\/16\/ta-r-2500-r-eisa\/' title='Link to: T+A R 2500 R EISA v kategorii Pr\u00e9miov\u00fdch All-In-One \u0159e\u0161en\u00ed'>T+A R 2500 R EISA v kategorii Pr\u00e9miov\u00fdch All-In-One \u0159e\u0161en\u00ed<\/a><\/h3><\/header><\/div><footer class=\"entry-footer\"><\/footer><\/article><\/div><\/div>\n","protected":false},"excerpt":{"rendered":"","protected":false},"author":1,"featured_media":0,"parent":0,"menu_order":0,"comment_status":"open","ping_status":"open","template":"","meta":{"footnotes":""},"class_list":["post-731","page","type-page","status-publish","hentry"],"aioseo_notices":[],"jetpack_sharing_enabled":true,"_links":{"self":[{"href":"https:\/\/www.altei.cz\/hifi\/wp-json\/wp\/v2\/pages\/731","targetHints":{"allow":["GET"]}}],"collection":[{"href":"https:\/\/www.altei.cz\/hifi\/wp-json\/wp\/v2\/pages"}],"about":[{"href":"https:\/\/www.altei.cz\/hifi\/wp-json\/wp\/v2\/types\/page"}],"author":[{"embeddable":true,"href":"https:\/\/www.altei.cz\/hifi\/wp-json\/wp\/v2\/users\/1"}],"replies":[{"embeddable":true,"href":"https:\/\/www.altei.cz\/hifi\/wp-json\/wp\/v2\/comments?post=731"}],"version-history":[{"count":0,"href":"https:\/\/www.altei.cz\/hifi\/wp-json\/wp\/v2\/pages\/731\/revisions"}],"wp:attachment":[{"href":"https:\/\/www.altei.cz\/hifi\/wp-json\/wp\/v2\/media?parent=731"}],"curies":[{"name":"wp","href":"https:\/\/api.w.org\/{rel}","templated":true}]}}