{"id":8301,"date":"2015-03-20T21:25:49","date_gmt":"2015-03-20T20:25:49","guid":{"rendered":"http:\/\/www.altei.cz\/pro-ject\/"},"modified":"2015-03-20T21:25:49","modified_gmt":"2015-03-20T20:25:49","slug":"by_category","status":"publish","type":"page","link":"https:\/\/www.altei.cz\/hifi\/by_category\/","title":{"rendered":"Kategorie"},"content":{"rendered":"<div  class='togglecontainer av-av_toggle_container-8e0c6e39d39b619a829887bd54fff3ed  avia-builder-el-0  el_before_av_submenu  avia-builder-el-no-sibling  toggle_close_all' >\n<section class='av_toggle_section av-av_toggle-8b9e1e69da59faa749d3cd30357f00cd'  itemscope=\"itemscope\" itemtype=\"https:\/\/schema.org\/CreativeWork\" ><div role=\"tablist\" class=\"single_toggle\" data-tags=\"{All} \"  ><p id='toggle-toggle-id-1' data-fake-id='#toggle-id-1' class='toggler  av-title-above '  itemprop=\"headline\"  role='tab' tabindex='0' aria-controls='toggle-id-1' data-slide-speed=\"200\" data-title=\"Sluch\u00e1tka Blue \" data-title-open=\"\" data-aria_collapsed=\"Click to expand: Sluch\u00e1tka Blue \" data-aria_expanded=\"Click to collapse: Sluch\u00e1tka Blue \">Sluch\u00e1tka Blue <span class=\"toggle_icon\"><span class=\"vert_icon\"><\/span><span class=\"hor_icon\"><\/span><\/span><\/p><div id='toggle-id-1' aria-labelledby='toggle-toggle-id-1' role='region' class='toggle_wrap  av-title-above'  ><div class='toggle_content invers-color '  itemprop=\"text\" ><p><a href=\"http:\/\/www.altei.cz\/wp-content\/uploads\/2015\/03\/blueshighendliderlayer1.png\"><img loading=\"lazy\" decoding=\"async\" class=\"alignleft size-full wp-image-8492\" src=\"http:\/\/www.altei.cz\/wp-content\/uploads\/2015\/03\/blueshighendliderlayer1.png\" alt=\"blueshighendliderlayer\" width=\"1600\" height=\"470\" \/><\/a>Spole\u010dnost Stax vyu\u017e\u00edv\u00e1 principu elektrostatick\u00e9ho m\u011bni\u010de. Pro aktivaci syst\u00e9mu je t\u0159eba pou\u017e\u00edt speci\u00e1ln\u00edho zesilovac\u00edho prvku, kter\u00fd dod\u00e1v\u00e1 vysok\u00e9 stejnosm\u011brn\u00e9 polariza\u010dn\u00ed nap\u011bt\u00ed na ultratenkou pokovenou membr\u00e1nu ulo\u017eenou mezi dv\u011bma paraleln\u011b um\u00edst\u011bn\u00fdmi elektrodami. Je-li pak na elektrody p\u0159iveden zvukov\u00fd sign\u00e1l membr\u00e1na sv\u00fdm pohybem v elektrostatick\u00e9m poli vytvo\u0159\u00ed vln\u011bn\u00ed, kter\u00e9 ucho a mozek vyhodnot\u00ed jako zvukovou informaci. P\u0159edev\u0161\u00edm d\u00edky technologii umo\u017e\u0148uj\u00edc\u00ed v\u00fdrobu speci\u00e1ln\u00edho materi\u00e1lu s unik\u00e1tn\u00ed strukturou dos\u00e1hl v\u00fdrobce zcela minim\u00e1ln\u00ed tlou\u0161\u0165ky membr\u00e1ny. Ta se nyn\u00ed pohybuje (ji\u017e u z\u00e1kladn\u00edho modelu SR-207 Basic) na nev\u00eddan\u00e9 hodnot\u011b 1,35 um. Ultratenk\u00e1 membr\u00e1na poskytuje je\u0161t\u011b lep\u0161\u00ed odezvu, z \u010deho\u017e pramen\u00ed jist\u011bj\u0161\u00ed kontrola bas\u016f p\u0159i zachov\u00e1n\u00ed nejjemn\u011bj\u0161\u00ed detail\u016f a naprosto minim\u00e1ln\u00edho zkreslen\u00ed.<\/p>\n<\/div><\/div><\/div><\/section>\n<section class='av_toggle_section av-av_toggle-bf87a7ab5ba90a35d970f20790062bd1'  itemscope=\"itemscope\" itemtype=\"https:\/\/schema.org\/CreativeWork\" ><div role=\"tablist\" class=\"single_toggle\" data-tags=\"{All} \"  ><p id='toggle-toggle-id-2' data-fake-id='#toggle-id-2' class='toggler  av-title-above '  itemprop=\"headline\"  role='tab' tabindex='0' aria-controls='toggle-id-2' data-slide-speed=\"200\" data-title=\"Sluch\u00e1tka SONY\" data-title-open=\"\" data-aria_collapsed=\"Click to expand: Sluch\u00e1tka SONY\" data-aria_expanded=\"Click to collapse: Sluch\u00e1tka SONY\">Sluch\u00e1tka SONY<span class=\"toggle_icon\"><span class=\"vert_icon\"><\/span><span class=\"hor_icon\"><\/span><\/span><\/p><div id='toggle-id-2' aria-labelledby='toggle-toggle-id-2' role='region' class='toggle_wrap  av-title-above'  ><div class='toggle_content invers-color '  itemprop=\"text\" ><p><a href=\"http:\/\/www.altei.cz\/wp-content\/uploads\/2015\/03\/blueshighendliderlayer1.png\"><img loading=\"lazy\" decoding=\"async\" class=\"alignleft size-full wp-image-8492\" src=\"http:\/\/www.altei.cz\/wp-content\/uploads\/2015\/03\/blueshighendliderlayer1.png\" alt=\"blueshighendliderlayer\" width=\"1600\" height=\"470\" \/><\/a>Toggle Content goes here<\/p>\n<\/div><\/div><\/div><\/section>\n<\/div>\n<\/div><\/div><\/div><!-- close content main div --><\/div><\/div><div class='clear'><\/div><div id='sub_menu1'  class='av-submenu-container av-av_submenu-d1d2ff346f7ac646cdbc687908263038 main_color  avia-builder-el-1  el_after_av_toggle_container  el_before_av_textblock  av-sticky-submenu submenu-not-first container_wrap sidebar_right' style='z-index:301' ><div class='container av-menu-mobile-disabled av-submenu-pos-center'><ul id=\"menu-altei-hifi-menu\" class=\"av-subnav-menu\" role=\"menu\"><li role=\"menuitem\" id=\"menu-item-36729\" class=\"menu-item menu-item-type-post_type menu-item-object-page menu-item-home menu-item-top-level menu-item-top-level-1\"><a href=\"https:\/\/www.altei.cz\/hifi\/\" itemprop=\"url\" tabindex=\"0\"><span class=\"avia-bullet\"><\/span><span class=\"avia-menu-text\">Home<\/span><span class=\"avia-menu-fx\"><span class=\"avia-arrow-wrap\"><span class=\"avia-arrow\"><\/span><\/span><\/span><\/a><\/li>\n<li role=\"menuitem\" id=\"menu-item-36731\" class=\"menu-item menu-item-type-post_type menu-item-object-page menu-item-top-level menu-item-top-level-2\"><a href=\"https:\/\/www.altei.cz\/hifi\/hifi-high-end-av\/\" itemprop=\"url\" tabindex=\"0\"><span class=\"avia-bullet\"><\/span><span class=\"avia-menu-text\">HIFI High End AV<\/span><span class=\"avia-menu-fx\"><span class=\"avia-arrow-wrap\"><span class=\"avia-arrow\"><\/span><\/span><\/span><\/a><\/li>\n<li role=\"menuitem\" id=\"menu-item-40072\" class=\"menu-item menu-item-type-custom menu-item-object-custom menu-item-top-level menu-item-top-level-3\"><a href=\"https:\/\/www.altei.cz\/pro-av\/\" itemprop=\"url\" tabindex=\"0\"><span class=\"avia-bullet\"><\/span><span class=\"avia-menu-text\">Pro AV technika<\/span><span class=\"avia-menu-fx\"><span class=\"avia-arrow-wrap\"><span class=\"avia-arrow\"><\/span><\/span><\/span><\/a><\/li>\n<li role=\"menuitem\" id=\"menu-item-36769\" class=\"menu-item menu-item-type-post_type menu-item-object-page menu-item-top-level menu-item-top-level-4\"><a href=\"https:\/\/www.altei.cz\/hifi\/shop\/\" itemprop=\"url\" tabindex=\"0\"><span class=\"avia-bullet\"><\/span><span class=\"avia-menu-text\">e-Shop<\/span><span class=\"avia-menu-fx\"><span class=\"avia-arrow-wrap\"><span class=\"avia-arrow\"><\/span><\/span><\/span><\/a><\/li>\n<li role=\"menuitem\" id=\"menu-item-36770\" class=\"menu-item menu-item-type-post_type menu-item-object-page menu-item-has-children menu-item-top-level menu-item-top-level-5\"><a href=\"https:\/\/www.altei.cz\/hifi\/rychla-navigace\/\" itemprop=\"url\" tabindex=\"0\"><span class=\"avia-bullet\"><\/span><span class=\"avia-menu-text\">Rychl\u00e1 navigace<\/span><span class=\"avia-menu-fx\"><span class=\"avia-arrow-wrap\"><span class=\"avia-arrow\"><\/span><\/span><\/span><\/a>\n\n\n<ul class=\"sub-menu\">\n\t<li role=\"menuitem\" id=\"menu-item-36771\" class=\"menu-item menu-item-type-post_type menu-item-object-page\"><a href=\"https:\/\/www.altei.cz\/hifi\/gdpr-2018\/\" itemprop=\"url\" tabindex=\"0\"><span class=\"avia-bullet\"><\/span><span class=\"avia-menu-text\">GDPR<\/span><\/a><\/li>\n\t<li role=\"menuitem\" id=\"menu-item-36772\" class=\"menu-item menu-item-type-post_type menu-item-object-page\"><a href=\"https:\/\/www.altei.cz\/hifi\/novinky\/\" itemprop=\"url\" tabindex=\"0\"><span class=\"avia-bullet\"><\/span><span class=\"avia-menu-text\">Novinky<\/span><\/a><\/li>\n\t<li role=\"menuitem\" id=\"menu-item-36773\" class=\"menu-item menu-item-type-post_type menu-item-object-page\"><a href=\"https:\/\/www.altei.cz\/hifi\/about-us\/\" itemprop=\"url\" tabindex=\"0\"><span class=\"avia-bullet\"><\/span><span class=\"avia-menu-text\">O n\u00e1s<\/span><\/a><\/li>\n\t<li role=\"menuitem\" id=\"menu-item-41262\" class=\"menu-item menu-item-type-post_type menu-item-object-page\"><a href=\"https:\/\/www.altei.cz\/hifi\/domaci-kino\/\" itemprop=\"url\" tabindex=\"0\"><span class=\"avia-bullet\"><\/span><span class=\"avia-menu-text\">Dom\u00e1c\u00ed kino<\/span><\/a><\/li>\n\t<li role=\"menuitem\" id=\"menu-item-36774\" class=\"menu-item menu-item-type-post_type menu-item-object-page\"><a href=\"https:\/\/www.altei.cz\/hifi\/kontakt-altei-hifi\/\" itemprop=\"url\" tabindex=\"0\"><span class=\"avia-bullet\"><\/span><span class=\"avia-menu-text\">Kontakt Altei HiFi<\/span><\/a><\/li>\n\t<li role=\"menuitem\" id=\"menu-item-36776\" class=\"menu-item menu-item-type-post_type menu-item-object-page\"><a href=\"https:\/\/www.altei.cz\/hifi\/zpetny-odber\/\" itemprop=\"url\" tabindex=\"0\"><span class=\"avia-bullet\"><\/span><span class=\"avia-menu-text\">Recyklace<\/span><\/a><\/li>\n\t<li role=\"menuitem\" id=\"menu-item-36778\" class=\"menu-item menu-item-type-post_type menu-item-object-page\"><a href=\"https:\/\/www.altei.cz\/hifi\/rebox\/\" itemprop=\"url\" tabindex=\"0\"><span class=\"avia-bullet\"><\/span><span class=\"avia-menu-text\">REBOX<\/span><\/a><\/li>\n\t<li role=\"menuitem\" id=\"menu-item-36779\" class=\"menu-item menu-item-type-post_type menu-item-object-page\"><a href=\"https:\/\/www.altei.cz\/hifi\/ceny-high-end-download\/\" itemprop=\"url\" tabindex=\"0\"><span class=\"avia-bullet\"><\/span><span class=\"avia-menu-text\">Ceny HiFi High End download<\/span><\/a><\/li>\n<\/ul>\n<\/li>\n<\/ul><\/div><\/div><div class='sticky_placeholder'><\/div><div id='after_submenu_1'  class='main_color av_default_container_wrap container_wrap sidebar_right'  ><div class='container av-section-cont-open' ><div class='template-page content  av-content-small alpha units'><div class='post-entry post-entry-type-page post-entry-8301'><div class='entry-content-wrapper clearfix'>\n<section  class='av_textblock_section av-av_textblock-0366cc7376be6c9e82a3e9cc8987b64f '   itemscope=\"itemscope\" itemtype=\"https:\/\/schema.org\/CreativeWork\" ><div class='avia_textblock'  itemprop=\"text\" ><p>Spole\u010dnost Stax vyu\u017e\u00edv\u00e1 principu elektrostatick\u00e9ho m\u011bni\u010de. Pro aktivaci syst\u00e9mu je t\u0159eba pou\u017e\u00edt speci\u00e1ln\u00edho zesilovac\u00edho prvku, kter\u00fd dod\u00e1v\u00e1 vysok\u00e9 stejnosm\u011brn\u00e9 polariza\u010dn\u00ed nap\u011bt\u00ed na ultratenkou pokovenou membr\u00e1nu ulo\u017eenou mezi dv\u011bma paraleln\u011b um\u00edst\u011bn\u00fdmi elektrodami. Je-li pak na elektrody p\u0159iveden zvukov\u00fd sign\u00e1l membr\u00e1na sv\u00fdm pohybem v elektrostatick\u00e9m poli vytvo\u0159\u00ed vln\u011bn\u00ed, kter\u00e9 ucho a mozek vyhodnot\u00ed jako zvukovou informaci. P\u0159edev\u0161\u00edm d\u00edky technologii umo\u017e\u0148uj\u00edc\u00ed v\u00fdrobu speci\u00e1ln\u00edho materi\u00e1lu s unik\u00e1tn\u00ed strukturou dos\u00e1hl v\u00fdrobce zcela minim\u00e1ln\u00ed tlou\u0161\u0165ky membr\u00e1ny. Ta se nyn\u00ed pohybuje (ji\u017e u z\u00e1kladn\u00edho modelu SR-207 Basic) na nev\u00eddan\u00e9 hodnot\u011b 1,35 um. Ultratenk\u00e1 membr\u00e1na poskytuje je\u0161t\u011b lep\u0161\u00ed odezvu, z \u010deho\u017e pramen\u00ed jist\u011bj\u0161\u00ed kontrola bas\u016f p\u0159i zachov\u00e1n\u00ed nejjemn\u011bj\u0161\u00ed detail\u016f a naprosto minim\u00e1ln\u00edho zkreslen\u00ed.<\/p>\n<\/div><\/section>\n","protected":false},"excerpt":{"rendered":"<p>This is a Page excerpt. It will be displayed for search results<\/p>\n","protected":false},"author":1,"featured_media":0,"parent":0,"menu_order":0,"comment_status":"open","ping_status":"open","template":"","meta":{"footnotes":""},"class_list":["post-8301","page","type-page","status-publish","hentry"],"aioseo_notices":[],"jetpack_sharing_enabled":true,"_links":{"self":[{"href":"https:\/\/www.altei.cz\/hifi\/wp-json\/wp\/v2\/pages\/8301","targetHints":{"allow":["GET"]}}],"collection":[{"href":"https:\/\/www.altei.cz\/hifi\/wp-json\/wp\/v2\/pages"}],"about":[{"href":"https:\/\/www.altei.cz\/hifi\/wp-json\/wp\/v2\/types\/page"}],"author":[{"embeddable":true,"href":"https:\/\/www.altei.cz\/hifi\/wp-json\/wp\/v2\/users\/1"}],"replies":[{"embeddable":true,"href":"https:\/\/www.altei.cz\/hifi\/wp-json\/wp\/v2\/comments?post=8301"}],"version-history":[{"count":0,"href":"https:\/\/www.altei.cz\/hifi\/wp-json\/wp\/v2\/pages\/8301\/revisions"}],"wp:attachment":[{"href":"https:\/\/www.altei.cz\/hifi\/wp-json\/wp\/v2\/media?parent=8301"}],"curies":[{"name":"wp","href":"https:\/\/api.w.org\/{rel}","templated":true}]}}