{"id":37110,"date":"2022-02-09T16:42:01","date_gmt":"2022-02-09T15:42:01","guid":{"rendered":"https:\/\/www.altei.cz\/hifi\/?post_type=product&#038;p=37110"},"modified":"2026-03-18T22:48:54","modified_gmt":"2026-03-18T21:48:54","slug":"ta-power-bar-25-hd-4653-43203","status":"publish","type":"product","link":"https:\/\/www.altei.cz\/hifi\/produkt\/ta-power-bar-25-hd-4653-43203\/","title":{"rendered":"T+A POWER BAR 2+5 HD  4653-43203"},"content":{"rendered":"\n<style type=\"text\/css\" data-created_by=\"avia_inline_auto\" id=\"style-css-av-ufomsc-3778971887161dfd76a604c62d6a7fd0\">\n.flex_column.av-ufomsc-3778971887161dfd76a604c62d6a7fd0{\nborder-radius:0px 0px 0px 0px;\npadding:0px 0px 0px 0px;\n}\n<\/style>\n<div  class='flex_column av-ufomsc-3778971887161dfd76a604c62d6a7fd0 av_one_full  avia-builder-el-0  avia-builder-el-no-sibling  first flex_column_div av-zero-column-padding  '     ><section  class='av_textblock_section av-jrqk2ajk-3801cb87af272ec5305a12b5981d3d06 '   itemscope=\"itemscope\" itemtype=\"https:\/\/schema.org\/CreativeWork\" ><div class='avia_textblock'  itemprop=\"text\" ><p>Ka\u017ed\u00fd, kdo opravdu tou\u017e\u00ed po dokonal\u00e9m \u0159e\u0161en\u00ed odru\u0161en\u00ed s\u00edt\u011b ve vysoce kvalitn\u00edm audiosyst\u00e9mu, by m\u011bl zv\u00e1\u017eit pou\u017eit\u00ed skute\u010dn\u011b \u00fa\u010dinn\u00e9ho distribu\u010dn\u00edho panelu jako je T+A PowerBar. PowerBar zaji\u0161\u0165uje filtraci a dal\u0161\u00ed ochrann\u00e1 opat\u0159en\u00ed nutn\u00e1 pro skute\u010dn\u00fd Hi-Fi syst\u00e9m a \u00fa\u010dinn\u011b zabra\u0148uje vz\u00e1jemn\u00e9mu ru\u0161en\u00ed jednotliv\u00fdch komponent\u016f syst\u00e9mu a zabra\u0148uje tomu, aby se interference p\u0159en\u00e1\u0161en\u00e9 ze ze s\u00ed\u0165ov\u00e9 soustavy z\u00e1suvky dostaly a\u017e do va\u0161eho syst\u00e9mu. K dispozici jsou samostatn\u00e9 z\u00e1suvky pro analogov\u00e1, digit\u00e1ln\u011b \u0159\u00edzen\u00e1 a pln\u011b digit\u00e1ln\u00ed za\u0159\u00edzen\u00ed. V\u0161echny distribu\u010dn\u00ed panely jsou vybaveny indik\u00e1torem polarity pro spr\u00e1vn\u00e9 p\u0159ipojen\u00ed jednotky k elektrick\u00e9 z\u00e1suvce. Integrovan\u00e1 ochrana proti p\u0159ep\u011bt\u00ed slou\u017e\u00ed k eliminaci nap\u011b\u0165ov\u00fdch \u0161pi\u010dek, kter\u00e9 by mohly ovlivnit p\u0159ipojen\u00e1 za\u0159\u00edzen\u00ed.<\/p>\n<ul>\n<li>S\u00ed\u0165ovy\u0301 distribu\u010dn\u00ed panel s filtrac\u00ed a ochranou<\/li>\n<li>Rhodiem pokoven\u00e9 kontakty<\/li>\n<li>Jmenovity\u0301 proud: 16 A<\/li>\n<li>Maxim\u00e1ln\u00ed zat\u00ed\u017een\u00ed: 3,5 kW<\/li>\n<li>P\u0159ep\u011b\u0165ov\u00e1 ochrana: 300 Veff<\/li>\n<li>10000A, 20\u03bcs<\/li>\n<li>LED indikace f\u00e1ze<\/li>\n<li>2 navz\u00e1jem odd\u011blen\u00e9 filtra\u010dn\u00ed v\u011btve<\/li>\n<li>2x z\u00e1suvka pro v\u00fdkonov\u00e9 zesilova\u010de<\/li>\n<li>5x z\u00e1suvka pro zdrojov\u00e9 komponenty<\/li>\n<li>Masivn\u00ed hlin\u00edkov\u00e1 konstrukce s nastaviteln\u00fdmi hroty<\/li>\n<li>S\u00ed\u0165ovy\u0301 p\u0159\u00edvodn\u00ed kabel Power Four 2 m<\/li>\n<li>Rozm\u011bry: 9 x 16 x 65 cm<\/li>\n<\/ul>\n<div class=\"tlid-result-transliteration-container result-transliteration-container transliteration-container\">\n<div class=\"tlid-transliteration-content transliteration-content full\"><\/div>\n<\/div>\n<\/div><\/section><\/div>\n","protected":false},"excerpt":{"rendered":"<h4 class=\"ls-l-1\">S\u00ed\u0165ov\u00fd filtr a ochrana<\/h4>\n","protected":false},"featured_media":37162,"comment_status":"closed","ping_status":"closed","template":"","meta":[],"pwb-brand":[152],"product_brand":[],"product_cat":[71,31],"product_tag":[72,73,74,38],"class_list":{"0":"post-37110","1":"product","2":"type-product","3":"status-publish","4":"has-post-thumbnail","6":"pwb-brand-ta","7":"product_cat-sitove-filtry-a-ochrany","8":"product_cat-ta","9":"product_tag-kabel","10":"product_tag-napajeci","11":"product_tag-sitovy-filtr","12":"product_tag-ta-hifi","14":"first","15":"onbackorder","16":"taxable","17":"shipping-taxable","18":"purchasable","19":"product-type-simple"},"aioseo_notices":[],"jetpack_sharing_enabled":true,"brands":[{"id":152,"name":"T+A","slug":"ta"}],"_links":{"self":[{"href":"https:\/\/www.altei.cz\/hifi\/wp-json\/wp\/v2\/product\/37110","targetHints":{"allow":["GET"]}}],"collection":[{"href":"https:\/\/www.altei.cz\/hifi\/wp-json\/wp\/v2\/product"}],"about":[{"href":"https:\/\/www.altei.cz\/hifi\/wp-json\/wp\/v2\/types\/product"}],"replies":[{"embeddable":true,"href":"https:\/\/www.altei.cz\/hifi\/wp-json\/wp\/v2\/comments?post=37110"}],"wp:featuredmedia":[{"embeddable":true,"href":"https:\/\/www.altei.cz\/hifi\/wp-json\/wp\/v2\/media\/37162"}],"wp:attachment":[{"href":"https:\/\/www.altei.cz\/hifi\/wp-json\/wp\/v2\/media?parent=37110"}],"wp:term":[{"taxonomy":"pwb-brand","embeddable":true,"href":"https:\/\/www.altei.cz\/hifi\/wp-json\/wp\/v2\/pwb-brand?post=37110"},{"taxonomy":"product_brand","embeddable":true,"href":"https:\/\/www.altei.cz\/hifi\/wp-json\/wp\/v2\/product_brand?post=37110"},{"taxonomy":"product_cat","embeddable":true,"href":"https:\/\/www.altei.cz\/hifi\/wp-json\/wp\/v2\/product_cat?post=37110"},{"taxonomy":"product_tag","embeddable":true,"href":"https:\/\/www.altei.cz\/hifi\/wp-json\/wp\/v2\/product_tag?post=37110"}],"curies":[{"name":"wp","href":"https:\/\/api.w.org\/{rel}","templated":true}]}}