{"id":37135,"date":"2022-02-09T16:42:04","date_gmt":"2022-02-09T15:42:04","guid":{"rendered":"https:\/\/www.altei.cz\/hifi\/?post_type=product&#038;p=37135"},"modified":"2025-12-03T19:17:34","modified_gmt":"2025-12-03T18:17:34","slug":"ta-pa-2000-r","status":"publish","type":"product","link":"https:\/\/www.altei.cz\/hifi\/produkt\/ta-pa-2000-r\/","title":{"rendered":"T+A PA 2000 R"},"content":{"rendered":"\n<style type=\"text\/css\" data-created_by=\"avia_inline_auto\" id=\"style-css-av-ufomsc-3778971887161dfd76a604c62d6a7fd0\">\n.flex_column.av-ufomsc-3778971887161dfd76a604c62d6a7fd0{\nborder-radius:0px 0px 0px 0px;\npadding:0px 0px 0px 0px;\n}\n<\/style>\n<div  class='flex_column av-ufomsc-3778971887161dfd76a604c62d6a7fd0 av_one_full  avia-builder-el-0  avia-builder-el-no-sibling  first flex_column_div av-zero-column-padding  '     ><section  class='av_textblock_section av-jrqk2ajk-3801cb87af272ec5305a12b5981d3d06 '   itemscope=\"itemscope\" itemtype=\"https:\/\/schema.org\/CreativeWork\" ><div class='avia_textblock'  itemprop=\"text\" ><p>Integrovan\u00fd zesilova\u010d. B\u011bhem po\u010d\u00e1te\u010dn\u00ed f\u00e1ze v\u00fdvoje se v T+A op\u00edrali o koncepty, obvody a technologie, kter\u00e9 byly vyvinuty pro exkluzivn\u00ed \u0159adu HV (high voltage). P\u0159esto\u017ee jsou jednotky \u0159ady R podstatn\u011b men\u0161\u00ed, poda\u0159ilo se dos\u00e1hnout velmi vysok\u00fdch v\u00fdstupn\u00edch v\u00fdkon\u016f. Zesilovac\u00ed stupn\u011b jsou diskr\u00e9tn\u00ed konstrukce a jsou zalo\u017eeny na principu HV, co\u017e je \u0159e\u0161en\u00ed velmi line\u00e1rn\u00ed, s velmi \u0161irok\u00fdm kmito\u010dtov\u00fdm rozsahem a vynikaj\u00edc\u00ed p\u0159echodovou odezvou. K dosa\u017een\u00ed vysok\u00e9ho v\u00fdstupn\u00edho v\u00fdkonu bylo nutno vyvinout s\u00ed\u0165ov\u00fd nap\u00e1jec\u00ed zdroj s velmi vysokou \u00fa\u010dinnost\u00ed stabiln\u00ed i p\u0159i \u0161pi\u010dkov\u00e9m zat\u00ed\u017een\u00ed. Proto je reprodukce bas\u016f neuv\u011b\u0159iteln\u011b p\u0159esn\u00e1 a t\u00e9m\u011b\u0159 nez\u00e1visl\u00e1 na pou\u017eit\u00fdch reproduktorech.<\/p>\n<p>Jmenovit\u00fd v\u00fdstupn\u00ed v\u00fdkon 2 x 200 W \/ 4 Ohmy, 2 x 100 W \/ 8 Ohm\u016f | Kmito\u010dtov\u00fd rozsah 1 Hz a\u017e 150 kHz (+0\/-3 dB) | Celkov\u00e9 harmonick\u00e9 zkreslen\u00ed: &lt; 0,004% I Vstupy: 3 x symetrick\u00fd XLR, 3 x linka (RCA) | V\u00fdstupy: PRE Out, HQ sluch\u00e1tkov\u00fd | Hmotnost: 10,5 kg | Rozm\u011bry (V x \u0160 x H): 8,2 x 46 x 40 cm | I\u010c d\u00e1lkov\u00fd ovlada\u010d FM2000. Mo\u017enosti roz\u0161\u00ed\u0159en\u00ed: PHE MM nebo MC phono modul. Standardn\u011b se dod\u00e1v\u00e1 v barv\u00e1ch st\u0159\u00edbrn\u00e9 a \u010dern\u00e9.<\/p>\n<p><strong>Zesilova\u010d:<\/strong><br \/>\nV\u00fdstupn\u00ed v\u00fdkon:<\/p>\n<p>2x 300 W \/ 2 Ohmy<\/p>\n<p>2x 200 W \/ 4 Ohmy<\/p>\n<p>2x 100 W \/ 8 Ohm\u016f<\/p>\n<p>Kmito\u010dtov\u00fd rozsah: 1 Hz a\u017e 150 kHz (+0\/-3 dB)<\/p>\n<p>Celkov\u00e9 harmonick\u00e9 zkreslen\u00ed: &lt; 0,02%<\/p>\n<p><strong>V\u00fdstupy:<\/strong><\/p>\n<p>1x RCA nesymetrick\u00fd (PRE Out)<\/p>\n<p>Sluch\u00e1tkov\u00fd v\u00fdstup 50 Ohm<\/p>\n<p><strong>Vstupy:<\/strong><\/p>\n<p>3x nesymetrick\u00e9 RCA<\/p>\n<p>3x symetrick\u00e9 XLR<\/p>\n<p><strong>V\u00fdstupy pro repro:<\/strong><br \/>\n2x p\u00e1r svorek<\/p>\n<p><strong>Obecn\u00e9:<\/strong><\/p>\n<p>D\u00e1lkov\u00e9 ovl\u00e1d\u00e1n\u00ed FM2000 nebo p\u0159es MP2000R<\/p>\n<p>Hmotnost: 10,5 kg<\/p>\n<p>Rozm\u011bry (V x \u0160 x H): 8,2 x 46 x 40 cm<\/p>\n<\/div><\/section><\/div>\n","protected":false},"excerpt":{"rendered":"<h4 class=\"ls-l-1\">Integrovan\u00fd zesilova\u010d<\/h4>\n","protected":false},"featured_media":37219,"comment_status":"closed","ping_status":"closed","template":"","meta":[],"pwb-brand":[152],"product_brand":[],"product_cat":[40,63,31,133],"product_tag":[68,64,38],"class_list":{"0":"post-37135","1":"product","2":"type-product","3":"status-publish","4":"has-post-thumbnail","6":"pwb-brand-ta","7":"product_cat-audio-prevodniky","8":"product_cat-integrovane-zesilovace","9":"product_cat-ta","10":"product_cat-zesilovace-high-end-audio","11":"product_tag-hv-technologie","12":"product_tag-integrovany-zesilovac","13":"product_tag-ta-hifi","15":"first","16":"instock","17":"sale","18":"taxable","19":"shipping-taxable","20":"purchasable","21":"product-type-simple"},"aioseo_notices":[],"jetpack_sharing_enabled":true,"brands":[{"id":152,"name":"T+A","slug":"ta"}],"_links":{"self":[{"href":"https:\/\/www.altei.cz\/hifi\/wp-json\/wp\/v2\/product\/37135","targetHints":{"allow":["GET"]}}],"collection":[{"href":"https:\/\/www.altei.cz\/hifi\/wp-json\/wp\/v2\/product"}],"about":[{"href":"https:\/\/www.altei.cz\/hifi\/wp-json\/wp\/v2\/types\/product"}],"replies":[{"embeddable":true,"href":"https:\/\/www.altei.cz\/hifi\/wp-json\/wp\/v2\/comments?post=37135"}],"wp:featuredmedia":[{"embeddable":true,"href":"https:\/\/www.altei.cz\/hifi\/wp-json\/wp\/v2\/media\/37219"}],"wp:attachment":[{"href":"https:\/\/www.altei.cz\/hifi\/wp-json\/wp\/v2\/media?parent=37135"}],"wp:term":[{"taxonomy":"pwb-brand","embeddable":true,"href":"https:\/\/www.altei.cz\/hifi\/wp-json\/wp\/v2\/pwb-brand?post=37135"},{"taxonomy":"product_brand","embeddable":true,"href":"https:\/\/www.altei.cz\/hifi\/wp-json\/wp\/v2\/product_brand?post=37135"},{"taxonomy":"product_cat","embeddable":true,"href":"https:\/\/www.altei.cz\/hifi\/wp-json\/wp\/v2\/product_cat?post=37135"},{"taxonomy":"product_tag","embeddable":true,"href":"https:\/\/www.altei.cz\/hifi\/wp-json\/wp\/v2\/product_tag?post=37135"}],"curies":[{"name":"wp","href":"https:\/\/api.w.org\/{rel}","templated":true}]}}