{"id":37631,"date":"2022-02-17T22:37:22","date_gmt":"2022-02-17T21:37:22","guid":{"rendered":"https:\/\/www.altei.cz\/hifi\/?post_type=product&#038;p=37631"},"modified":"2026-03-16T06:56:17","modified_gmt":"2026-03-16T05:56:17","slug":"hana-eh","status":"publish","type":"product","link":"https:\/\/www.altei.cz\/hifi\/produkt\/hana-eh\/","title":{"rendered":"HANA EH"},"content":{"rendered":"<p>Hana EH je elektrodynamick\u00e1 p\u0159enoska MC s vysokou v\u00fdstupn\u00ed \u00farovn\u00ed, s eliptick\u00fdm hrotem ze syntetick\u00e9ho diamantu a 1\/2&#8243; uchycen\u00edm. Chv\u011bjka z tvrzen\u00e9ho aluminia, v\u00fdstupn\u00ed \u00farove\u0148 2mV, kmito\u010dtov\u00fd rozsah 15Hz a\u017e 25kHz, impedance 130\u03a9, hmotnost 5g. Barva mechov\u00e1 zele\u0148.<\/p>\n<p>&nbsp;<\/p>\n<p>P\u0159enoska <a title=\"HANA\" href=\"https:\/\/www.altei.cz\/hifi\/hana\/\">Hana<\/a> EH je vybavena syntetick\u00fdm diamantov\u00fdm hrotem, kter\u00fd je p\u0159ipevn\u011bn k hlin\u00edkov\u00e9 chv\u011bjce s vysokou tuhost\u00ed a k\u0159\u00ed\u017eov\u00fdm tvarem kotvy a nab\u00edz\u00ed mimo\u0159\u00e1dnou transparentnost a vynikaj\u00edc\u00ed sledovatelnost. T\u011blo p\u0159enosky je vyrobeno z kompozitn\u00edho n\u00edzkorezonan\u010dn\u00edho plastov\u00e9ho materi\u00e1lu v tmav\u011b zelen\u00e9 barv\u011b.<\/p>\n<p>Tato cenov\u011b konkurenceschopn\u00e1 vysoce v\u00fdkonn\u00e1 p\u0159enoska s pohyblivou c\u00edvkou (Moving Coil) nab\u00edz\u00ed skv\u011blou kvalitu zvuku srovnatelnou s p\u0159enoskami podobn\u00e9 ceny. EH (Elliptical High output) nab\u00edz\u00ed v\u00fdstup 2,0 mv\/1KHz.<\/p>\n<p><a href=\"https:\/\/www.hifi-voice.com\/testy-a-recenze\/gramofony-a-analog\/3119-hana-eh\">HIFI Voice doporu\u010duje<\/a><\/p>\n<p>&nbsp;<\/p>\n<div  class='avia-button-wrap av-l42vxc-b29bdb87ed910ebe96744896e8a228af-wrap avia-button-center  avia-builder-el-0  avia-builder-el-no-sibling '><a href='https:\/\/www.altei.cz\/hifi\/hana\/'  class='avia-button av-l42vxc-b29bdb87ed910ebe96744896e8a228af av-link-btn avia-icon_select-no avia-size-small avia-position-center avia-color-theme-color'   aria-label=\"V\u00edce\"><span class='avia_iconbox_title' >V\u00edce<\/span><\/a><\/div>\n","protected":false},"excerpt":{"rendered":"<h4>Elektrodynamick\u00e1 p\u0159enoska MC s vysokou v\u00fdstupn\u00ed \u00farovn\u00ed<\/h4>\n","protected":false},"featured_media":37729,"comment_status":"closed","ping_status":"closed","template":"","meta":[],"pwb-brand":[155],"product_brand":[],"product_cat":[369,157],"product_tag":[103,159],"class_list":{"0":"post-37631","1":"product","2":"type-product","3":"status-publish","4":"has-post-thumbnail","6":"pwb-brand-hana","7":"product_cat-akce","8":"product_cat-gramofonove-prenosky","9":"product_tag-gramofon","10":"product_tag-prenoska","12":"first","13":"instock","14":"sale","15":"featured","16":"taxable","17":"shipping-taxable","18":"purchasable","19":"product-type-simple"},"aioseo_notices":[],"jetpack_sharing_enabled":true,"brands":[{"id":155,"name":"HANA","slug":"hana"}],"_links":{"self":[{"href":"https:\/\/www.altei.cz\/hifi\/wp-json\/wp\/v2\/product\/37631","targetHints":{"allow":["GET"]}}],"collection":[{"href":"https:\/\/www.altei.cz\/hifi\/wp-json\/wp\/v2\/product"}],"about":[{"href":"https:\/\/www.altei.cz\/hifi\/wp-json\/wp\/v2\/types\/product"}],"replies":[{"embeddable":true,"href":"https:\/\/www.altei.cz\/hifi\/wp-json\/wp\/v2\/comments?post=37631"}],"wp:featuredmedia":[{"embeddable":true,"href":"https:\/\/www.altei.cz\/hifi\/wp-json\/wp\/v2\/media\/37729"}],"wp:attachment":[{"href":"https:\/\/www.altei.cz\/hifi\/wp-json\/wp\/v2\/media?parent=37631"}],"wp:term":[{"taxonomy":"pwb-brand","embeddable":true,"href":"https:\/\/www.altei.cz\/hifi\/wp-json\/wp\/v2\/pwb-brand?post=37631"},{"taxonomy":"product_brand","embeddable":true,"href":"https:\/\/www.altei.cz\/hifi\/wp-json\/wp\/v2\/product_brand?post=37631"},{"taxonomy":"product_cat","embeddable":true,"href":"https:\/\/www.altei.cz\/hifi\/wp-json\/wp\/v2\/product_cat?post=37631"},{"taxonomy":"product_tag","embeddable":true,"href":"https:\/\/www.altei.cz\/hifi\/wp-json\/wp\/v2\/product_tag?post=37631"}],"curies":[{"name":"wp","href":"https:\/\/api.w.org\/{rel}","templated":true}]}}