{"id":37797,"date":"2022-02-17T22:39:36","date_gmt":"2022-02-17T21:39:36","guid":{"rendered":"https:\/\/www.altei.cz\/hifi\/?post_type=product&#038;p=37797"},"modified":"2023-11-20T22:43:03","modified_gmt":"2023-11-20T21:43:03","slug":"reference-recordings-rr-905cd","status":"publish","type":"product","link":"https:\/\/www.altei.cz\/hifi\/produkt\/reference-recordings-rr-905cd\/","title":{"rendered":"Reference Recordings RR-905CD"},"content":{"rendered":"<p>HDCD\u00a0Sampler Volume 2<\/p>\n<p>Classical<br \/>\n1. Chadwick: &#8222;No\u00ebl&#8220; from Symphonic Sketches<br \/>\nJos\u00e9 Serebrier \/ Czech State Philharmonic<\/p>\n<p>2. Wills: &#8222;The Vikings&#8220;<br \/>\nFrederick Fennell \/ Dallas Wind Symphony, Paul Riedo, organ<\/p>\n<p>3. Chesnokov: Spas\u00e9\u00f1iye sod\u00e9lal<br \/>\nTimothy Seelig \/ Turtle Creek Chorale<\/p>\n<p>4. Hamlisch\/Morita: A Chorus Line<br \/>\nFrederick Fennell \/ Dallas Wind Symphony<\/p>\n<p>5. Rutter: &#8222;Lux Aeterna&#8220; from Requiem<br \/>\nTimothy Seelig \/ Turtle Creek Chorale \/ Dallas Women&#8217;s Chorus<\/p>\n<p>6. Jan\u00e1cek: Sinfonietta &#8211; finale<br \/>\nJos\u00e9 Serebrier \/ Czech State Philharmonic<\/p>\n<p>Jazz<br \/>\n7. Moten Swing<br \/>\nClark Terry \/ Frank Wess\/ Bob Lark \/ DePaul Universtiy Jazz Ensemble I<\/p>\n<p>8. Dooji Wooji<br \/>\nDick Hyman and the Swing All-Stars<\/p>\n<p>9. Artie Shaw&#8217;s &#8222;Concerto for Clarinet&#8220;<br \/>\nJohn Bruce Yeh \/ Bob Lark \/ DePaul Universtiy Jazz Ensemble I<\/p>\n<p>HDCD\u00ae \/ Non-HDCD\u00ae comparisons<br \/>\n10. Analogue to Sony 1630<br \/>\n&#8222;Moonglow&#8220;<\/p>\n<p>11. Analogue to HDCD\u00ae<br \/>\n&#8222;Moonglow&#8220;<\/p>\n<p>12. Analogue to Sony 1630<br \/>\n&#8222;Lux Aeterna&#8220; (Rutter Requiem)<\/p>\n<p>13. Analogue to HDCD\u00ae<br \/>\n&#8222;Lux Aeterna&#8220; (Rutter Requiem)<\/p>\n<p>14. Sony\/KOJ 701ES digital master<br \/>\nNelhybel: Trittico finale<\/p>\n<p>15. HDCD\u00ae digital master<br \/>\nNelhybel: Trittico finale<\/p>\n<p>&nbsp;<\/p>\n","protected":false},"excerpt":{"rendered":"<h4 class=\"hr hr-invisible  avia-builder-el-8  el_after_av_section  el_before_av_heading  avia-builder-el-first \">HDCD Sampler Vol. II &#8211; Various<\/h4>\n","protected":false},"featured_media":37823,"comment_status":"closed","ping_status":"closed","template":"","meta":[],"pwb-brand":[280],"product_brand":[],"product_cat":[247,246],"product_tag":[248,249],"class_list":{"0":"post-37797","1":"product","2":"type-product","3":"status-publish","4":"has-post-thumbnail","6":"pwb-brand-reference-recordings","7":"product_cat-cd","8":"product_cat-zvukovy-nosic","9":"product_tag-hdcd","10":"product_tag-referencerecordings","11":"product_shipping_class-z-1-kg","13":"first","14":"instock","15":"taxable","16":"shipping-taxable","17":"purchasable","18":"product-type-simple"},"aioseo_notices":[],"jetpack_sharing_enabled":true,"brands":[{"id":280,"name":"Reference Recordings","slug":"reference-recordings"}],"_links":{"self":[{"href":"https:\/\/www.altei.cz\/hifi\/wp-json\/wp\/v2\/product\/37797","targetHints":{"allow":["GET"]}}],"collection":[{"href":"https:\/\/www.altei.cz\/hifi\/wp-json\/wp\/v2\/product"}],"about":[{"href":"https:\/\/www.altei.cz\/hifi\/wp-json\/wp\/v2\/types\/product"}],"replies":[{"embeddable":true,"href":"https:\/\/www.altei.cz\/hifi\/wp-json\/wp\/v2\/comments?post=37797"}],"wp:featuredmedia":[{"embeddable":true,"href":"https:\/\/www.altei.cz\/hifi\/wp-json\/wp\/v2\/media\/37823"}],"wp:attachment":[{"href":"https:\/\/www.altei.cz\/hifi\/wp-json\/wp\/v2\/media?parent=37797"}],"wp:term":[{"taxonomy":"pwb-brand","embeddable":true,"href":"https:\/\/www.altei.cz\/hifi\/wp-json\/wp\/v2\/pwb-brand?post=37797"},{"taxonomy":"product_brand","embeddable":true,"href":"https:\/\/www.altei.cz\/hifi\/wp-json\/wp\/v2\/product_brand?post=37797"},{"taxonomy":"product_cat","embeddable":true,"href":"https:\/\/www.altei.cz\/hifi\/wp-json\/wp\/v2\/product_cat?post=37797"},{"taxonomy":"product_tag","embeddable":true,"href":"https:\/\/www.altei.cz\/hifi\/wp-json\/wp\/v2\/product_tag?post=37797"}],"curies":[{"name":"wp","href":"https:\/\/api.w.org\/{rel}","templated":true}]}}