{"id":37948,"date":"2022-02-18T11:36:18","date_gmt":"2022-02-18T10:36:18","guid":{"rendered":"https:\/\/www.altei.cz\/hifi\/?post_type=product&#038;p=37948"},"modified":"2025-02-17T21:39:31","modified_gmt":"2025-02-17T20:39:31","slug":"reed-5t","status":"publish","type":"product","link":"https:\/\/www.altei.cz\/hifi\/produkt\/reed-5t\/","title":{"rendered":"REED 5T"},"content":{"rendered":"<p>Reed 5T\u00a0 je gramofonov\u00e9 rameno tangenci\u00e1ln\u00ed s pohonem line\u00e1rn\u00edm motorem, v\u00fdm\u011bnnou hlavi\u010dkou pro p\u0159enosky s 1\/2&#8243; uchycen\u00edm, v\u00fdm\u011bnnou trubkou s efektivn\u00ed d\u00e9lkou 9,5&#8243;, barva b\u00edl\u00e1 lastura nebo \u010dern\u00e1. S p\u0159\u00edpojn\u00fdm kabelem. Nap\u00e1jen\u00ed 12V.<\/p>\n<p><a href=\"https:\/\/www.reed.lt\">Reed<\/a> 5T se vyzna\u010duje se jedine\u010dn\u00fdm designem, inovativn\u00edmi technologick\u00fdmi \u0159e\u0161en\u00edmi a vysokou kvalitou a je ur\u010deno opravdov\u00fdm milovn\u00edk\u016fm skv\u011bl\u00e9ho zvuku. Je s\u0159ejm\u011b jedn\u00edm z nejpokro\u010dilej\u0161\u00edch gramofonov\u00fdch ramen, kter\u00e1 byla kdy vyrobena.<\/p>\n<p>V\u00fdm\u011bnn\u00e9 trubky z r\u016fzn\u00fdch exotick\u00fdch d\u0159ev m\u011bn\u00ed efektivn\u00ed motnost ramene.<\/p>\n<p>Reed 5T je z technick\u00e9ho hlediska tangenci\u00e1ln\u00ed rameno, jeho\u017e princip fungov\u00e1n\u00ed je zalo\u017een na Thaletov\u011b v\u011bt\u011b. Konstrult\u00e9\u0159i <a title=\"Reed\" href=\"https:\/\/www.altei.cz\/hifi\/reed\/\" target=\"_blank\" rel=\"noopener\">Reed<\/a> navrhli a sestrojili sek\u010dn\u00ed motor s omezen\u00fdm to\u010div\u00fdm momentem, kter\u00fd \u0159\u00edd\u00ed polohu ramene pomoc\u00ed laseru a soustavy line\u00e1rn\u00edch sn\u00edma\u010d\u016f. T\u00edmto zp\u016fsobem je \u00fahlov\u00e9 ot\u00e1\u010den\u00ed ramene \u0159\u00edzeno mimo\u0159\u00e1dn\u011b p\u0159esnou elektronikou. D\u00edky tomu sn\u00edm\u00e1 p\u0159esn\u011b s tak n\u00edzkou chybou sn\u00edm\u00e1n\u00ed, \u017ee je prost\u011b nesly\u0161iteln\u00e1.<\/p>\n<p><strong>Reed 5T m\u00e1 ve srovn\u00e1n\u00ed s pivotov\u00fdmi rameny n\u00e1sleduj\u00edc\u00ed v\u00fdhody:<\/strong><\/p>\n<ul>\n<li>Men\u0161\u00ed moment setrva\u010dnosti<\/li>\n<li>nen\u00ed t\u0159eba pou\u017e\u00edvat anti-skating,<\/li>\n<li>Maxim\u00e1ln\u00ed chyba sn\u00edm\u00e1n\u00ed je +\/- 5 \u00fahlov\u00fdch minut (MOA) (obr\u00e1zek 2). Pivotov\u00e9 ram\u00e9nko m\u00e1 obvykle maxim\u00e1ln\u00ed chybu sn\u00edm\u00e1n\u00ed do 1,5 stupn\u011b.<\/li>\n<\/ul>\n<p><strong>V\u00fdhody Reed 5T ve srovn\u00e1n\u00ed s jin\u00fdmi tangenci\u00e1ln\u00edmi rameny:<\/strong><\/p>\n<ul>\n<li>N\u011bkolikr\u00e1t men\u0161\u00ed moment setrva\u010dnosti,<\/li>\n<li>Nen\u00ed t\u0159eba slo\u017eit\u00fdch p\u0159\u00eddavn\u00fdch za\u0159\u00edzen\u00ed (vzduchov\u00fd kompresor)<\/li>\n<li>Kompaktn\u00ed a elegantn\u00ed design<\/li>\n<li>Efektivn\u00ed hmotnost ve vertik\u00e1ln\u00edm i horizont\u00e1ln\u00edm sm\u011bru je podobn\u00e1.<\/li>\n<\/ul>\n<p><strong>Rameno v z\u00e1kladn\u00edm proveden\u00ed:<\/strong><\/p>\n<ul>\n<li>D\u00e9lka: 9,5\u201d<\/li>\n<li>Povrchov\u00e1 \u00faprava:\n<ul>\n<li>Lasturov\u011b b\u00edl\u00e1<\/li>\n<li>\u010cern\u00e1<\/li>\n<\/ul>\n<\/li>\n<li>Trubka ramena: Wenge (v\u00fdm\u011bnn\u00e1)<\/li>\n<li>V\u00fdm\u011bnn\u00e1 hlavi\u010dka: Standard<\/li>\n<li>M\u011b\u0159en\u00ed: Laser<\/li>\n<li>Standard kabel: Finewire C37, 100 cm\u00a0kontakty KLEI<\/li>\n<li>Nap\u00e1jen\u00ed 12V (standardn\u00ed napaje\u010d je sou\u010d\u00e1st\u00ed)<\/li>\n<\/ul>\n<div  class='avia-button-wrap av-32pan0-9dbc59f7f9194f5cda6993301a365c1f-wrap avia-button-center  avia-builder-el-0  avia-builder-el-no-sibling '><a href='https:\/\/www.altei.cz\/hifi\/reed\/'  class='avia-button av-32pan0-9dbc59f7f9194f5cda6993301a365c1f av-link-btn avia-icon_select-no avia-size-small avia-position-center avia-color-theme-color'   aria-label=\"V\u00edce\"><span class='avia_iconbox_title' >V\u00edce<\/span><\/a><\/div>\n","protected":false},"excerpt":{"rendered":"<h4>Referen\u010dn\u00ed gramofonov\u00e9 rameno tangenci\u00e1ln\u00ed<\/h4>\n","protected":false},"featured_media":37976,"comment_status":"closed","ping_status":"closed","template":"","meta":[],"pwb-brand":[328],"product_brand":[],"product_cat":[236,22,282],"product_tag":[238,108,283],"class_list":{"0":"post-37948","1":"product","2":"type-product","3":"status-publish","4":"has-post-thumbnail","6":"pwb-brand-reed","7":"product_cat-gramofonova-ramena","8":"product_cat-high-end-audio","9":"product_cat-reed","10":"product_tag-gramofonove-rameno","11":"product_tag-referencni","12":"product_tag-tangencialni","14":"first","15":"onbackorder","16":"taxable","17":"shipping-taxable","18":"purchasable","19":"product-type-simple"},"aioseo_notices":[],"jetpack_sharing_enabled":true,"brands":[{"id":328,"name":"Reed","slug":"reed"}],"_links":{"self":[{"href":"https:\/\/www.altei.cz\/hifi\/wp-json\/wp\/v2\/product\/37948","targetHints":{"allow":["GET"]}}],"collection":[{"href":"https:\/\/www.altei.cz\/hifi\/wp-json\/wp\/v2\/product"}],"about":[{"href":"https:\/\/www.altei.cz\/hifi\/wp-json\/wp\/v2\/types\/product"}],"replies":[{"embeddable":true,"href":"https:\/\/www.altei.cz\/hifi\/wp-json\/wp\/v2\/comments?post=37948"}],"wp:featuredmedia":[{"embeddable":true,"href":"https:\/\/www.altei.cz\/hifi\/wp-json\/wp\/v2\/media\/37976"}],"wp:attachment":[{"href":"https:\/\/www.altei.cz\/hifi\/wp-json\/wp\/v2\/media?parent=37948"}],"wp:term":[{"taxonomy":"pwb-brand","embeddable":true,"href":"https:\/\/www.altei.cz\/hifi\/wp-json\/wp\/v2\/pwb-brand?post=37948"},{"taxonomy":"product_brand","embeddable":true,"href":"https:\/\/www.altei.cz\/hifi\/wp-json\/wp\/v2\/product_brand?post=37948"},{"taxonomy":"product_cat","embeddable":true,"href":"https:\/\/www.altei.cz\/hifi\/wp-json\/wp\/v2\/product_cat?post=37948"},{"taxonomy":"product_tag","embeddable":true,"href":"https:\/\/www.altei.cz\/hifi\/wp-json\/wp\/v2\/product_tag?post=37948"}],"curies":[{"name":"wp","href":"https:\/\/api.w.org\/{rel}","templated":true}]}}

<p>Reed 5T  je gramofonové rameno tangenciální s pohonem lineárním motorem, výměnnou hlavičkou pro přenosky s 1/2&#8243; uchycením, výměnnou trubkou s efektivní délkou 9,5&#8243;, barva bílá lastura nebo černá. S přípojným kabelem. Napájení 12V.</p>
<p><a href="https://www.reed.lt">Reed</a> 5T se vyznačuje se jedinečným designem, inovativními technologickými řešeními a vysokou kvalitou a je určeno opravdovým milovníkům skvělého zvuku. Je sřejmě jedním z nejpokročilejších gramofonových ramen, která byla kdy vyrobena.</p>
<p>Výměnné trubky z různých exotických dřev mění efektivní motnost ramene.</p>
<p>Reed 5T je z technického hlediska tangenciální rameno, jehož princip fungování je založen na Thaletově větě. Konstrultéři <a title="Reed" href="https://www.altei.cz/hifi/reed/" target="_blank" rel="noopener">Reed</a> navrhli a sestrojili sekční motor s omezeným točivým momentem, který řídí polohu ramene pomocí laseru a soustavy lineárních snímačů. Tímto způsobem je úhlové otáčení ramene řízeno mimořádně přesnou elektronikou. Díky tomu snímá přesně s tak nízkou chybou snímání, že je prostě neslyšitelná.</p>
<p><strong>Reed 5T má ve srovnání s pivotovými rameny následující výhody:</strong></p>
<ul>
<li>Menší moment setrvačnosti</li>
<li>není třeba používat anti-skating,</li>
<li>Maximální chyba snímání je +/- 5 úhlových minut (MOA) (obrázek 2). Pivotové raménko má obvykle maximální chybu snímání do 1,5 stupně.</li>
</ul>
<p><strong>Výhody Reed 5T ve srovnání s jinými tangenciálními rameny:</strong></p>
<ul>
<li>Několikrát menší moment setrvačnosti,</li>
<li>Není třeba složitých přídavných zařízení (vzduchový kompresor)</li>
<li>Kompaktní a elegantní design</li>
<li>Efektivní hmotnost ve vertikálním i horizontálním směru je podobná.</li>
</ul>
<p><strong>Rameno v základním provedení:</strong></p>
<ul>
<li>Délka: 9,5”</li>
<li>Povrchová úprava:
<ul>
<li>Lasturově bílá</li>
<li>Černá</li>
</ul>
</li>
<li>Trubka ramena: Wenge (výměnná)</li>
<li>Výměnná hlavička: Standard</li>
<li>Měření: Laser</li>
<li>Standard kabel: Finewire C37, 100 cm kontakty KLEI</li>
<li>Napájení 12V (standardní napaječ je součástí)</li>
</ul>
<div  class='avia-button-wrap av-32pan0-9dbc59f7f9194f5cda6993301a365c1f-wrap avia-button-center  avia-builder-el-0  avia-builder-el-no-sibling '><a href='https://www.altei.cz/hifi/reed/'  class='avia-button av-32pan0-9dbc59f7f9194f5cda6993301a365c1f av-link-btn avia-icon_select-no avia-size-small avia-position-center avia-color-theme-color'   aria-label="Více"><span class='avia_iconbox_title' >Více</span></a></div>

<h4>Referenční gramofonové rameno tangenciální</h4>
