{"id":37961,"date":"2022-02-18T11:36:19","date_gmt":"2022-02-18T10:36:19","guid":{"rendered":"https:\/\/www.altei.cz\/hifi\/?post_type=product&#038;p=37961"},"modified":"2025-02-17T21:55:02","modified_gmt":"2025-02-17T20:55:02","slug":"reed-muse-1c-b","status":"publish","type":"product","link":"https:\/\/www.altei.cz\/hifi\/produkt\/reed-muse-1c-b\/","title":{"rendered":"REED MUSE 1C B"},"content":{"rendered":"<p>REED MUSE 1C B je \u0161pi\u010dkov\u00e9 gramofonov\u00e9 \u0161asi se dv\u011bma motory a s \u0158EM\u00cdNKOV\u00ddM P\u0158EVODEM. Rychlost 16, 33, 45, 78.\u00a0 Z\u00e1kladn\u00ed cena neobsahuje rameno ani p\u0159enosku. Foto ilustra\u010dn\u00ed. Barva m\u011bs\u00ed\u010dn\u00ed \u010dern\u00e1.<\/p>\n<div  class='avia-button-wrap av-t9w76x-a61334f8738fd62313a5c7ce86255c5f-wrap avia-button-center  avia-builder-el-0  avia-builder-el-no-sibling '><a href='https:\/\/www.altei.cz\/hifi\/reed\/'  class='avia-button av-t9w76x-a61334f8738fd62313a5c7ce86255c5f av-link-btn avia-icon_select-no avia-size-small avia-position-center avia-color-theme-color'   aria-label=\"V\u00edce\"><span class='avia_iconbox_title' >V\u00edce<\/span><\/a><\/div>\n","protected":false},"excerpt":{"rendered":"<h4>Gramofonov\u00e9 \u0161asi s \u0159em\u00ednkov\u00fdm p\u0159evodem<\/h4>\n","protected":false},"featured_media":38024,"comment_status":"closed","ping_status":"closed","template":"","meta":[],"pwb-brand":[328],"product_brand":[],"product_cat":[100,22,282],"product_tag":[103,286,291],"class_list":{"0":"post-37961","1":"product","2":"type-product","3":"status-publish","4":"has-post-thumbnail","6":"pwb-brand-reed","7":"product_cat-gramofonova-chassis","8":"product_cat-high-end-audio","9":"product_cat-reed","10":"product_tag-gramofon","11":"product_tag-reed","12":"product_tag-reminkovy-pohon","14":"first","15":"onbackorder","16":"taxable","17":"shipping-taxable","18":"purchasable","19":"product-type-simple"},"aioseo_notices":[],"jetpack_sharing_enabled":true,"brands":[{"id":328,"name":"Reed","slug":"reed"}],"_links":{"self":[{"href":"https:\/\/www.altei.cz\/hifi\/wp-json\/wp\/v2\/product\/37961","targetHints":{"allow":["GET"]}}],"collection":[{"href":"https:\/\/www.altei.cz\/hifi\/wp-json\/wp\/v2\/product"}],"about":[{"href":"https:\/\/www.altei.cz\/hifi\/wp-json\/wp\/v2\/types\/product"}],"replies":[{"embeddable":true,"href":"https:\/\/www.altei.cz\/hifi\/wp-json\/wp\/v2\/comments?post=37961"}],"wp:featuredmedia":[{"embeddable":true,"href":"https:\/\/www.altei.cz\/hifi\/wp-json\/wp\/v2\/media\/38024"}],"wp:attachment":[{"href":"https:\/\/www.altei.cz\/hifi\/wp-json\/wp\/v2\/media?parent=37961"}],"wp:term":[{"taxonomy":"pwb-brand","embeddable":true,"href":"https:\/\/www.altei.cz\/hifi\/wp-json\/wp\/v2\/pwb-brand?post=37961"},{"taxonomy":"product_brand","embeddable":true,"href":"https:\/\/www.altei.cz\/hifi\/wp-json\/wp\/v2\/product_brand?post=37961"},{"taxonomy":"product_cat","embeddable":true,"href":"https:\/\/www.altei.cz\/hifi\/wp-json\/wp\/v2\/product_cat?post=37961"},{"taxonomy":"product_tag","embeddable":true,"href":"https:\/\/www.altei.cz\/hifi\/wp-json\/wp\/v2\/product_tag?post=37961"}],"curies":[{"name":"wp","href":"https:\/\/api.w.org\/{rel}","templated":true}]}}