{"id":38050,"date":"2022-02-18T11:37:39","date_gmt":"2022-02-18T10:37:39","guid":{"rendered":"https:\/\/www.altei.cz\/hifi\/?post_type=product&#038;p=38050"},"modified":"2025-02-17T21:50:12","modified_gmt":"2025-02-17T20:50:12","slug":"reed-1h","status":"publish","type":"product","link":"https:\/\/www.altei.cz\/hifi\/produkt\/reed-1h\/","title":{"rendered":"REED 1H"},"content":{"rendered":"<p>Reed 1H je gramofonov\u00e9 p\u0159\u00edm\u00e9 rameno, s v\u00fdm\u011bnnou hlavi\u010dkou pro p\u0159enosky s 1\/2\u2033 uchycen\u00edm, efektivn\u00ed d\u00e9lka 9,5\u2033 a\u017e 12\u2033, barva b\u00edl\u00e1 lastura. S konektorem DIN. Poprv\u00e9 byla p\u0159edstavena, pr\u00e1v\u011b pro toto rameno, karbonov\u00e1 vl\u00e1kna jako prim\u00e1rn\u00ed materi\u00e1l trubky ramene.<\/p>\n<p>Po d\u016fkladn\u00e9m v\u00fdzkumu byl nalezen zp\u016fsob, jak akustick\u00e9 vlastnosti ramena z uhl\u00edkov\u00fdch vl\u00e1ken p\u0159ibl\u00ed\u017eit t\u011bm, kter\u00e9 jsou b\u011b\u017en\u011b typick\u00e9 pro d\u0159evo.<\/p>\n<p>Pou\u017eit\u00edm m\u011bkk\u00e9ho d\u0159eva k tlumen\u00ed trubky z uhl\u00edkov\u00fdch vl\u00e1ken se akustick\u00e9 vlastnosti trubky st\u00e1vaj\u00ed v\u00fdrazn\u011b lep\u0161\u00edmi ne\u017e p\u0159i pou\u017eit\u00ed samotn\u00fdch uhl\u00edkov\u00fdch vl\u00e1ken bez tlumen\u00ed a lze je srovn\u00e1vat s trubkami d\u0159ev\u011bn\u00fdmi.<\/p>\n<p>Rozd\u00edly mezi akustick\u00fdmi vlastnostmi tlumen\u00e9 a netlumen\u00e9 trubky z uhl\u00edkov\u00fdch vl\u00e1ken jsou uvedeny na obr\u00e1zc\u00edch 1 a 2.<\/p>\n<div  class='flex_column av-1zjjv5u-b932aaa694167bf937e69dddb0f64aef av_one_half  avia-builder-el-0  el_before_av_one_half  avia-builder-el-first  first flex_column_div  '     ><p>Obr\u00e1zek 1. Tlumen\u00e1 uhl\u00edkov\u00e1 vl\u00e1kna<\/p>\n<p><img loading=\"lazy\" decoding=\"async\" class=\"alignleft size-full wp-image-41197\" src=\"https:\/\/www.altei.cz\/hifi\/wp-content\/uploads\/2022\/02\/DampedCarbonFiber.jpg\" alt=\"\" width=\"643\" height=\"482\" srcset=\"https:\/\/www.altei.cz\/hifi\/wp-content\/uploads\/2022\/02\/DampedCarbonFiber.jpg 643w, https:\/\/www.altei.cz\/hifi\/wp-content\/uploads\/2022\/02\/DampedCarbonFiber-600x450.jpg 600w, https:\/\/www.altei.cz\/hifi\/wp-content\/uploads\/2022\/02\/DampedCarbonFiber-300x225.jpg 300w, https:\/\/www.altei.cz\/hifi\/wp-content\/uploads\/2022\/02\/DampedCarbonFiber-450x337.jpg 450w\" sizes=\"auto, (max-width: 643px) 100vw, 643px\" \/><\/p><\/div><div  class='flex_column av-1jyvysi-5550f91fb11f7f7c751914d1ba932288 av_one_half  avia-builder-el-1  el_after_av_one_half  el_before_av_button  flex_column_div  '     ><p>Obr\u00e1zek 2. Uhl\u00edkov\u00e1 vl\u00e1kna bez tlumen\u00ed<\/p>\n<p><img loading=\"lazy\" decoding=\"async\" class=\"alignleft wp-image-41196\" src=\"https:\/\/www.altei.cz\/hifi\/wp-content\/uploads\/2022\/02\/CarbonFiber.jpg\" alt=\"\" width=\"469\" height=\"351\" srcset=\"https:\/\/www.altei.cz\/hifi\/wp-content\/uploads\/2022\/02\/CarbonFiber.jpg 643w, https:\/\/www.altei.cz\/hifi\/wp-content\/uploads\/2022\/02\/CarbonFiber-600x450.jpg 600w, https:\/\/www.altei.cz\/hifi\/wp-content\/uploads\/2022\/02\/CarbonFiber-300x225.jpg 300w, https:\/\/www.altei.cz\/hifi\/wp-content\/uploads\/2022\/02\/CarbonFiber-450x337.jpg 450w\" sizes=\"auto, (max-width: 469px) 100vw, 469px\" \/><\/p><\/div><\/p>\n<p>Reed 1H m\u00e1 kardanov\u00fd syst\u00e9m lo\u017eisek: vertik\u00e1ln\u00ed osa m\u00e1 axi\u00e1ln\u00ed rota\u010dn\u00ed lo\u017eiska a horizont\u00e1ln\u00ed osa je zalo\u017eena na axi\u00e1ln\u00edch oto\u010dn\u00fdch lo\u017eisc\u00edch (stejn\u00e1 koncepce jako u Reed 3P). Takov\u00e1 konstrukce lo\u017eisek eliminuje kmit\u00e1n\u00ed lo\u017eiska, kter\u00e9 m\u00e1 velk\u00fd vliv na kvalitu zvuku.<\/p>\n<p>Rameno Reed 1H m\u00e1 mimo jin\u00e9 mo\u017enost nastaven\u00ed azimutu, vym\u011bnitelnou hlavi\u010dku a nastaven\u00ed VTA. Rozsah nastaven\u00ed v\u00fd\u0161ky ramene je od 28 mm do 48 mm. Je tak\u00e9 snadno laditeln\u00e9 a lze jej namontovat na v\u011bt\u0161inu gramofon\u016f ihned po vybalen\u00ed z krabice nebo pomoc\u00ed adapt\u00e9ru.<\/p>\n<p>Sign\u00e1lov\u00fd v\u00fdstup ramene je bu\u010f 5pinov\u00fd konektor DIN, nebo kabely Finewire 37.<\/p>\n<p>Antiskating: magnetick\u00fd, podobn\u00fd tomu, kter\u00fd se pou\u017e\u00edv\u00e1 u Reed 3P.<\/p>\n<p>&nbsp;<\/p>\n<div  class='avia-button-wrap av-uwpttu-047ca483e0144dfce179588d95e5e0da-wrap avia-button-center  avia-builder-el-2  el_after_av_one_half  avia-builder-el-last '><a href='https:\/\/www.altei.cz\/hifi\/reed\/'  class='avia-button av-uwpttu-047ca483e0144dfce179588d95e5e0da av-link-btn avia-icon_select-no avia-size-small avia-position-center avia-color-theme-color'   aria-label=\"V\u00edce\"><span class='avia_iconbox_title' >V\u00edce<\/span><\/a><\/div>\n","protected":false},"excerpt":{"rendered":"<h4>Gramofonov\u00e9 rameno p\u0159\u00edm\u00e9<\/h4>\n","protected":false},"featured_media":38120,"comment_status":"closed","ping_status":"closed","template":"","meta":[],"pwb-brand":[328],"product_brand":[],"product_cat":[236,22,282],"product_tag":[238,286],"class_list":{"0":"post-38050","1":"product","2":"type-product","3":"status-publish","4":"has-post-thumbnail","6":"pwb-brand-reed","7":"product_cat-gramofonova-ramena","8":"product_cat-high-end-audio","9":"product_cat-reed","10":"product_tag-gramofonove-rameno","11":"product_tag-reed","13":"first","14":"onbackorder","15":"taxable","16":"shipping-taxable","17":"purchasable","18":"product-type-simple"},"aioseo_notices":[],"jetpack_sharing_enabled":true,"brands":[{"id":328,"name":"Reed","slug":"reed"}],"_links":{"self":[{"href":"https:\/\/www.altei.cz\/hifi\/wp-json\/wp\/v2\/product\/38050","targetHints":{"allow":["GET"]}}],"collection":[{"href":"https:\/\/www.altei.cz\/hifi\/wp-json\/wp\/v2\/product"}],"about":[{"href":"https:\/\/www.altei.cz\/hifi\/wp-json\/wp\/v2\/types\/product"}],"replies":[{"embeddable":true,"href":"https:\/\/www.altei.cz\/hifi\/wp-json\/wp\/v2\/comments?post=38050"}],"wp:featuredmedia":[{"embeddable":true,"href":"https:\/\/www.altei.cz\/hifi\/wp-json\/wp\/v2\/media\/38120"}],"wp:attachment":[{"href":"https:\/\/www.altei.cz\/hifi\/wp-json\/wp\/v2\/media?parent=38050"}],"wp:term":[{"taxonomy":"pwb-brand","embeddable":true,"href":"https:\/\/www.altei.cz\/hifi\/wp-json\/wp\/v2\/pwb-brand?post=38050"},{"taxonomy":"product_brand","embeddable":true,"href":"https:\/\/www.altei.cz\/hifi\/wp-json\/wp\/v2\/product_brand?post=38050"},{"taxonomy":"product_cat","embeddable":true,"href":"https:\/\/www.altei.cz\/hifi\/wp-json\/wp\/v2\/product_cat?post=38050"},{"taxonomy":"product_tag","embeddable":true,"href":"https:\/\/www.altei.cz\/hifi\/wp-json\/wp\/v2\/product_tag?post=38050"}],"curies":[{"name":"wp","href":"https:\/\/api.w.org\/{rel}","templated":true}]}}

<p>Reed 1H je gramofonové přímé rameno, s výměnnou hlavičkou pro přenosky s 1/2″ uchycením, efektivní délka 9,5″ až 12″, barva bílá lastura. S konektorem DIN. Poprvé byla představena, právě pro toto rameno, karbonová vlákna jako primární materiál trubky ramene.</p>
<p>Po důkladném výzkumu byl nalezen způsob, jak akustické vlastnosti ramena z uhlíkových vláken přiblížit těm, které jsou běžně typické pro dřevo.</p>
<p>Použitím měkkého dřeva k tlumení trubky z uhlíkových vláken se akustické vlastnosti trubky stávají výrazně lepšími než při použití samotných uhlíkových vláken bez tlumení a lze je srovnávat s trubkami dřevěnými.</p>
<p>Rozdíly mezi akustickými vlastnostmi tlumené a netlumené trubky z uhlíkových vláken jsou uvedeny na obrázcích 1 a 2.</p>
<div  class='flex_column av-1zjjv5u-b932aaa694167bf937e69dddb0f64aef av_one_half  avia-builder-el-0  el_before_av_one_half  avia-builder-el-first  first flex_column_div  '     ><p>Obrázek 1. Tlumená uhlíková vlákna</p>
<p><img loading="lazy" decoding="async" class="alignleft size-full wp-image-41197" src="https://www.altei.cz/hifi/wp-content/uploads/2022/02/DampedCarbonFiber.jpg" alt="" width="643" height="482" srcset="https://www.altei.cz/hifi/wp-content/uploads/2022/02/DampedCarbonFiber.jpg 643w, https://www.altei.cz/hifi/wp-content/uploads/2022/02/DampedCarbonFiber-600x450.jpg 600w, https://www.altei.cz/hifi/wp-content/uploads/2022/02/DampedCarbonFiber-300x225.jpg 300w, https://www.altei.cz/hifi/wp-content/uploads/2022/02/DampedCarbonFiber-450x337.jpg 450w" sizes="auto, (max-width: 643px) 100vw, 643px" /></p></div><div  class='flex_column av-1jyvysi-5550f91fb11f7f7c751914d1ba932288 av_one_half  avia-builder-el-1  el_after_av_one_half  el_before_av_button  flex_column_div  '     ><p>Obrázek 2. Uhlíková vlákna bez tlumení</p>
<p><img loading="lazy" decoding="async" class="alignleft wp-image-41196" src="https://www.altei.cz/hifi/wp-content/uploads/2022/02/CarbonFiber.jpg" alt="" width="469" height="351" srcset="https://www.altei.cz/hifi/wp-content/uploads/2022/02/CarbonFiber.jpg 643w, https://www.altei.cz/hifi/wp-content/uploads/2022/02/CarbonFiber-600x450.jpg 600w, https://www.altei.cz/hifi/wp-content/uploads/2022/02/CarbonFiber-300x225.jpg 300w, https://www.altei.cz/hifi/wp-content/uploads/2022/02/CarbonFiber-450x337.jpg 450w" sizes="auto, (max-width: 469px) 100vw, 469px" /></p></div></p>
<p>Reed 1H má kardanový systém ložisek: vertikální osa má axiální rotační ložiska a horizontální osa je založena na axiálních otočných ložiscích (stejná koncepce jako u Reed 3P). Taková konstrukce ložisek eliminuje kmitání ložiska, které má velký vliv na kvalitu zvuku.</p>
<p>Rameno Reed 1H má mimo jiné možnost nastavení azimutu, vyměnitelnou hlavičku a nastavení VTA. Rozsah nastavení výšky ramene je od 28 mm do 48 mm. Je také snadno laditelné a lze jej namontovat na většinu gramofonů ihned po vybalení z krabice nebo pomocí adaptéru.</p>
<p>Signálový výstup ramene je buď 5pinový konektor DIN, nebo kabely Finewire 37.</p>
<p>Antiskating: magnetický, podobný tomu, který se používá u Reed 3P.</p>
<p>&nbsp;</p>
<div  class='avia-button-wrap av-uwpttu-047ca483e0144dfce179588d95e5e0da-wrap avia-button-center  avia-builder-el-2  el_after_av_one_half  avia-builder-el-last '><a href='https://www.altei.cz/hifi/reed/'  class='avia-button av-uwpttu-047ca483e0144dfce179588d95e5e0da av-link-btn avia-icon_select-no avia-size-small avia-position-center avia-color-theme-color'   aria-label="Více"><span class='avia_iconbox_title' >Více</span></a></div>

<h4>Gramofonové rameno přímé</h4>
