{"id":38147,"date":"2022-02-22T11:43:20","date_gmt":"2022-02-22T10:43:20","guid":{"rendered":"https:\/\/www.altei.cz\/hifi\/?post_type=product&#038;p=38147"},"modified":"2024-02-21T13:17:26","modified_gmt":"2024-02-21T12:17:26","slug":"weiss-man301dacb","status":"publish","type":"product","link":"https:\/\/www.altei.cz\/hifi\/produkt\/weiss-man301dacb\/","title":{"rendered":"Weiss MAN301DACB"},"content":{"rendered":"<p>Weiss MAN301DACB je s\u00ed\u0165ovy\u0301 p\u0159ehr\u00e1va\u010d s DA p\u0159evodn\u00edky a CD mechanikou. Vstupy: AES\/EBU a S\/PDIF (XLR, Toslink a RCA cinch), Ethernet, WiFi, USB.<\/p>\n<p><strong>VE\u0160KER\u00c1 HUDBA NA DOSAH RUKY OVL\u00c1DAN\u00c1 IPADEM<\/strong><br \/>\n<strong>S\u00cd\u0164OV\u00dd P\u0158EHR\u00c1VA\u010c, P\u0158EHR\u00c1VA\u010c CD, P\u0158EDZESILOVA\u010c<br \/>\n<\/strong><\/p>\n<p>P\u0159ehr\u00e1va\u010d MAN301 poskytuje jedin\u00fd p\u0159\u00edstupov\u00fd bod k cel\u00e9 va\u0161\u00ed hudebn\u00ed knihovn\u011b. P\u0159ehr\u00e1vejte a archivujte hudbu na disc\u00edch NAS, streamujte hudbu z internetu, p\u0159ehr\u00e1vejte a ripujte disky CD, z\u00edsk\u00e1vejte obaly a metadata &#8211; a to v\u0161e ovl\u00e1dejte prost\u0159ednictv\u00edm vlastn\u00ed aplikace Weiss MAN pro Apple iPad. Za\u0159\u00edzen\u00ed MAN301 je z hlediska funkc\u00ed a v\u0161estrannosti v\u00fdkonn\u00fdm za\u0159\u00edzen\u00edm, kter\u00e9 mus\u00ed m\u00edt nad\u0161enci s obrovsk\u00fdmi hudebn\u00edmi sb\u00edrkami p\u0159ehr\u00e1van\u00fdmi z v\u00edce m\u00edst.<\/p>\n<p>&nbsp;<\/p>\n","protected":false},"excerpt":{"rendered":"<h4 class=\"ls-l-1\">S\u00ed\u0165ov\u00fd a CD p\u0159ehr\u00e1va\u010d s DAC<\/h4>\n","protected":false},"featured_media":38185,"comment_status":"closed","ping_status":"closed","template":"","meta":[],"pwb-brand":[332],"product_brand":[],"product_cat":[40,39,261,23,25,336],"product_tag":[47,33,28,337],"class_list":{"0":"post-38147","1":"product","2":"type-product","3":"status-publish","4":"has-post-thumbnail","6":"pwb-brand-weiss","7":"product_cat-audio-prevodniky","8":"product_cat-cd-prehravace","9":"product_cat-prehravace","10":"product_cat-roon-ready","11":"product_cat-streamovaci-prehravace","12":"product_cat-weiss-hifi","13":"product_tag-cd-prehravac","14":"product_tag-dac","15":"product_tag-sitove-prehravace","16":"product_tag-weiss-hifi","18":"first","19":"onbackorder","20":"taxable","21":"shipping-taxable","22":"purchasable","23":"product-type-simple"},"aioseo_notices":[],"jetpack_sharing_enabled":true,"brands":[{"id":332,"name":"WEISS","slug":"weiss"}],"_links":{"self":[{"href":"https:\/\/www.altei.cz\/hifi\/wp-json\/wp\/v2\/product\/38147","targetHints":{"allow":["GET"]}}],"collection":[{"href":"https:\/\/www.altei.cz\/hifi\/wp-json\/wp\/v2\/product"}],"about":[{"href":"https:\/\/www.altei.cz\/hifi\/wp-json\/wp\/v2\/types\/product"}],"replies":[{"embeddable":true,"href":"https:\/\/www.altei.cz\/hifi\/wp-json\/wp\/v2\/comments?post=38147"}],"wp:featuredmedia":[{"embeddable":true,"href":"https:\/\/www.altei.cz\/hifi\/wp-json\/wp\/v2\/media\/38185"}],"wp:attachment":[{"href":"https:\/\/www.altei.cz\/hifi\/wp-json\/wp\/v2\/media?parent=38147"}],"wp:term":[{"taxonomy":"pwb-brand","embeddable":true,"href":"https:\/\/www.altei.cz\/hifi\/wp-json\/wp\/v2\/pwb-brand?post=38147"},{"taxonomy":"product_brand","embeddable":true,"href":"https:\/\/www.altei.cz\/hifi\/wp-json\/wp\/v2\/product_brand?post=38147"},{"taxonomy":"product_cat","embeddable":true,"href":"https:\/\/www.altei.cz\/hifi\/wp-json\/wp\/v2\/product_cat?post=38147"},{"taxonomy":"product_tag","embeddable":true,"href":"https:\/\/www.altei.cz\/hifi\/wp-json\/wp\/v2\/product_tag?post=38147"}],"curies":[{"name":"wp","href":"https:\/\/api.w.org\/{rel}","templated":true}]}}