{"id":39409,"date":"2022-06-01T22:35:42","date_gmt":"2022-06-01T20:35:42","guid":{"rendered":"https:\/\/www.altei.cz\/hifi\/?post_type=product&#038;p=39409"},"modified":"2026-04-22T14:06:14","modified_gmt":"2026-04-22T12:06:14","slug":"sony-x105-rf-x1","status":"publish","type":"product","link":"https:\/\/www.altei.cz\/hifi\/produkt\/sony-x105-rf-x1\/","title":{"rendered":"SONY X105-RF-X1"},"content":{"rendered":"<p>Aktivn\u00ed 3D br\u00fdle s r\u00e1diov\u00fdm p\u0159enosem synchronizace.<\/p>\n","protected":false},"excerpt":{"rendered":"<h4>3D br\u00fdle aktivn\u00ed RF<\/h4>\n","protected":false},"featured_media":39443,"comment_status":"closed","ping_status":"closed","template":"","meta":[],"pwb-brand":[461],"product_brand":[],"product_cat":[423,424,189,425],"product_tag":[447],"class_list":{"0":"post-39409","1":"product","2":"type-product","3":"status-publish","4":"has-post-thumbnail","6":"pwb-brand-sony-home-cinema","7":"product_cat-digitalni-projektor","8":"product_cat-high-end-video","9":"product_cat-sony","10":"product_cat-sony-home-cinema","11":"product_tag-3d","12":"product_shipping_class-z-1-kg","14":"first","15":"instock","16":"taxable","17":"shipping-taxable","18":"purchasable","19":"product-type-simple"},"aioseo_notices":[],"jetpack_sharing_enabled":true,"brands":[{"id":461,"name":"SONY Home Cinema","slug":"sony-home-cinema"}],"_links":{"self":[{"href":"https:\/\/www.altei.cz\/hifi\/wp-json\/wp\/v2\/product\/39409","targetHints":{"allow":["GET"]}}],"collection":[{"href":"https:\/\/www.altei.cz\/hifi\/wp-json\/wp\/v2\/product"}],"about":[{"href":"https:\/\/www.altei.cz\/hifi\/wp-json\/wp\/v2\/types\/product"}],"replies":[{"embeddable":true,"href":"https:\/\/www.altei.cz\/hifi\/wp-json\/wp\/v2\/comments?post=39409"}],"wp:featuredmedia":[{"embeddable":true,"href":"https:\/\/www.altei.cz\/hifi\/wp-json\/wp\/v2\/media\/39443"}],"wp:attachment":[{"href":"https:\/\/www.altei.cz\/hifi\/wp-json\/wp\/v2\/media?parent=39409"}],"wp:term":[{"taxonomy":"pwb-brand","embeddable":true,"href":"https:\/\/www.altei.cz\/hifi\/wp-json\/wp\/v2\/pwb-brand?post=39409"},{"taxonomy":"product_brand","embeddable":true,"href":"https:\/\/www.altei.cz\/hifi\/wp-json\/wp\/v2\/product_brand?post=39409"},{"taxonomy":"product_cat","embeddable":true,"href":"https:\/\/www.altei.cz\/hifi\/wp-json\/wp\/v2\/product_cat?post=39409"},{"taxonomy":"product_tag","embeddable":true,"href":"https:\/\/www.altei.cz\/hifi\/wp-json\/wp\/v2\/product_tag?post=39409"}],"curies":[{"name":"wp","href":"https:\/\/api.w.org\/{rel}","templated":true}]}}