{"id":39410,"date":"2022-06-01T22:35:42","date_gmt":"2022-06-01T20:35:42","guid":{"rendered":"https:\/\/www.altei.cz\/hifi\/?post_type=product&#038;p=39410"},"modified":"2025-06-02T22:21:06","modified_gmt":"2025-06-02T20:21:06","slug":"sony-vpl-xw5000-b","status":"publish","type":"product","link":"https:\/\/www.altei.cz\/hifi\/produkt\/sony-vpl-xw5000-b\/","title":{"rendered":"SONY VPL-XW5000\/B\/1"},"content":{"rendered":"<p><strong>STEREO &amp; VIDEO &#8211; HIGHENDOV\u00dd VIDEOPROJEKTOR ROKU 2022 &#8211; 2023<\/strong><\/p>\n<p>Projektor pro dom\u00e1c\u00ed kino s rozli\u0161en\u00edm Native 4K, laserov\u00fd sv\u011bteln\u00fd zdroj, standard 4K objektiv s man. ovl\u00e1d\u00e1n\u00edm, obrazov\u00fd procesor X1, technologie SXRD (HFR), HDR Enhancer, rozli\u0161en\u00ed 3x 3840 x 2.160, sv\u011bteln\u00fd tok 2.000 lm, dynamick\u00fd kontrast vy\u0161\u0161\u00ed ne\u017e 1.000.000 : 1, rozhran\u00ed 2x HDMI 18 GBps, LAN \/ RJ-45, RS-232, USB, barva \u010dern\u00e1.<\/p>\n","protected":false},"excerpt":{"rendered":"<h4>Nativ 4K laserov\u00fd projektor pro dom\u00e1c\u00ed kino<\/h4>\n","protected":false},"featured_media":40449,"comment_status":"closed","ping_status":"closed","template":"","meta":[],"pwb-brand":[461],"product_brand":[],"product_cat":[423,189,425],"product_tag":[450,430,427,470,428,178,429,434],"class_list":{"0":"post-39410","1":"product","2":"type-product","3":"status-publish","4":"has-post-thumbnail","6":"pwb-brand-sony-home-cinema","7":"product_cat-digitalni-projektor","8":"product_cat-sony","9":"product_cat-sony-home-cinema","10":"product_tag-18gbps","11":"product_tag-hdr","12":"product_tag-hfr","13":"product_tag-native-4k","14":"product_tag-projektor","15":"product_tag-sony","16":"product_tag-sxrd","17":"product_tag-x1-procesor","19":"first","20":"onbackorder","21":"taxable","22":"shipping-taxable","23":"purchasable","24":"product-type-simple"},"aioseo_notices":[],"jetpack_sharing_enabled":true,"brands":[{"id":461,"name":"SONY Home Cinema","slug":"sony-home-cinema"}],"_links":{"self":[{"href":"https:\/\/www.altei.cz\/hifi\/wp-json\/wp\/v2\/product\/39410","targetHints":{"allow":["GET"]}}],"collection":[{"href":"https:\/\/www.altei.cz\/hifi\/wp-json\/wp\/v2\/product"}],"about":[{"href":"https:\/\/www.altei.cz\/hifi\/wp-json\/wp\/v2\/types\/product"}],"replies":[{"embeddable":true,"href":"https:\/\/www.altei.cz\/hifi\/wp-json\/wp\/v2\/comments?post=39410"}],"wp:featuredmedia":[{"embeddable":true,"href":"https:\/\/www.altei.cz\/hifi\/wp-json\/wp\/v2\/media\/40449"}],"wp:attachment":[{"href":"https:\/\/www.altei.cz\/hifi\/wp-json\/wp\/v2\/media?parent=39410"}],"wp:term":[{"taxonomy":"pwb-brand","embeddable":true,"href":"https:\/\/www.altei.cz\/hifi\/wp-json\/wp\/v2\/pwb-brand?post=39410"},{"taxonomy":"product_brand","embeddable":true,"href":"https:\/\/www.altei.cz\/hifi\/wp-json\/wp\/v2\/product_brand?post=39410"},{"taxonomy":"product_cat","embeddable":true,"href":"https:\/\/www.altei.cz\/hifi\/wp-json\/wp\/v2\/product_cat?post=39410"},{"taxonomy":"product_tag","embeddable":true,"href":"https:\/\/www.altei.cz\/hifi\/wp-json\/wp\/v2\/product_tag?post=39410"}],"curies":[{"name":"wp","href":"https:\/\/api.w.org\/{rel}","templated":true}]}}