{"id":39419,"date":"2022-06-01T22:35:43","date_gmt":"2022-06-01T20:35:43","guid":{"rendered":"https:\/\/www.altei.cz\/hifi\/?post_type=product&#038;p=39419"},"modified":"2022-12-29T16:32:23","modified_gmt":"2022-12-29T15:32:23","slug":"manley-neo-classic-500","status":"publish","type":"product","link":"https:\/\/www.altei.cz\/hifi\/produkt\/manley-neo-classic-500\/","title":{"rendered":"Manley Neo Classic 500"},"content":{"rendered":"<p>V\u00fdkonov\u00fd zesilova\u010d &#8211; Monoblok (p\u00e1r). Vysoce v\u00fdkonn\u00fd elektronkov\u00fd zesilova\u010d vyu\u017e\u00edvaj\u00edc\u00ed ve v\u00fdkonov\u00e9 \u010d\u00e1sti 10 elektronek typu KT88 (Electro-Harmonix). Na vstupu je osazen elektronkou 12AT7EHV a v bud\u00edc\u00edch obvodech je zapojena dvojice elektronek 12BH7. V\u00fdstupn\u00ed \u010d\u00e1st je potom mo\u017en\u00e9 p\u0159ep\u00ednat mezi tetrodov\u00fdm m\u00f3dem (500 W do 8 ohm\u016f) a triodov\u00fdm m\u00f3dem (275 W do 8 ohm\u016f). Mohutn\u011b dimenzovan\u00fd nap\u00e1jec\u00ed zdroj s velkou rezervou zaji\u0161\u0165uje bezprobl\u00e9movou reprodukci i s velmi v\u00fdkonov\u011b n\u00e1ro\u010dn\u00fdmi reprosoustavami. Zesilova\u010d je d\u00e1le vybaven Ever-Warm obvodem udr\u017euj\u00edc\u00edm p\u0159\u00edstroj p\u0159ipraven\u00fd k okam\u017eit\u00e9mu pou\u017eit\u00ed. Spot\u0159eba v m\u00f3du Ever-Warm je 30 W.<\/p>\n<p>Cena za p\u00e1r<\/p>\n<p>&nbsp;<\/p>\n<p><strong>Specifikace<\/strong><\/p>\n<p>&nbsp;<\/p>\n<table class=\"Styl1\" style=\"height: 369px;\" border=\"0\" width=\"894\" cellspacing=\"0\" cellpadding=\"0\">\n<tbody>\n<tr>\n<td valign=\"top\">Model<\/td>\n<td valign=\"top\">Neo Classic 500<\/td>\n<\/tr>\n<tr>\n<td valign=\"top\">V\u00fdkon (trioda)<\/td>\n<td valign=\"top\">275 W<\/td>\n<\/tr>\n<tr>\n<td valign=\"top\">V\u00fdkon (tetroda)<\/td>\n<td valign=\"top\">500 W<\/td>\n<\/tr>\n<tr>\n<td valign=\"top\">Osazen\u00ed (p\u00e1r)<\/td>\n<td valign=\"top\">2x 12AT7EH (vstup), 2 X 12BH7 (budi\u010d), 20 x KT88 (v\u00fdstup)<\/td>\n<\/tr>\n<tr>\n<td valign=\"top\">Odstup sign\u00e1l\/\u0161um<\/td>\n<td valign=\"top\">-80dB<\/td>\n<\/tr>\n<tr>\n<td valign=\"top\">Frekven\u010dn\u00ed rozsah<\/td>\n<td valign=\"top\">10 Hz &#8211; 30 000 Hz<\/td>\n<\/tr>\n<tr>\n<td valign=\"top\">Vstupn\u00ed impedance<\/td>\n<td valign=\"top\">116 kOhm<\/td>\n<\/tr>\n<tr>\n<td valign=\"top\">Dynamick\u00fd rozsah<\/td>\n<td valign=\"top\">96dB<\/td>\n<\/tr>\n<tr>\n<td valign=\"top\">Impedance reprosoustav<\/td>\n<td valign=\"top\">\u00a05 Ohm (doporu\u010den\u00e1)<\/td>\n<\/tr>\n<tr>\n<td valign=\"top\">Vstupy<\/td>\n<td valign=\"top\">Linka RCA, Linka XLR<\/td>\n<\/tr>\n<tr>\n<td valign=\"top\">Hmotnost<\/td>\n<td valign=\"top\">33 kg<\/td>\n<\/tr>\n<tr>\n<td valign=\"top\">Rozm\u011bry (\u0160 x V x H)<\/td>\n<td valign=\"top\">438 x 229 x 330 mm<\/td>\n<\/tr>\n<\/tbody>\n<\/table>\n<p>&nbsp;<\/p>\n","protected":false},"excerpt":{"rendered":"<p>Neo Classic 500 monoblok v\u00fdkonov\u00fd zesilova\u010d (p\u00e1r)<\/p>\n","protected":false},"featured_media":39484,"comment_status":"closed","ping_status":"closed","template":"","meta":[],"pwb-brand":[326],"product_brand":[],"product_cat":[294,133],"product_tag":[267,114,69],"class_list":{"0":"post-39419","1":"product","2":"type-product","3":"status-publish","4":"has-post-thumbnail","6":"pwb-brand-manley","7":"product_cat-manley-hi-fi","8":"product_cat-zesilovace-high-end-audio","9":"product_tag-elektronkovy","10":"product_tag-monoblok","11":"product_tag-zesilovac","13":"first","14":"onbackorder","15":"taxable","16":"shipping-taxable","17":"purchasable","18":"product-type-simple"},"aioseo_notices":[],"jetpack_sharing_enabled":true,"brands":[{"id":326,"name":"Manley","slug":"manley"}],"_links":{"self":[{"href":"https:\/\/www.altei.cz\/hifi\/wp-json\/wp\/v2\/product\/39419","targetHints":{"allow":["GET"]}}],"collection":[{"href":"https:\/\/www.altei.cz\/hifi\/wp-json\/wp\/v2\/product"}],"about":[{"href":"https:\/\/www.altei.cz\/hifi\/wp-json\/wp\/v2\/types\/product"}],"replies":[{"embeddable":true,"href":"https:\/\/www.altei.cz\/hifi\/wp-json\/wp\/v2\/comments?post=39419"}],"wp:featuredmedia":[{"embeddable":true,"href":"https:\/\/www.altei.cz\/hifi\/wp-json\/wp\/v2\/media\/39484"}],"wp:attachment":[{"href":"https:\/\/www.altei.cz\/hifi\/wp-json\/wp\/v2\/media?parent=39419"}],"wp:term":[{"taxonomy":"pwb-brand","embeddable":true,"href":"https:\/\/www.altei.cz\/hifi\/wp-json\/wp\/v2\/pwb-brand?post=39419"},{"taxonomy":"product_brand","embeddable":true,"href":"https:\/\/www.altei.cz\/hifi\/wp-json\/wp\/v2\/product_brand?post=39419"},{"taxonomy":"product_cat","embeddable":true,"href":"https:\/\/www.altei.cz\/hifi\/wp-json\/wp\/v2\/product_cat?post=39419"},{"taxonomy":"product_tag","embeddable":true,"href":"https:\/\/www.altei.cz\/hifi\/wp-json\/wp\/v2\/product_tag?post=39419"}],"curies":[{"name":"wp","href":"https:\/\/api.w.org\/{rel}","templated":true}]}}