{"id":39420,"date":"2022-06-01T22:35:43","date_gmt":"2022-06-01T20:35:43","guid":{"rendered":"https:\/\/www.altei.cz\/hifi\/?post_type=product&#038;p=39420"},"modified":"2026-04-22T14:05:56","modified_gmt":"2026-04-22T12:05:56","slug":"sony-vpl-gtz380","status":"publish","type":"product","link":"https:\/\/www.altei.cz\/hifi\/produkt\/sony-vpl-gtz380\/","title":{"rendered":"SONY VPL-GTZ380"},"content":{"rendered":"<p>Nekompromisn\u00ed projektor pro skute\u010dn\u011b velk\u00e9 High-End dom\u00e1c\u00ed kino pro nejn\u00e1ro\u010dn\u011bj\u0161\u00ed div\u00e1ky s rozli\u0161en\u00edm True 4K. Technologie SXRD (HFR), barevn\u00fd prostor DCI P3, obrazov\u00fd procesor X1 Ultimate, laserov\u00fd zdroj sv\u011btla s \u017eivotnost\u00ed 20.000 hodin, v\u00fdm\u011bnn\u00fd celosklen\u011bn\u00fd objektiv ARC-F, rozli\u0161en\u00ed 3x 4.096 x 2.160, sv\u011bteln\u00fd tok 10.000 lm, podpora 3D, HDR (High Dynamic Range), dynamick\u00fd kontrast v\u00edce ne\u017e 1.000.000 : 1, rozhran\u00ed 2x HDMI, LAN \/ RJ-45, RS-232, USB, barva \u010dern\u00e1. Cena bez objektivu. Mo\u017eno vybrat objektiv pro standardn\u00ed vzd\u00e1lenost projekce <a title=\"SONY VPLL-Z8014\" href=\"https:\/\/www.altei.cz\/altei-shop\/sony-vpll-z8014\/\">VPLL-Z8014<\/a> nebo pro kr\u00e1tkou vzd\u00e1lenost <a title=\"SONY VPLL-Z8008\" href=\"https:\/\/www.altei.cz\/altei-shop\/sony-vpll-z8008\/\">VPLL-Z8008<\/a>.<\/p>\n<div  class='avia-button-wrap av-psz6c2-2080f2c393b9c45e6fb099d1b0efe8a8-wrap avia-button-center  avia-builder-el-0  avia-builder-el-no-sibling '><a href=''  class='avia-button av-psz6c2-2080f2c393b9c45e6fb099d1b0efe8a8 av-link-btn avia-icon_select-no avia-size-small avia-position-center avia-color-theme-color'   aria-label=\"V\u00edce\"><span class='avia_iconbox_title' >V\u00edce<\/span><\/a><\/div>\n","protected":false},"excerpt":{"rendered":"<h4>True 4K 10 000 lm laserov\u00fd projektor pro nekompromisn\u00ed dom\u00e1c\u00ed kino<\/h4>\n","protected":false},"featured_media":39487,"comment_status":"closed","ping_status":"closed","template":"","meta":[],"pwb-brand":[461],"product_brand":[],"product_cat":[423,189,425],"product_tag":[436,451,433,430,427,435,428,178,429,431,452],"class_list":{"0":"post-39420","1":"product","2":"type-product","3":"status-publish","4":"has-post-thumbnail","6":"pwb-brand-sony-home-cinema","7":"product_cat-digitalni-projektor","8":"product_cat-sony","9":"product_cat-sony-home-cinema","10":"product_tag-arc-f","11":"product_tag-dci-p3","12":"product_tag-hdmi-18gbps","13":"product_tag-hdr","14":"product_tag-hfr","15":"product_tag-laser","16":"product_tag-projektor","17":"product_tag-sony","18":"product_tag-sxrd","19":"product_tag-true-4k","20":"product_tag-x1-ultimate","22":"first","23":"onbackorder","24":"taxable","25":"shipping-taxable","26":"purchasable","27":"product-type-simple"},"aioseo_notices":[],"jetpack_sharing_enabled":true,"brands":[{"id":461,"name":"SONY Home Cinema","slug":"sony-home-cinema"}],"_links":{"self":[{"href":"https:\/\/www.altei.cz\/hifi\/wp-json\/wp\/v2\/product\/39420","targetHints":{"allow":["GET"]}}],"collection":[{"href":"https:\/\/www.altei.cz\/hifi\/wp-json\/wp\/v2\/product"}],"about":[{"href":"https:\/\/www.altei.cz\/hifi\/wp-json\/wp\/v2\/types\/product"}],"replies":[{"embeddable":true,"href":"https:\/\/www.altei.cz\/hifi\/wp-json\/wp\/v2\/comments?post=39420"}],"wp:featuredmedia":[{"embeddable":true,"href":"https:\/\/www.altei.cz\/hifi\/wp-json\/wp\/v2\/media\/39487"}],"wp:attachment":[{"href":"https:\/\/www.altei.cz\/hifi\/wp-json\/wp\/v2\/media?parent=39420"}],"wp:term":[{"taxonomy":"pwb-brand","embeddable":true,"href":"https:\/\/www.altei.cz\/hifi\/wp-json\/wp\/v2\/pwb-brand?post=39420"},{"taxonomy":"product_brand","embeddable":true,"href":"https:\/\/www.altei.cz\/hifi\/wp-json\/wp\/v2\/product_brand?post=39420"},{"taxonomy":"product_cat","embeddable":true,"href":"https:\/\/www.altei.cz\/hifi\/wp-json\/wp\/v2\/product_cat?post=39420"},{"taxonomy":"product_tag","embeddable":true,"href":"https:\/\/www.altei.cz\/hifi\/wp-json\/wp\/v2\/product_tag?post=39420"}],"curies":[{"name":"wp","href":"https:\/\/api.w.org\/{rel}","templated":true}]}}