{"id":39453,"date":"2022-06-01T22:36:07","date_gmt":"2022-06-01T20:36:07","guid":{"rendered":"https:\/\/www.altei.cz\/hifi\/?post_type=product&#038;p=39453"},"modified":"2026-04-22T14:05:20","modified_gmt":"2026-04-22T12:05:20","slug":"sony-vpll-z8008","status":"publish","type":"product","link":"https:\/\/www.altei.cz\/hifi\/produkt\/sony-vpll-z8008\/","title":{"rendered":"SONY VPLL-Z8008"},"content":{"rendered":"<p>V\u00fdm\u011bnn\u00fd celosklen\u011bn\u00fd ARC-F (All Range Crisp Focus) objektiv pro projektor <a title=\"Sony VPL-GTZ380\" href=\"https:\/\/www.altei.cz\/high-end-av\/sony-vpl-gtz380\/\">VPL-GTZ380<\/a> pro kr\u00e1tkou projek\u010dn\u00ed vzd\u00e1lenost 0,80:1 a\u017e 1,02:1<\/p>\n<div class=\"page\" title=\"Page 25\">\n<div class=\"section\">\n<div class=\"layoutArea\">\n<div class=\"column\">\n<p>Speci\u00e1ln\u011b vyvinut\u00fd objektiv pln\u011b vyu\u017e\u00edv\u00e1 v\u00fdhod vysok\u00e9ho rozli\u0161en\u00ed 4K (nebo Full HD) a poskytuje perfektn\u00ed zaost\u0159en\u00ed v cel\u00e9m rozsahu.<\/p>\n<\/div>\n<\/div>\n<\/div>\n<\/div>\n<div  class='avia-button-wrap av-psz6c2-2080f2c393b9c45e6fb099d1b0efe8a8-wrap avia-button-center  avia-builder-el-0  avia-builder-el-no-sibling '><a href=''  class='avia-button av-psz6c2-2080f2c393b9c45e6fb099d1b0efe8a8 av-link-btn avia-icon_select-no avia-size-small avia-position-center avia-color-theme-color'   aria-label=\"V\u00edce\"><span class='avia_iconbox_title' >V\u00edce<\/span><\/a><\/div>\n","protected":false},"excerpt":{"rendered":"<h4>Objektiv pro laserov\u00fd projektor VPL-GTZ380 (kr\u00e1tk\u00e1 vzd\u00e1lenost)<\/h4>\n","protected":false},"featured_media":39490,"comment_status":"closed","ping_status":"closed","template":"","meta":[],"pwb-brand":[461],"product_brand":[],"product_cat":[423,189,425],"product_tag":[436,430,427,453,178,431],"class_list":{"0":"post-39453","1":"product","2":"type-product","3":"status-publish","4":"has-post-thumbnail","6":"pwb-brand-sony-home-cinema","7":"product_cat-digitalni-projektor","8":"product_cat-sony","9":"product_cat-sony-home-cinema","10":"product_tag-arc-f","11":"product_tag-hdr","12":"product_tag-hfr","13":"product_tag-objektiv","14":"product_tag-sony","15":"product_tag-true-4k","17":"first","18":"onbackorder","19":"taxable","20":"shipping-taxable","21":"purchasable","22":"product-type-simple"},"aioseo_notices":[],"jetpack_sharing_enabled":true,"brands":[{"id":461,"name":"SONY Home Cinema","slug":"sony-home-cinema"}],"_links":{"self":[{"href":"https:\/\/www.altei.cz\/hifi\/wp-json\/wp\/v2\/product\/39453","targetHints":{"allow":["GET"]}}],"collection":[{"href":"https:\/\/www.altei.cz\/hifi\/wp-json\/wp\/v2\/product"}],"about":[{"href":"https:\/\/www.altei.cz\/hifi\/wp-json\/wp\/v2\/types\/product"}],"replies":[{"embeddable":true,"href":"https:\/\/www.altei.cz\/hifi\/wp-json\/wp\/v2\/comments?post=39453"}],"wp:featuredmedia":[{"embeddable":true,"href":"https:\/\/www.altei.cz\/hifi\/wp-json\/wp\/v2\/media\/39490"}],"wp:attachment":[{"href":"https:\/\/www.altei.cz\/hifi\/wp-json\/wp\/v2\/media?parent=39453"}],"wp:term":[{"taxonomy":"pwb-brand","embeddable":true,"href":"https:\/\/www.altei.cz\/hifi\/wp-json\/wp\/v2\/pwb-brand?post=39453"},{"taxonomy":"product_brand","embeddable":true,"href":"https:\/\/www.altei.cz\/hifi\/wp-json\/wp\/v2\/product_brand?post=39453"},{"taxonomy":"product_cat","embeddable":true,"href":"https:\/\/www.altei.cz\/hifi\/wp-json\/wp\/v2\/product_cat?post=39453"},{"taxonomy":"product_tag","embeddable":true,"href":"https:\/\/www.altei.cz\/hifi\/wp-json\/wp\/v2\/product_tag?post=39453"}],"curies":[{"name":"wp","href":"https:\/\/api.w.org\/{rel}","templated":true}]}}