{"id":40099,"date":"2022-12-05T16:14:13","date_gmt":"2022-12-05T15:14:13","guid":{"rendered":"https:\/\/www.altei.cz\/hifi\/?post_type=product&#038;p=40099"},"modified":"2023-01-16T14:20:00","modified_gmt":"2023-01-16T13:20:00","slug":"oldstep-step-up-transformer","status":"publish","type":"product","link":"https:\/\/www.altei.cz\/hifi\/produkt\/oldstep-step-up-transformer\/","title":{"rendered":"OldStep Step Up Transformer pro MC LV p\u0159enosky"},"content":{"rendered":"<p><span id=\"page38R_mcid30\" class=\"markedContent\"><span dir=\"ltr\" role=\"presentation\">OldStep Step Up Transformer pro MC LV p\u0159enosky &#8211; Za\u0159\u00edzen\u00ed umo\u017e\u0148uje zapojen\u00ed do audio <\/span><span dir=\"ltr\" role=\"presentation\">\u0159et\u011bzce s p\u0159enoskou, kter\u00e1 m\u00e1 n\u00edzk\u00e9 <\/span><span dir=\"ltr\" role=\"presentation\">v\u00fdstupn\u00ed nap\u011bt\u00ed od<\/span> <span dir=\"ltr\" role=\"presentation\">0,1mV.<\/span> <span dir=\"ltr\" role=\"presentation\">Oldstep <\/span><span dir=\"ltr\" role=\"presentation\">konstrukce pro Hgh End za\u0159\u00edzen\u00ed.<br \/>\n<\/span><\/span><span id=\"page38R_mcid31\" class=\"markedContent\"><span dir=\"ltr\" role=\"presentation\">Zak\u00e1zkov\u00e1 v\u00fdroba.<\/span><\/span><\/p>\n","protected":false},"excerpt":{"rendered":"<h4><span id=\"page38R_mcid33\" class=\"markedContent\"><span dir=\"ltr\" role=\"presentation\">Step Up Transformer pro MC LV p\u0159enosky<\/span><\/span><\/h4>\n","protected":false},"featured_media":40101,"comment_status":"closed","ping_status":"closed","template":"","meta":[],"pwb-brand":[458],"product_brand":[],"product_cat":[315,221],"product_tag":[160,487,488],"class_list":{"0":"post-40099","1":"product","2":"type-product","3":"status-publish","4":"has-post-thumbnail","6":"pwb-brand-oldstep","7":"product_cat-oldstep","8":"product_cat-prislusenstvi","9":"product_tag-mc-prenoska","10":"product_tag-step-up","11":"product_tag-transformator","13":"first","14":"instock","15":"taxable","16":"shipping-taxable","17":"purchasable","18":"product-type-simple"},"aioseo_notices":[],"jetpack_sharing_enabled":true,"brands":[{"id":458,"name":"OldStep","slug":"oldstep"}],"_links":{"self":[{"href":"https:\/\/www.altei.cz\/hifi\/wp-json\/wp\/v2\/product\/40099","targetHints":{"allow":["GET"]}}],"collection":[{"href":"https:\/\/www.altei.cz\/hifi\/wp-json\/wp\/v2\/product"}],"about":[{"href":"https:\/\/www.altei.cz\/hifi\/wp-json\/wp\/v2\/types\/product"}],"replies":[{"embeddable":true,"href":"https:\/\/www.altei.cz\/hifi\/wp-json\/wp\/v2\/comments?post=40099"}],"wp:featuredmedia":[{"embeddable":true,"href":"https:\/\/www.altei.cz\/hifi\/wp-json\/wp\/v2\/media\/40101"}],"wp:attachment":[{"href":"https:\/\/www.altei.cz\/hifi\/wp-json\/wp\/v2\/media?parent=40099"}],"wp:term":[{"taxonomy":"pwb-brand","embeddable":true,"href":"https:\/\/www.altei.cz\/hifi\/wp-json\/wp\/v2\/pwb-brand?post=40099"},{"taxonomy":"product_brand","embeddable":true,"href":"https:\/\/www.altei.cz\/hifi\/wp-json\/wp\/v2\/product_brand?post=40099"},{"taxonomy":"product_cat","embeddable":true,"href":"https:\/\/www.altei.cz\/hifi\/wp-json\/wp\/v2\/product_cat?post=40099"},{"taxonomy":"product_tag","embeddable":true,"href":"https:\/\/www.altei.cz\/hifi\/wp-json\/wp\/v2\/product_tag?post=40099"}],"curies":[{"name":"wp","href":"https:\/\/api.w.org\/{rel}","templated":true}]}}