{"id":40150,"date":"2022-12-09T17:33:26","date_gmt":"2022-12-09T16:33:26","guid":{"rendered":"https:\/\/www.altei.cz\/hifi\/?post_type=product&#038;p=40150"},"modified":"2023-10-13T15:05:53","modified_gmt":"2023-10-13T13:05:53","slug":"fischer-fischer-klein","status":"publish","type":"product","link":"https:\/\/www.altei.cz\/hifi\/produkt\/fischer-fischer-klein\/","title":{"rendered":"FISCHER &amp; FISCHER KLEIN"},"content":{"rendered":"<p><strong>Akce &#8211; stojany FISCHER &amp; FISCHER v hodnot\u011b 28 000,- K\u010d sou\u010d\u00e1st\u00ed reprosoustavy<\/strong><\/p>\n<p>FISCHER &amp; FISCHER KLEIN je dvoup\u00e1smov\u00e1 reprosoustava kompaktn\u00edch rozm\u011br\u016f. Vzhledem k mal\u00fdm rozm\u011br\u016fm je frekven\u010dn\u00ed v\u00fdhybka um\u00edst\u011bna ve zvl\u00e1\u0161tn\u00ed sk\u0159\u00ed\u0148ce kter\u00e1 je s reprosoustavou propojena kabelem. Reprosoustavy se na zak\u00e1zku vyr\u00e1b\u011bj\u00ed v N\u011bmecku z p\u0159\u00edrodn\u00ed p\u016fl miliardy let star\u00e9 b\u0159idlice. Komplet s v\u00fdhybkou a propojovac\u00edch kabel\u016f.<\/p>\n<p>Cena za p\u00e1r.<\/p>\n","protected":false},"excerpt":{"rendered":"<p>Dvoup\u00e1smov\u00e1 reg\u00e1lov\u00e1 reprosoustava s basreflexem<\/p>\n","protected":false},"featured_media":40149,"comment_status":"open","ping_status":"closed","template":"","meta":[],"pwb-brand":[489],"product_brand":[],"product_cat":[369,411,82],"product_tag":[66,86,264],"class_list":{"0":"post-40150","1":"product","2":"type-product","3":"status-publish","4":"has-post-thumbnail","6":"pwb-brand-fischer-fischer","7":"product_cat-akce","8":"product_cat-reprosoustavy-2","9":"product_cat-reprosoustavy","10":"product_tag-hi-fi","11":"product_tag-regalova","12":"product_tag-reprosoustava","14":"first","15":"instock","16":"taxable","17":"shipping-taxable","18":"purchasable","19":"product-type-simple"},"aioseo_notices":[],"jetpack_sharing_enabled":true,"brands":[{"id":489,"name":"Fischer&amp;Fischer","slug":"fischer-fischer"}],"_links":{"self":[{"href":"https:\/\/www.altei.cz\/hifi\/wp-json\/wp\/v2\/product\/40150","targetHints":{"allow":["GET"]}}],"collection":[{"href":"https:\/\/www.altei.cz\/hifi\/wp-json\/wp\/v2\/product"}],"about":[{"href":"https:\/\/www.altei.cz\/hifi\/wp-json\/wp\/v2\/types\/product"}],"replies":[{"embeddable":true,"href":"https:\/\/www.altei.cz\/hifi\/wp-json\/wp\/v2\/comments?post=40150"}],"wp:featuredmedia":[{"embeddable":true,"href":"https:\/\/www.altei.cz\/hifi\/wp-json\/wp\/v2\/media\/40149"}],"wp:attachment":[{"href":"https:\/\/www.altei.cz\/hifi\/wp-json\/wp\/v2\/media?parent=40150"}],"wp:term":[{"taxonomy":"pwb-brand","embeddable":true,"href":"https:\/\/www.altei.cz\/hifi\/wp-json\/wp\/v2\/pwb-brand?post=40150"},{"taxonomy":"product_brand","embeddable":true,"href":"https:\/\/www.altei.cz\/hifi\/wp-json\/wp\/v2\/product_brand?post=40150"},{"taxonomy":"product_cat","embeddable":true,"href":"https:\/\/www.altei.cz\/hifi\/wp-json\/wp\/v2\/product_cat?post=40150"},{"taxonomy":"product_tag","embeddable":true,"href":"https:\/\/www.altei.cz\/hifi\/wp-json\/wp\/v2\/product_tag?post=40150"}],"curies":[{"name":"wp","href":"https:\/\/api.w.org\/{rel}","templated":true}]}}