{"id":40155,"date":"2022-12-12T10:36:03","date_gmt":"2022-12-12T09:36:03","guid":{"rendered":"https:\/\/www.altei.cz\/hifi\/?post_type=product&#038;p=40155"},"modified":"2025-06-16T12:01:48","modified_gmt":"2025-06-16T10:01:48","slug":"apogee-groove","status":"publish","type":"product","link":"https:\/\/www.altei.cz\/hifi\/produkt\/apogee-groove\/","title":{"rendered":"Apogee Groove"},"content":{"rendered":"<p><a href=\"https:\/\/www.apogeedigital.com\" target=\"_blank\" rel=\"noopener\">Apogee<\/a> Groove je skv\u011bl\u00fd USB DA p\u0159evodn\u00edk a sluch\u00e1tkov\u00fd zesilova\u010d pro poslech hudby na va\u0161em Mac, PC nebo iOS za\u0159\u00edzen\u00ed USB-C *. Groove pou\u017e\u00edv\u00e1 stejnou zvukovou technologii, kterou najdete v nejpresti\u017en\u011bj\u0161\u00edch nahr\u00e1vac\u00edch studi\u00edch a p\u0159en\u00e1\u0161\u00ed ji na v\u00e1\u0161 notebook. P\u0159ipojte Groove do USB portu po\u010d\u00edta\u010de a va\u0161e sluch\u00e1tka nebo aktivn\u00ed reprosoustavy do audio v\u00fdstupu va\u0161eho Groove. A to je v\u0161e. V\u00fdstup Groove nab\u00edz\u00ed dostatek v\u00fdkonu do libovoln\u00e9 impedance a <a href=\"https:\/\/www.altei.cz\/wp_apogeedigital\/apogee-historie-3\/\" target=\"_blank\" rel=\"noopener\">Apogee<\/a> technologie Constant Current Drive\u2122 dostane z va\u0161ich sluch\u00e1tek nejlep\u0161\u00ed mo\u017en\u00fd zvuk. Budete ohromeni rozd\u00edlem ve zvukov\u00e9 kvalit\u011b \u2013 precizn\u00ed stereo obraz, razantn\u00ed basy a \u00fa\u017easn\u011b \u010dist\u00e9 vysok\u00e9 high-haty.<\/p>\n<p>V\u00e1\u0161 po\u010d\u00edta\u010d nebo telefon je sice vybaven vestav\u011bn\u00fdm DAC, ov\u0161em ne ve srovnateln\u00e9 kvalit\u011b jako DAC, kter\u00fdm je vybaven Groove. P\u0159ich\u00e1z\u00edte tak o jemn\u00e9 nuance hudby, jej\u00ed detaily a rozm\u011br nez\u00e1visle na pou\u017eit\u00fdch sluch\u00e1tk\u00e1ch \u010di reprosoustav\u011b.<\/p>\n<p><strong>CONSTANT CURRENT DRIVE\u2122<\/strong><br \/>\nDosta\u0148te maximum z jak\u00fdchkoliv sluch\u00e1tek<\/p>\n<p>V\u00fdstupn\u00ed obvody Apogee Groove CONSTANT CURRENT DRIVE\u2122 dynamicky kompenzuj\u00ed elektromechanick\u00e9 nebo akustick\u00e9 nelinearity va\u0161ich p\u0159ipojen\u00fdch sluch\u00e1tek, co\u017e vede k ni\u017e\u0161\u00edmu zkreslen\u00ed a line\u00e1rn\u011bj\u0161\u00ed frekven\u010dn\u00ed odezv\u011b. A\u0165 pou\u017eijete kvalitn\u00ed &#8222;\u0161punty&#8220; nebo skute\u010dn\u00e1 \u201chi-fi\u201d sluch\u00e1tka, objev\u00edte novou \u00farove\u0148 v\u011brnosti, \u010distoty a detailu poslechu.<\/p>\n<p><strong>QUAD SUM DAC\u2122<\/strong><br \/>\nGroove je t\u00e9\u017e vybaven \u0159e\u0161en\u00edm Quad Sum DAC\u2122\u00a0 se \u010dty\u0159mi DA p\u0159evodn\u00edky na kan\u00e1l pro dosa\u017een\u00ed nejvy\u0161\u0161\u00edho dynamick\u00e9ho rozsahu a nejni\u017e\u0161\u00edho zkreslen\u00ed ve sv\u00e9 t\u0159\u00edd\u011b.<\/p>\n<p><a href=\"https:\/\/www.altei.cz\/wp_apogeedigital\/groove-recenze\/\" target=\"_blank\" rel=\"noopener\">Recenze zde<\/a><\/p>\n<p><a href=\"https:\/\/www.hifi-voice.com\/testy-a-recenze\/da-prevodniky-dac\/98-apogee-groove\" target=\"_blank\" rel=\"noopener\">Recenze HIFI VOICE<\/a><\/p>\n<p>*Pro p\u0159ipojen\u00ed k iOS za\u0159\u00edzen\u00ed s Lightning portem je t\u0159eba zakoupit redukci USB 3 pro kameru a p\u0159ipojit extern\u00ed napaje\u010d<\/p>\n","protected":false},"excerpt":{"rendered":"<p>USB DA P\u0159evodn\u00edk a sluch\u00e1tkov\u00fd zesilova\u010d pro Mac, PC a iOS<\/p>\n","protected":false},"featured_media":40156,"comment_status":"open","ping_status":"closed","template":"","meta":[],"pwb-brand":[329],"product_brand":[],"product_cat":[40,121],"product_tag":[491,33,211,535,212,123,60,536],"class_list":{"0":"post-40155","1":"product","2":"type-product","3":"status-publish","4":"has-post-thumbnail","6":"pwb-brand-apogee","7":"product_cat-audio-prevodniky","8":"product_cat-sluchatkove-zesilovace","9":"product_tag-da-prevodnik","10":"product_tag-dac","11":"product_tag-ios","12":"product_tag-iphone","13":"product_tag-mac","14":"product_tag-sluchatkovy-zesilovac","15":"product_tag-usb","16":"product_tag-win","17":"product_shipping_class-z-1-kg","19":"first","20":"onbackorder","21":"taxable","22":"shipping-taxable","23":"purchasable","24":"product-type-simple"},"aioseo_notices":[],"jetpack_sharing_enabled":true,"brands":[{"id":329,"name":"Apogee","slug":"apogee"}],"_links":{"self":[{"href":"https:\/\/www.altei.cz\/hifi\/wp-json\/wp\/v2\/product\/40155","targetHints":{"allow":["GET"]}}],"collection":[{"href":"https:\/\/www.altei.cz\/hifi\/wp-json\/wp\/v2\/product"}],"about":[{"href":"https:\/\/www.altei.cz\/hifi\/wp-json\/wp\/v2\/types\/product"}],"replies":[{"embeddable":true,"href":"https:\/\/www.altei.cz\/hifi\/wp-json\/wp\/v2\/comments?post=40155"}],"wp:featuredmedia":[{"embeddable":true,"href":"https:\/\/www.altei.cz\/hifi\/wp-json\/wp\/v2\/media\/40156"}],"wp:attachment":[{"href":"https:\/\/www.altei.cz\/hifi\/wp-json\/wp\/v2\/media?parent=40155"}],"wp:term":[{"taxonomy":"pwb-brand","embeddable":true,"href":"https:\/\/www.altei.cz\/hifi\/wp-json\/wp\/v2\/pwb-brand?post=40155"},{"taxonomy":"product_brand","embeddable":true,"href":"https:\/\/www.altei.cz\/hifi\/wp-json\/wp\/v2\/product_brand?post=40155"},{"taxonomy":"product_cat","embeddable":true,"href":"https:\/\/www.altei.cz\/hifi\/wp-json\/wp\/v2\/product_cat?post=40155"},{"taxonomy":"product_tag","embeddable":true,"href":"https:\/\/www.altei.cz\/hifi\/wp-json\/wp\/v2\/product_tag?post=40155"}],"curies":[{"name":"wp","href":"https:\/\/api.w.org\/{rel}","templated":true}]}}