{"id":40330,"date":"2022-12-19T11:05:37","date_gmt":"2022-12-19T10:05:37","guid":{"rendered":"https:\/\/www.altei.cz\/hifi\/?post_type=product&#038;p=40330"},"modified":"2024-09-05T16:53:50","modified_gmt":"2024-09-05T14:53:50","slug":"kef-reference-2-meta","status":"publish","type":"product","link":"https:\/\/www.altei.cz\/hifi\/produkt\/kef-reference-2-meta\/","title":{"rendered":"KEF Reference 2 Meta"},"content":{"rendered":"<p>Centr\u00e1ln\u00ed reproduktor Reference 2 Meta (lze pou\u017e\u00edt jako lev\u00fd-st\u0159edov\u00fd-prav\u00fd reproduktor) s 12. generac\u00ed Uni-Q\u00ae m\u011bni\u010d\u016f s MAT\u2122 m\u00e1 neskute\u010dnou schopnost v\u00e1s zcela pono\u0159it do hudby i film\u016f. Reference 2 Meta, navr\u017een\u00e1 pro lidi s men\u0161\u00edmi m\u00edstnostmi, kte\u0159\u00ed po\u017eaduj\u00ed plnohodnotn\u00fd a vysoce v\u00fdkonn\u00fd zvuk, poskytuje na obou front\u00e1ch.<br \/>\ncena za kus<\/p>\n","protected":false},"excerpt":{"rendered":"<p><strong>KEF Reference 2 Meta<\/strong><\/p>\n","protected":false},"featured_media":40331,"comment_status":"open","ping_status":"closed","template":"","meta":[],"pwb-brand":[496],"product_brand":[],"product_cat":[497,82],"product_tag":[66,108,86],"class_list":{"0":"post-40330","1":"product","2":"type-product","3":"status-publish","4":"has-post-thumbnail","6":"pwb-brand-kef","7":"product_cat-kef","8":"product_cat-reprosoustavy","9":"product_tag-hi-fi","10":"product_tag-referencni","11":"product_tag-regalova","13":"first","14":"onbackorder","15":"taxable","16":"shipping-taxable","17":"purchasable","18":"product-type-simple"},"aioseo_notices":[],"jetpack_sharing_enabled":true,"brands":[{"id":496,"name":"KEF","slug":"kef"}],"_links":{"self":[{"href":"https:\/\/www.altei.cz\/hifi\/wp-json\/wp\/v2\/product\/40330","targetHints":{"allow":["GET"]}}],"collection":[{"href":"https:\/\/www.altei.cz\/hifi\/wp-json\/wp\/v2\/product"}],"about":[{"href":"https:\/\/www.altei.cz\/hifi\/wp-json\/wp\/v2\/types\/product"}],"replies":[{"embeddable":true,"href":"https:\/\/www.altei.cz\/hifi\/wp-json\/wp\/v2\/comments?post=40330"}],"wp:featuredmedia":[{"embeddable":true,"href":"https:\/\/www.altei.cz\/hifi\/wp-json\/wp\/v2\/media\/40331"}],"wp:attachment":[{"href":"https:\/\/www.altei.cz\/hifi\/wp-json\/wp\/v2\/media?parent=40330"}],"wp:term":[{"taxonomy":"pwb-brand","embeddable":true,"href":"https:\/\/www.altei.cz\/hifi\/wp-json\/wp\/v2\/pwb-brand?post=40330"},{"taxonomy":"product_brand","embeddable":true,"href":"https:\/\/www.altei.cz\/hifi\/wp-json\/wp\/v2\/product_brand?post=40330"},{"taxonomy":"product_cat","embeddable":true,"href":"https:\/\/www.altei.cz\/hifi\/wp-json\/wp\/v2\/product_cat?post=40330"},{"taxonomy":"product_tag","embeddable":true,"href":"https:\/\/www.altei.cz\/hifi\/wp-json\/wp\/v2\/product_tag?post=40330"}],"curies":[{"name":"wp","href":"https:\/\/api.w.org\/{rel}","templated":true}]}}