{"id":40386,"date":"2022-12-20T11:30:07","date_gmt":"2022-12-20T10:30:07","guid":{"rendered":"https:\/\/www.altei.cz\/hifi\/?post_type=product&#038;p=40386"},"modified":"2024-09-06T11:18:52","modified_gmt":"2024-09-06T09:18:52","slug":"kef-blade-two-meta","status":"publish","type":"product","link":"https:\/\/www.altei.cz\/hifi\/produkt\/kef-blade-two-meta\/","title":{"rendered":"KEF Blade Two Meta"},"content":{"rendered":"<p>Blade Two Meta, kter\u00fd sd\u00edl\u00ed stejnou DNA jako Blade One Meta, nab\u00edz\u00ed ve\u0161kerou akustickou zdatnost a ikonick\u00fd design v o n\u011bco men\u0161\u00edm m\u011b\u0159\u00edtku. Blade Two Meta obsahuje technologii Single Apparent Source se \u010dty\u0159mi 165mm (6,5 palce) basov\u00fdmi m\u011bni\u010di s potla\u010den\u00edm s\u00edly a polem m\u011bni\u010d\u016f Uni-Q\u00ae 12. generace s MAT\u2122.<\/p>\n<p>Cena za p\u00e1r<\/p>\n","protected":false},"excerpt":{"rendered":"<h4>KEF Blade Two Meta<\/h4>\n","protected":false},"featured_media":40387,"comment_status":"open","ping_status":"closed","template":"","meta":[],"pwb-brand":[496],"product_brand":[],"product_cat":[497,82],"product_tag":[66,108,264,85],"class_list":{"0":"post-40386","1":"product","2":"type-product","3":"status-publish","4":"has-post-thumbnail","6":"pwb-brand-kef","7":"product_cat-kef","8":"product_cat-reprosoustavy","9":"product_tag-hi-fi","10":"product_tag-referencni","11":"product_tag-reprosoustava","12":"product_tag-sloupova","14":"first","15":"onbackorder","16":"taxable","17":"shipping-taxable","18":"purchasable","19":"product-type-simple"},"aioseo_notices":[],"jetpack_sharing_enabled":true,"brands":[{"id":496,"name":"KEF","slug":"kef"}],"_links":{"self":[{"href":"https:\/\/www.altei.cz\/hifi\/wp-json\/wp\/v2\/product\/40386","targetHints":{"allow":["GET"]}}],"collection":[{"href":"https:\/\/www.altei.cz\/hifi\/wp-json\/wp\/v2\/product"}],"about":[{"href":"https:\/\/www.altei.cz\/hifi\/wp-json\/wp\/v2\/types\/product"}],"replies":[{"embeddable":true,"href":"https:\/\/www.altei.cz\/hifi\/wp-json\/wp\/v2\/comments?post=40386"}],"wp:featuredmedia":[{"embeddable":true,"href":"https:\/\/www.altei.cz\/hifi\/wp-json\/wp\/v2\/media\/40387"}],"wp:attachment":[{"href":"https:\/\/www.altei.cz\/hifi\/wp-json\/wp\/v2\/media?parent=40386"}],"wp:term":[{"taxonomy":"pwb-brand","embeddable":true,"href":"https:\/\/www.altei.cz\/hifi\/wp-json\/wp\/v2\/pwb-brand?post=40386"},{"taxonomy":"product_brand","embeddable":true,"href":"https:\/\/www.altei.cz\/hifi\/wp-json\/wp\/v2\/product_brand?post=40386"},{"taxonomy":"product_cat","embeddable":true,"href":"https:\/\/www.altei.cz\/hifi\/wp-json\/wp\/v2\/product_cat?post=40386"},{"taxonomy":"product_tag","embeddable":true,"href":"https:\/\/www.altei.cz\/hifi\/wp-json\/wp\/v2\/product_tag?post=40386"}],"curies":[{"name":"wp","href":"https:\/\/api.w.org\/{rel}","templated":true}]}}