{"id":41595,"date":"2024-01-16T11:21:50","date_gmt":"2024-01-16T10:21:50","guid":{"rendered":"https:\/\/www.altei.cz\/hifi\/?post_type=product&#038;p=41595"},"modified":"2026-03-18T22:14:08","modified_gmt":"2026-03-18T21:14:08","slug":"ta-hcp-6-3-5m","status":"publish","type":"product","link":"https:\/\/www.altei.cz\/hifi\/produkt\/ta-hcp-6-3-5m\/","title":{"rendered":"T+A HCP 6.3\/5m"},"content":{"rendered":"<p>T+A HCP 6.3\/5m je prodlou\u017een\u00e1 verze p\u0159ipojovac\u00edho kabelu pro referen\u010dn\u00ed otev\u0159en\u00e1 magnetostatick\u00e1 plan\u00e1rn\u00ed sluch\u00e1tka Solitaire P ur\u010den\u00e1 pro n\u00e1ro\u010dn\u00e9 audiofily. 6.3 mm Jack konektor. D\u00e9lka 5 m.<\/p>\n<p>&nbsp;<\/p>\n<p>&nbsp;<\/p>\n","protected":false},"excerpt":{"rendered":"<h4 class=\"ls-l-1\">Kabel pro T+A sluch\u00e1tka Solitaire P<\/h4>\n","protected":false},"featured_media":37294,"comment_status":"closed","ping_status":"closed","template":"","meta":[],"pwb-brand":[152],"product_brand":[],"product_cat":[125,117,126,31],"product_tag":[130,119,127,38],"class_list":{"0":"post-41595","1":"product","2":"type-product","3":"status-publish","4":"has-post-thumbnail","6":"pwb-brand-ta","7":"product_cat-headphone-cables-and-acc","8":"product_cat-sluchatka","9":"product_cat-sluchatkove-kabely","10":"product_cat-ta","11":"product_tag-6-3-jack","12":"product_tag-sluchatka","13":"product_tag-sluchatkovy-kabel","14":"product_tag-ta-hifi","16":"first","17":"onbackorder","18":"taxable","19":"shipping-taxable","20":"purchasable","21":"product-type-simple"},"aioseo_notices":[],"jetpack_sharing_enabled":true,"brands":[{"id":152,"name":"T+A","slug":"ta"}],"_links":{"self":[{"href":"https:\/\/www.altei.cz\/hifi\/wp-json\/wp\/v2\/product\/41595","targetHints":{"allow":["GET"]}}],"collection":[{"href":"https:\/\/www.altei.cz\/hifi\/wp-json\/wp\/v2\/product"}],"about":[{"href":"https:\/\/www.altei.cz\/hifi\/wp-json\/wp\/v2\/types\/product"}],"replies":[{"embeddable":true,"href":"https:\/\/www.altei.cz\/hifi\/wp-json\/wp\/v2\/comments?post=41595"}],"wp:featuredmedia":[{"embeddable":true,"href":"https:\/\/www.altei.cz\/hifi\/wp-json\/wp\/v2\/media\/37294"}],"wp:attachment":[{"href":"https:\/\/www.altei.cz\/hifi\/wp-json\/wp\/v2\/media?parent=41595"}],"wp:term":[{"taxonomy":"pwb-brand","embeddable":true,"href":"https:\/\/www.altei.cz\/hifi\/wp-json\/wp\/v2\/pwb-brand?post=41595"},{"taxonomy":"product_brand","embeddable":true,"href":"https:\/\/www.altei.cz\/hifi\/wp-json\/wp\/v2\/product_brand?post=41595"},{"taxonomy":"product_cat","embeddable":true,"href":"https:\/\/www.altei.cz\/hifi\/wp-json\/wp\/v2\/product_cat?post=41595"},{"taxonomy":"product_tag","embeddable":true,"href":"https:\/\/www.altei.cz\/hifi\/wp-json\/wp\/v2\/product_tag?post=41595"}],"curies":[{"name":"wp","href":"https:\/\/api.w.org\/{rel}","templated":true}]}}