{"id":41688,"date":"2024-01-31T17:49:24","date_gmt":"2024-01-31T16:49:24","guid":{"rendered":"https:\/\/www.altei.cz\/hifi\/?post_type=product&#038;p=41688"},"modified":"2025-07-18T13:38:20","modified_gmt":"2025-07-18T11:38:20","slug":"reed-m-tool","status":"publish","type":"product","link":"https:\/\/www.altei.cz\/hifi\/produkt\/reed-m-tool\/","title":{"rendered":"REED M-Tool"},"content":{"rendered":"<p>REED M-Tool (Cartridge Aligning Tool)\u00a0 je p\u0159esn\u00fd n\u00e1stroj pro mont\u00e1\u017e p\u0159enosky na hlavu ramene (headshell) Reed.<\/p>\n<p>Tento n\u00e1stroj REED HS-AA usnadn\u00ed i laik\u016fm spr\u00e1vnou mont\u00e1\u017e p\u0159enosky na headshell (hlavi\u010dku) ramene bez pou\u017eit\u00ed protraktoru. Pouze pro ramena vyroben\u00e1 spole\u010dnost\u00ed REED.<\/p>\n<p>&nbsp;<\/p>\n<p>Materi\u00e1l &#8211; ocel.<\/p>\n","protected":false},"excerpt":{"rendered":"<h4>Cartridge Alignment Tool<\/h4>\n","protected":false},"featured_media":41689,"comment_status":"closed","ping_status":"closed","template":"","meta":[],"pwb-brand":[328],"product_brand":[],"product_cat":[236,22,282],"product_tag":[103,131],"class_list":{"0":"post-41688","1":"product","2":"type-product","3":"status-publish","4":"has-post-thumbnail","6":"pwb-brand-reed","7":"product_cat-gramofonova-ramena","8":"product_cat-high-end-audio","9":"product_cat-reed","10":"product_tag-gramofon","11":"product_tag-prislusenstvi","12":"product_shipping_class-z-1-kg","14":"first","15":"instock","16":"taxable","17":"shipping-taxable","18":"purchasable","19":"product-type-simple"},"aioseo_notices":[],"jetpack_sharing_enabled":true,"brands":[{"id":328,"name":"Reed","slug":"reed"}],"_links":{"self":[{"href":"https:\/\/www.altei.cz\/hifi\/wp-json\/wp\/v2\/product\/41688","targetHints":{"allow":["GET"]}}],"collection":[{"href":"https:\/\/www.altei.cz\/hifi\/wp-json\/wp\/v2\/product"}],"about":[{"href":"https:\/\/www.altei.cz\/hifi\/wp-json\/wp\/v2\/types\/product"}],"replies":[{"embeddable":true,"href":"https:\/\/www.altei.cz\/hifi\/wp-json\/wp\/v2\/comments?post=41688"}],"wp:featuredmedia":[{"embeddable":true,"href":"https:\/\/www.altei.cz\/hifi\/wp-json\/wp\/v2\/media\/41689"}],"wp:attachment":[{"href":"https:\/\/www.altei.cz\/hifi\/wp-json\/wp\/v2\/media?parent=41688"}],"wp:term":[{"taxonomy":"pwb-brand","embeddable":true,"href":"https:\/\/www.altei.cz\/hifi\/wp-json\/wp\/v2\/pwb-brand?post=41688"},{"taxonomy":"product_brand","embeddable":true,"href":"https:\/\/www.altei.cz\/hifi\/wp-json\/wp\/v2\/product_brand?post=41688"},{"taxonomy":"product_cat","embeddable":true,"href":"https:\/\/www.altei.cz\/hifi\/wp-json\/wp\/v2\/product_cat?post=41688"},{"taxonomy":"product_tag","embeddable":true,"href":"https:\/\/www.altei.cz\/hifi\/wp-json\/wp\/v2\/product_tag?post=41688"}],"curies":[{"name":"wp","href":"https:\/\/api.w.org\/{rel}","templated":true}]}}