{"id":41887,"date":"2024-02-15T14:04:04","date_gmt":"2024-02-15T13:04:04","guid":{"rendered":"https:\/\/www.altei.cz\/hifi\/?post_type=product&#038;p=41887"},"modified":"2024-11-20T15:19:43","modified_gmt":"2024-11-20T14:19:43","slug":"weiss-dac-501-mk2","status":"publish","type":"product","link":"https:\/\/www.altei.cz\/hifi\/produkt\/weiss-dac-501-mk2\/","title":{"rendered":"Weiss DAC-501-MK2"},"content":{"rendered":"<p>Weiss DAC-501-MK2 je stejn\u011b jako jeho v\u011bt\u0161\u00ed bratr, DAC502, kter\u00fd je v podstat\u011b stejn\u00fdm produktem jen v boxu pln\u00e9 \u0161\u00ed\u0159ky a s p\u0159idan\u00fdm 4pinov\u00fdm konektorem pro sluch\u00e1tka na zadn\u00edm panelu, obsahuje tento mal\u00fd \u0161v\u00fdcarsk\u00fd digit\u00e1ln\u00ed p\u0159evodn\u00edk, sluch\u00e1tkov\u00fd zesilova\u010d a streamer hned n\u011bkolik neobvykl\u00fdch funkc\u00ed. Je toti\u017e vybaven v\u00fdkonn\u00fdm DSP a webov\u00fdm rozhran\u00edm, kter\u00e9 umo\u017e\u0148uje jeho konfiguraci pomoc\u00ed webov\u00e9ho prohl\u00ed\u017ee\u010de. N\u00e1sleduj\u00edc\u00ed funkce jsou p\u0159\u00edstupn\u00e9 p\u0159es webov\u00e9 rozhran\u00ed: Ovl\u00e1d\u00e1n\u00ed hlasitosti a balance, v\u00fdb\u011br vstupu, typ v\u00fdstupu, konfigurace DSP algoritm\u016f, konfigurace snapshot\u016f DSP.<\/p>\n<p>&nbsp;<\/p>\n<p><strong>Va\u0161e br\u00e1na k dokonal\u00e9 reprodukci zvuku<\/strong><br \/>\nWeiss DAC-501-MK2 je kompaktn\u00ed D\/A p\u0159evodn\u00edk, AUDIO PROCESOR A S\u00cd\u0164OV\u00dd P\u0158EVODN\u00cdK<\/p>\n<p>Odhalte skute\u010dn\u00fd zvuk zvukov\u00e9ho materi\u00e1lu s kompaktn\u00edm digit\u00e1ln\u011b-analogov\u00fdm p\u0159evodn\u00edkem Weiss DAC-501-MK2. P\u0159evodn\u00edk DAC501 nen\u00ed jen pouhou reprodukc\u00ed zvuku &#8211; umo\u017e\u0148uje tak\u00e9 korigovat frekven\u010dn\u00ed nevyv\u00e1\u017eenost v poslechov\u00e9 m\u00edstnosti a upravit zvuk tak, aby l\u00e9pe vyhovoval va\u0161im preferenc\u00edm.<\/p>\n","protected":false},"excerpt":{"rendered":"<h4 class=\"ls-l-1\">DA p\u0159evodn\u00edk a s\u00ed\u0165ov\u00fd renderer Roon Ready<\/h4>\n","protected":false},"featured_media":38180,"comment_status":"closed","ping_status":"closed","template":"","meta":[],"pwb-brand":[332],"product_brand":[],"product_cat":[40,261,23,24,25,336],"product_tag":[33,35,36,337],"class_list":{"0":"post-41887","1":"product","2":"type-product","3":"status-publish","4":"has-post-thumbnail","6":"pwb-brand-weiss","7":"product_cat-audio-prevodniky","8":"product_cat-prehravace","9":"product_cat-roon-ready","10":"product_cat-roon-tested","11":"product_cat-streamovaci-prehravace","12":"product_cat-weiss-hifi","13":"product_tag-dac","14":"product_tag-prevodniky","15":"product_tag-roon-ready","16":"product_tag-weiss-hifi","18":"first","19":"onbackorder","20":"taxable","21":"shipping-taxable","22":"purchasable","23":"product-type-simple"},"aioseo_notices":[],"jetpack_sharing_enabled":true,"brands":[{"id":332,"name":"WEISS","slug":"weiss"}],"_links":{"self":[{"href":"https:\/\/www.altei.cz\/hifi\/wp-json\/wp\/v2\/product\/41887","targetHints":{"allow":["GET"]}}],"collection":[{"href":"https:\/\/www.altei.cz\/hifi\/wp-json\/wp\/v2\/product"}],"about":[{"href":"https:\/\/www.altei.cz\/hifi\/wp-json\/wp\/v2\/types\/product"}],"replies":[{"embeddable":true,"href":"https:\/\/www.altei.cz\/hifi\/wp-json\/wp\/v2\/comments?post=41887"}],"wp:featuredmedia":[{"embeddable":true,"href":"https:\/\/www.altei.cz\/hifi\/wp-json\/wp\/v2\/media\/38180"}],"wp:attachment":[{"href":"https:\/\/www.altei.cz\/hifi\/wp-json\/wp\/v2\/media?parent=41887"}],"wp:term":[{"taxonomy":"pwb-brand","embeddable":true,"href":"https:\/\/www.altei.cz\/hifi\/wp-json\/wp\/v2\/pwb-brand?post=41887"},{"taxonomy":"product_brand","embeddable":true,"href":"https:\/\/www.altei.cz\/hifi\/wp-json\/wp\/v2\/product_brand?post=41887"},{"taxonomy":"product_cat","embeddable":true,"href":"https:\/\/www.altei.cz\/hifi\/wp-json\/wp\/v2\/product_cat?post=41887"},{"taxonomy":"product_tag","embeddable":true,"href":"https:\/\/www.altei.cz\/hifi\/wp-json\/wp\/v2\/product_tag?post=41887"}],"curies":[{"name":"wp","href":"https:\/\/api.w.org\/{rel}","templated":true}]}}