{"id":43322,"date":"2025-06-06T14:18:13","date_gmt":"2025-06-06T12:18:13","guid":{"rendered":"https:\/\/www.altei.cz\/hifi\/?post_type=product&#038;p=43322"},"modified":"2025-06-16T10:42:35","modified_gmt":"2025-06-16T08:42:35","slug":"rtm-r39603-nab-civka","status":"publish","type":"product","link":"https:\/\/www.altei.cz\/hifi\/produkt\/rtm-r39603-nab-civka\/","title":{"rendered":"RTM R39603 NAB c\u00edvka"},"content":{"rendered":"<p>RTM R39603 je NAB pr\u00e1zdn\u00e1 kovov\u00e1 c\u00edvka pro magnetofon s pr\u016fm\u011brem 10,5&#8243; pro 1\/4&#8243; p\u00e1s, eloxovan\u00fd hlin\u00edk, barva \u010dern\u00e1. Maxim\u00e1ln\u00ed n\u00e1vin 1100 m p\u0159i pou\u017eit\u00ed p\u00e1su o tlou\u0161\u0165ce 35um. Vyr\u00e1b\u00ed <a title=\"RTM Recording The Masters\" href=\"https:\/\/www.altei.cz\/hifi\/rtm-recording-the-masters\/\">RTM<\/a>. Cena za 1 kus v\u010detn\u011b kartonov\u00e9ho archiva\u010dn\u00edho boxu.<\/p>\n","protected":false},"excerpt":{"rendered":"<p>RTM NAB c\u00edvka pr\u00e1zdn\u00e1 1\/4&#8243;<\/p>\n","protected":false},"featured_media":43325,"comment_status":"closed","ping_status":"closed","template":"","meta":[],"pwb-brand":[349],"product_brand":[],"product_cat":[352,350,366],"product_tag":[554,355,557,356],"class_list":{"0":"post-43322","1":"product","2":"type-product","3":"status-publish","4":"has-post-thumbnail","6":"pwb-brand-rtm","7":"product_cat-mgf-pas","8":"product_cat-mgf-pasy","9":"product_cat-rtm","10":"product_tag-kovova-civka","11":"product_tag-mgf-pas-1-4","12":"product_tag-nab","13":"product_tag-nab-reel","14":"product_shipping_class-z-1-kg","16":"first","17":"instock","18":"taxable","19":"shipping-taxable","20":"purchasable","21":"product-type-simple"},"aioseo_notices":[],"jetpack_sharing_enabled":true,"brands":[{"id":349,"name":"RTM","slug":"rtm"}],"_links":{"self":[{"href":"https:\/\/www.altei.cz\/hifi\/wp-json\/wp\/v2\/product\/43322","targetHints":{"allow":["GET"]}}],"collection":[{"href":"https:\/\/www.altei.cz\/hifi\/wp-json\/wp\/v2\/product"}],"about":[{"href":"https:\/\/www.altei.cz\/hifi\/wp-json\/wp\/v2\/types\/product"}],"replies":[{"embeddable":true,"href":"https:\/\/www.altei.cz\/hifi\/wp-json\/wp\/v2\/comments?post=43322"}],"wp:featuredmedia":[{"embeddable":true,"href":"https:\/\/www.altei.cz\/hifi\/wp-json\/wp\/v2\/media\/43325"}],"wp:attachment":[{"href":"https:\/\/www.altei.cz\/hifi\/wp-json\/wp\/v2\/media?parent=43322"}],"wp:term":[{"taxonomy":"pwb-brand","embeddable":true,"href":"https:\/\/www.altei.cz\/hifi\/wp-json\/wp\/v2\/pwb-brand?post=43322"},{"taxonomy":"product_brand","embeddable":true,"href":"https:\/\/www.altei.cz\/hifi\/wp-json\/wp\/v2\/product_brand?post=43322"},{"taxonomy":"product_cat","embeddable":true,"href":"https:\/\/www.altei.cz\/hifi\/wp-json\/wp\/v2\/product_cat?post=43322"},{"taxonomy":"product_tag","embeddable":true,"href":"https:\/\/www.altei.cz\/hifi\/wp-json\/wp\/v2\/product_tag?post=43322"}],"curies":[{"name":"wp","href":"https:\/\/api.w.org\/{rel}","templated":true}]}}