{"id":43484,"date":"2025-09-01T11:59:57","date_gmt":"2025-09-01T09:59:57","guid":{"rendered":"https:\/\/www.altei.cz\/hifi\/?post_type=product&#038;p=43484"},"modified":"2026-03-16T06:48:44","modified_gmt":"2026-03-16T05:48:44","slug":"hana-ubk-umami-black","status":"publish","type":"product","link":"https:\/\/www.altei.cz\/hifi\/produkt\/hana-ubk-umami-black\/","title":{"rendered":"HANA UBK UMAMI BLACK"},"content":{"rendered":"<p>HANA UBK tedy UMAMI BLACK je nov\u00fd referen\u010dn\u00ed vrchol \u0159ady elektrodynamick\u00fdch (MC) gramofonov\u00fdch p\u0159enosek \u83ef, neboli <a href=\"https:\/\/www.altei.cz\/hifi\/hana\/\">HANA<\/a> z Japonska a navazuje na tradici zna\u010dky \u201ebrilantn\u00edho a n\u00e1dhern\u00e9ho\u201c zvuku.<\/p>\n<p>Uzn\u00e1van\u00fd konstrukt\u00e9r p\u0159enosek Masao Okada ze spole\u010dnosti Excel Sound oslavuje v\u00edce ne\u017e p\u011bt desetilet\u00ed inovac\u00ed a dokonalosti sv\u00fdm nov\u00fdm mistrovsk\u00fdm d\u00edlem, kter\u00e9 se vyzna\u010duje diamantovou chv\u011bjkou a nov\u00fdm vysoce \u00fa\u010dinn\u00fdm MC elektromagnetick\u00fdm m\u011bni\u010dem s pohybliv\u00fdmi c\u00edvkami nazvan\u00fdm \u201eOKD\u201c.\u00a0 HANA UBK\u00a0 je mnohem v\u00edce ne\u017e jen UMAMI RED s p\u0159idanou diamantovou chv\u011bjkou.<\/p>\n<p>&nbsp;<\/p>\n<p><strong>Diamantov\u00e1 chv\u011bjka<\/strong><br \/>\nUMAMI BLACK je jako prvn\u00ed p\u0159enoska HANA vybavena chv\u011bjkou vyrobenou z diamantov\u00e9 ty\u010dinky, nejtvrd\u0161\u00edho mo\u017en\u00e9ho materi\u00e1lu, ide\u00e1ln\u00ed pro p\u0159enos sign\u00e1lu z dr\u00e1\u017eky vinylu.<\/p>\n<p><strong>Vysoce \u00fa\u010dinn\u00fd gener\u00e1tor s pohyblivou c\u00edvkou \u201eOKD\u201c<\/strong><br \/>\nUmami Black jako prvn\u00ed ve sv\u00e9 kategorii vyu\u017e\u00edv\u00e1 nov\u011b vyvinut\u00fd gener\u00e1tor \u201eOKD\u201c s prvot\u0159\u00eddn\u00edm \u201eintegrovan\u00fdm p\u00f3lov\u00fdm kusem a zadn\u00edm t\u0159menem\u201c a p\u0159edn\u00edm t\u0159menem ve tvaru obr\u00e1cen\u00e9ho p\u00edsmene U, kter\u00fd optimalizuje p\u0159enos energie z diamantov\u00e9 chv\u011bjky.<\/p>\n<p><strong>P\u0159edn\u00ed t\u0159men ve tvaru obr\u00e1cen\u00e9ho p\u00edsmene U<\/strong><br \/>\nP\u0159edn\u00ed t\u0159men ve tvaru p\u00edsmene U (rozv\u011btven\u00fd) je navr\u017een tak, aby zaji\u0161\u0165oval jak mechanickou kontrolu rezonance, tak vyrovn\u00e1n\u00ed magnetick\u00e9ho pole, a z\u00e1rove\u0148 poskytoval p\u0159esnou podporu diamantov\u00e9 chv\u011bjce.<\/p>\n<p><strong>Vysoce v\u00fdkonn\u00fd magnet ze vz\u00e1cn\u00fdch zemin<\/strong><br \/>\nVysokov\u00fdkonn\u00fd gener\u00e1tor, kter\u00fd je unik\u00e1tn\u00ed pro model Umami Black, vyu\u017e\u00edv\u00e1 magnet ze vz\u00e1cn\u00fdch zemin neodym-\u017eelezo-bor (NdFeB), kter\u00fd zaji\u0161\u0165uje vynikaj\u00edc\u00ed v\u00fdsledky p\u0159i p\u0159em\u011bn\u011b energie.<\/p>\n<p><strong>T\u011blo p\u0159enosky Auricle\u2122<\/strong><br \/>\nSrdcem \u0159ady Umami je exkluzivn\u00ed design t\u011bla Auricle\u2122, kter\u00fd byl navr\u017een tak, aby pevn\u011b podp\u00edral gener\u00e1tor \u201eOpen Air\u201d Moving Coil. Inspirov\u00e1n tvarem lidsk\u00e9ho vn\u011bj\u0161\u00edho ucha, je vyroben z leteck\u00e9ho hlin\u00edku A7075, kter\u00fd pat\u0159\u00ed mezi nejpevn\u011bj\u0161\u00ed a nejleh\u010d\u00ed slitiny na trhu. T\u011blo Umami Black je na p\u0159edn\u00ed stran\u011b opat\u0159eno elegantn\u00ed \u010dernou zirkonovou vlo\u017ekou, kter\u00e1 je\u0161t\u011b v\u00edce potla\u010duje necht\u011bn\u00e9 rezonance. Mont\u00e1\u017en\u00ed otvory se z\u00e1vitem zaji\u0161\u0165uj\u00ed optim\u00e1ln\u00ed integraci do ramene gramofonu, co\u017e zlep\u0161uje p\u0159esnost sledov\u00e1n\u00ed dr\u00e1\u017eky, dynamiku a definici n\u00edzk\u00fdch frekvenc\u00ed.<\/p>\n<p><strong>Hybridn\u00ed uhl\u00edkov\u00e1 armatura<\/strong><br \/>\n2mm \u010dtvercov\u00e1 hybridn\u00ed uhl\u00edkov\u00e1 permalloyov\u00e1 armatura p\u0159enosky HANA UBK, slo\u017een\u00e1 ze 78 % niklu a \u017eeleza obohacen\u00e9ho uhl\u00edkem, je precizn\u011b ru\u010dn\u011b navinuta 30mikronov\u00fdm, 4N vysoce \u010dist\u00fdm m\u011bd\u011bn\u00fdm dr\u00e1tem na stroj\u00edch vyvinut\u00fdch spole\u010dnost\u00ed Excel. Tato ultralehk\u00e1 pohybliv\u00e1 c\u00edvka (MC) m\u00e1 v\u00fdstup 0,3 mV p\u0159i 5 ohmech.<\/p>\n<p><strong>Kryogenn\u00ed zpracov\u00e1n\u00ed<\/strong><br \/>\nKryogenn\u00ed zpracov\u00e1n\u00ed zlep\u0161uje vlastnosti kov\u016f t\u00edm, \u017ee je vystavuje extr\u00e9mn\u011b n\u00edzk\u00fdm teplot\u00e1m, obvykle pod -184 \u00b0C, aby se zjemnila jejich mikrostruktura a zlep\u0161ila se vodivost a t\u00edm se sn\u00ed\u017eilo zkreslen\u00ed, \u010d\u00edm\u017e je dosa\u017eeno pozoruhodn\u00e9 t\u00f3nov\u00e9 \u010distoty. V\u0161echny magnetick\u00e9 a sign\u00e1lov\u00e9 komponenty p\u0159enosky HANA UBK \u2013 p\u0159edn\u00ed jho, integrovan\u00fd p\u00f3lov\u00fd kus\/zadn\u00ed jho a 24kar\u00e1tov\u00e9 pozlacen\u00e9 mosazn\u00e9 v\u00fdstupn\u00ed kol\u00edky \u2013 jsou vystaveny hlubok\u00e9 kryogenn\u00ed \u00faprav\u011b.<\/p>\n<p><strong>Speci\u00e1ln\u00ed povrchov\u00e1 \u00faprava smaltem Urushi<\/strong><br \/>\nHANA UBK &#8211; Umami Black se vyzna\u010duje n\u00e1dhernou povrchovou \u00fapravou lakem Urushi, inspirovanou tradi\u010dn\u00edm japonsk\u00fdm um\u011bn\u00edm Makie. Lak se nan\u00e1\u0161\u00ed speci\u00e1ln\u00edm termosetov\u00fdm procesem p\u0159i teplot\u011b 120 \u00b0C a spojuje se s hlin\u00edkov\u00fdm t\u011blem pomoc\u00ed depozice z plynn\u00e9 f\u00e1ze, \u010d\u00edm\u017e vytv\u00e1\u0159\u00ed odoln\u00fd vysoce leskl\u00fd povrch. Tato v\u00edcestup\u0148ov\u00e1 \u00faprava nejen dod\u00e1v\u00e1 vizu\u00e1ln\u00ed eleganci, ale m\u00e1 tak\u00e9 d\u016fle\u017eitou funkci: reguluje rezonance, zvy\u0161uje \u010distotu, p\u0159esnost obrazu a definici bas\u016f, \u010d\u00edm\u017e p\u0159isp\u00edv\u00e1 k jedine\u010dn\u011b bohat\u00e9mu zvukov\u00e9mu projevu modelu Umami Black.<\/p>\n<p><strong>Diamantov\u00fd hrot<\/strong><\/p>\n<p>Hrot z p\u0159\u00edrodn\u00edho diamantu s brusem Microline je p\u0159ilepen do laserem vyp\u00e1len\u00e9ho otvoru v pevn\u00e9 a lehk\u00e9 diamantov\u00e9 chv\u011bjce pro sledov\u00e1n\u00ed nejjemn\u011bj\u0161\u00edch hudebn\u00edch nuanc\u00ed z LP.<\/p>\n<div  class='avia-button-wrap av-stiwbg-4de00a47a7eb85266db658c11d0c2142-wrap avia-button-center  avia-builder-el-0  avia-builder-el-no-sibling '><a href='https:\/\/www.altei.cz\/hifi\/hana\/'  class='avia-button av-stiwbg-4de00a47a7eb85266db658c11d0c2142 av-link-btn avia-icon_select-no avia-size-small avia-position-center avia-color-theme-color'   aria-label=\"V\u00edce\"><span class='avia_iconbox_title' >V\u00edce<\/span><\/a><\/div>\n","protected":false},"excerpt":{"rendered":"<h4>Referen\u010dn\u00ed elektrodynamick\u00e1 p\u0159enoska MC MicroLine<\/h4>\n","protected":false},"featured_media":43486,"comment_status":"closed","ping_status":"closed","template":"","meta":[],"pwb-brand":[155],"product_brand":[],"product_cat":[157],"product_tag":[583,304,289,103,160,290,305,159,306,553],"class_list":{"0":"post-43484","1":"product","2":"type-product","3":"status-publish","4":"has-post-thumbnail","6":"pwb-brand-hana","7":"product_cat-gramofonove-prenosky","8":"product_tag-auricle","9":"product_tag-cartridge","10":"product_tag-diamant-prirodni","11":"product_tag-gramofon","12":"product_tag-mc-prenoska","13":"product_tag-microline","14":"product_tag-phono","15":"product_tag-prenoska","16":"product_tag-urushi","17":"product_tag-vinyl","19":"first","20":"onbackorder","21":"featured","22":"taxable","23":"shipping-taxable","24":"purchasable","25":"product-type-simple"},"aioseo_notices":[],"jetpack_sharing_enabled":true,"brands":[{"id":155,"name":"HANA","slug":"hana"}],"_links":{"self":[{"href":"https:\/\/www.altei.cz\/hifi\/wp-json\/wp\/v2\/product\/43484","targetHints":{"allow":["GET"]}}],"collection":[{"href":"https:\/\/www.altei.cz\/hifi\/wp-json\/wp\/v2\/product"}],"about":[{"href":"https:\/\/www.altei.cz\/hifi\/wp-json\/wp\/v2\/types\/product"}],"replies":[{"embeddable":true,"href":"https:\/\/www.altei.cz\/hifi\/wp-json\/wp\/v2\/comments?post=43484"}],"wp:featuredmedia":[{"embeddable":true,"href":"https:\/\/www.altei.cz\/hifi\/wp-json\/wp\/v2\/media\/43486"}],"wp:attachment":[{"href":"https:\/\/www.altei.cz\/hifi\/wp-json\/wp\/v2\/media?parent=43484"}],"wp:term":[{"taxonomy":"pwb-brand","embeddable":true,"href":"https:\/\/www.altei.cz\/hifi\/wp-json\/wp\/v2\/pwb-brand?post=43484"},{"taxonomy":"product_brand","embeddable":true,"href":"https:\/\/www.altei.cz\/hifi\/wp-json\/wp\/v2\/product_brand?post=43484"},{"taxonomy":"product_cat","embeddable":true,"href":"https:\/\/www.altei.cz\/hifi\/wp-json\/wp\/v2\/product_cat?post=43484"},{"taxonomy":"product_tag","embeddable":true,"href":"https:\/\/www.altei.cz\/hifi\/wp-json\/wp\/v2\/product_tag?post=43484"}],"curies":[{"name":"wp","href":"https:\/\/api.w.org\/{rel}","templated":true}]}}