{"id":72,"date":"2015-10-21T11:00:28","date_gmt":"2015-10-21T10:00:28","guid":{"rendered":"http:\/\/www.altei.cz\/wp-dcinema\/?page_id=72"},"modified":"2020-09-09T14:32:54","modified_gmt":"2020-09-09T13:32:54","slug":"contact","status":"publish","type":"page","link":"https:\/\/www.altei.cz\/wp-dcinema\/contact\/","title":{"rendered":"Kontakt"},"content":{"rendered":"\n<style type=\"text\/css\" data-created_by=\"avia_inline_auto\" id=\"style-css-av-av_heading-995a615e349f172fce8eeb2736362d4c\">\n#top .av-special-heading.av-av_heading-995a615e349f172fce8eeb2736362d4c{\npadding-bottom:10px;\n}\nbody .av-special-heading.av-av_heading-995a615e349f172fce8eeb2736362d4c .av-special-heading-tag .heading-char{\nfont-size:25px;\n}\n.av-special-heading.av-av_heading-995a615e349f172fce8eeb2736362d4c .av-subheading{\nfont-size:15px;\n}\n<\/style>\n<div  class='av-special-heading av-av_heading-995a615e349f172fce8eeb2736362d4c av-special-heading-h3  avia-builder-el-0  el_before_av_image  avia-builder-el-first '><h3 class='av-special-heading-tag '  itemprop=\"headline\"  >Kontakty<\/h3><div class=\"special-heading-border\"><div class=\"special-heading-inner-border\"><\/div><\/div><\/div>\n\n<style type=\"text\/css\" data-created_by=\"avia_inline_auto\" id=\"style-css-av-keay9fcf-a2350989cb6a3eaeffc652fbae5055c5\">\n.avia-image-container.av-keay9fcf-a2350989cb6a3eaeffc652fbae5055c5 img.avia_image{\nbox-shadow:none;\n}\n.avia-image-container.av-keay9fcf-a2350989cb6a3eaeffc652fbae5055c5 .av-image-caption-overlay-center{\ncolor:#ffffff;\n}\n<\/style>\n<div  class='avia-image-container av-keay9fcf-a2350989cb6a3eaeffc652fbae5055c5 av-styling- av-img-linked avia-align-center  avia-builder-el-1  el_after_av_heading  el_before_av_one_third '   itemprop=\"image\" itemscope=\"itemscope\" itemtype=\"https:\/\/schema.org\/ImageObject\" ><div class=\"avia-image-container-inner\"><div class=\"avia-image-overlay-wrap\"><a href=\"https:\/\/www.google.cz\/maps\/place\/DC+Rezidence\/@50.016156,14.4489263,17z\/data=!4m18!1m9!3m8!1s0x470b915d7599e49f:0xaccac7d4b48f01df!2sDC+Rezidence!5m2!4m1!1i2!8m2!3d50.0163416!4d14.4508537!3m7!1s0x470b915d7599e49f:0xaccac7d4b48f01df!5m2!4m1!1i2!8m2!3d50.0163418!4d14.4508537\" class='avia_image '  aria-label='mapa'><img decoding=\"async\" class='wp-image-1486 avia-img-lazy-loading-not-1486 avia_image ' src=\"https:\/\/www.altei.cz\/wp-dcinema\/wp-content\/uploads\/2020\/08\/mapa-1030x518.png\" alt='' title='mapa'  height=\"518\" width=\"1030\"  itemprop=\"thumbnailUrl\" srcset=\"https:\/\/www.altei.cz\/wp-dcinema\/wp-content\/uploads\/2020\/08\/mapa-1030x518.png 1030w, https:\/\/www.altei.cz\/wp-dcinema\/wp-content\/uploads\/2020\/08\/mapa-300x151.png 300w, https:\/\/www.altei.cz\/wp-dcinema\/wp-content\/uploads\/2020\/08\/mapa-80x40.png 80w, https:\/\/www.altei.cz\/wp-dcinema\/wp-content\/uploads\/2020\/08\/mapa-768x386.png 768w, https:\/\/www.altei.cz\/wp-dcinema\/wp-content\/uploads\/2020\/08\/mapa-705x354.png 705w, https:\/\/www.altei.cz\/wp-dcinema\/wp-content\/uploads\/2020\/08\/mapa.png 1184w\" sizes=\"(max-width: 1030px) 100vw, 1030px\" \/><\/a><\/div><\/div><\/div>\n<div  class='flex_column av-uv60-373553db41338996abc131a298091c69 av_one_third  avia-builder-el-2  el_after_av_image  el_before_av_one_third  first flex_column_div  '     ><section  class='av_textblock_section av-7yepc-6bca8e35a1ef3c2e2e7e3b19eb9f8f3e '   itemscope=\"itemscope\" itemtype=\"https:\/\/schema.org\/CreativeWork\" ><div class='avia_textblock'  itemprop=\"text\" ><p>Provozovna:<\/p>\n<p><strong>ALTEI spol. s r. o.<\/strong><\/p>\n<p>DC Rezidence<\/p>\n<p>Novodvorsk\u00e1 1061\/10<\/p>\n<p>142 00 Praha 4 &#8211; Lhotka<\/p>\n<p>Czech Republic<\/p>\n<p>Otev\u0159eno : Po &#8211; P\u00e1 , 9:00 a\u017e 17:00 nebo dle p\u0159edchoz\u00ed dohody<\/p>\n<div class='avia-iframe-wrap'>\n<blockquote class=\"wp-embedded-content\" data-secret=\"CR9lzK1VZv\">\n<p><a href=\"https:\/\/www.altei.cz\/gdpr-2018\/\">GDPR<\/a><\/p>\n<\/blockquote>\n<p><iframe class=\"wp-embedded-content\" sandbox=\"allow-scripts\" security=\"restricted\" style=\"position: absolute; clip: rect(1px, 1px, 1px, 1px);\" title=\"&#8222;GDPR&#8220; &#8212; Altei dodavatel profesion\u00e1ln\u00ed a High End audio a videotechniky\" src=\"https:\/\/www.altei.cz\/gdpr-2018\/embed\/#?secret=CR9lzK1VZv\" data-secret=\"CR9lzK1VZv\" width=\"600\" height=\"338\" frameborder=\"0\" marginwidth=\"0\" marginheight=\"0\" scrolling=\"no\"><\/iframe><\/div>\n<\/div><\/section><\/div>\n\n<style type=\"text\/css\" data-created_by=\"avia_inline_auto\" id=\"style-css-av-7m71k-31d491854a27c4c6cf29febc7ae4977c\">\n.flex_column.av-7m71k-31d491854a27c4c6cf29febc7ae4977c{\nborder-radius:0px 0px 0px 0px;\npadding:0px 0px 0px 0px;\n}\n<\/style>\n<div  class='flex_column av-7m71k-31d491854a27c4c6cf29febc7ae4977c av_one_third  avia-builder-el-4  el_after_av_one_third  el_before_av_one_third  flex_column_div av-zero-column-padding  '     ><section  class='av_textblock_section av-oza8-5e3dea6f60c917bbfafebff714244ce3 '   itemscope=\"itemscope\" itemtype=\"https:\/\/schema.org\/CreativeWork\" ><div class='avia_textblock'  itemprop=\"text\" ><p>Faktura\u010dn\u00ed adresa:<\/p>\n<p><strong>ALTEI spol. s r. o.<\/strong><\/p>\n<p>P\u0159emyslovsk\u00e1 7<br \/>\nCZ 130 00 Praha 3<br \/>\nCzech Republic<\/p>\n<p><strong>I\u010c : 25637274\u00a0<\/strong><\/p>\n<p><strong>DI\u010c : CZ25637274<\/strong><\/p>\n<p>Altei spol. s r.o. je registrov\u00e1na v obchodn\u00edm rejst\u0159\u00edku veden\u00e9m u M\u011bstsk\u00e9ho soudu v Praze, odd\u00edl C, vlo\u017eka 56913.<\/p>\n<\/div><\/section><\/div>\n\n<style type=\"text\/css\" data-created_by=\"avia_inline_auto\" id=\"style-css-av-67ypk-4c0d21a1f56f4a280f97abf0ecc49a54\">\n.flex_column.av-67ypk-4c0d21a1f56f4a280f97abf0ecc49a54{\nborder-radius:0px 0px 0px 0px;\npadding:0px 0px 0px 0px;\n}\n<\/style>\n<div  class='flex_column av-67ypk-4c0d21a1f56f4a280f97abf0ecc49a54 av_one_third  avia-builder-el-6  el_after_av_one_third  el_before_av_section  avia-builder-el-last  flex_column_div av-zero-column-padding  '     ><section  class='av_textblock_section av-5r7xk-cb67c24f336ec5feabb65851f43e1af3 '   itemscope=\"itemscope\" itemtype=\"https:\/\/schema.org\/CreativeWork\" ><div class='avia_textblock'  itemprop=\"text\" ><p>Tel : (+420)\u00a0731 012 941<\/p>\n<p>e-mail : info@altei.cz<\/p>\n<p><a href=\"https:\/\/www.altei.cz\">https:\/\/www.altei.cz<\/a><\/p>\n<p><a href=\"http:\/\/www.apogeedigital.cz\">https:\/\/www.apogeedigital.cz<\/a><\/p>\n<p><a href=\"http:\/\/www.apogeedigital.sk\">https:\/\/www.apogeedigital.sk<\/a><\/p>\n<p><a href=\"https:\/\/www.digitalcinema.cz\">https:\/\/www.digitalcinema.cz<\/a><\/p>\n<\/div><\/section><\/div><\/div><\/div><\/div><!-- close content main div --><\/div><\/div><div id='av_section_1'  class='avia-section av-4x8m0-a91a2d36a5ad70477cc8dc3c4be635e2 main_color avia-section-default avia-no-shadow  avia-builder-el-8  el_after_av_one_third  avia-builder-el-last  avia-bg-style-scroll container_wrap sidebar_right'  ><div class='container av-section-cont-open' ><div class='template-page content  av-content-small alpha units'><div class='post-entry post-entry-type-page post-entry-72'><div class='entry-content-wrapper clearfix'>\n\n<style type=\"text\/css\" data-created_by=\"avia_inline_auto\" id=\"style-css-av-4n3c0-6d10b8339873439fbbea1f9eec1c0647\">\n#top .av-special-heading.av-4n3c0-6d10b8339873439fbbea1f9eec1c0647{\npadding-bottom:10px;\n}\nbody .av-special-heading.av-4n3c0-6d10b8339873439fbbea1f9eec1c0647 .av-special-heading-tag .heading-char{\nfont-size:25px;\n}\n.av-special-heading.av-4n3c0-6d10b8339873439fbbea1f9eec1c0647 .av-subheading{\nfont-size:15px;\n}\n<\/style>\n<div  class='av-special-heading av-4n3c0-6d10b8339873439fbbea1f9eec1c0647 av-special-heading-h3  avia-builder-el-9  el_before_av_textblock  avia-builder-el-first '><h3 class='av-special-heading-tag '  itemprop=\"headline\"  >Napi\u0161te n\u00e1m<\/h3><div class=\"special-heading-border\"><div class=\"special-heading-inner-border\"><\/div><\/div><\/div>\n<section  class='av_textblock_section av-3n3cg-666c9491c49f1e54588cb0caaeaf8fe0 '   itemscope=\"itemscope\" itemtype=\"https:\/\/schema.org\/CreativeWork\" ><div class='avia_textblock'  itemprop=\"text\" ><p>Polo\u017eky ozna\u010den\u00e9 hv\u011bzdi\u010dkou * jsou povinn\u00e9<\/p>\n<\/div><\/section>\n<form action=\"https:\/\/www.altei.cz\/wp-dcinema\/contact\/\" method=\"post\" data-fields-with-error=\"Found errors in the following field(s):\" class=\"avia_ajax_form av-form-labels-visible   avia-builder-el-11  el_after_av_textblock  avia-builder-el-last   \" data-avia-form-id=\"1\" data-avia-redirect='' ><fieldset><p class='  first_form  form_element form_element_half' id='element_avia_1_1'><label for=\"avia_1_1\">Jm\u00e9no* <abbr class=\"required\" title=\"required\">*<\/abbr><\/label> <input name=\"avia_1_1\" class=\"text_input is_empty\" type=\"text\" id=\"avia_1_1\" value=\"\" \/><\/p><p class='  form_element form_element_half' id='element_avia_2_1'><label for=\"avia_2_1\">E-Mail* <abbr class=\"required\" title=\"required\">*<\/abbr><\/label> <input name=\"avia_2_1\" class=\"text_input is_email\" type=\"text\" id=\"avia_2_1\" value=\"\" \/><\/p><p class='  first_form  form_element form_fullwidth' id='element_avia_3_1'><label for=\"avia_3_1\">Subjekt <abbr class=\"required\" title=\"required\">*<\/abbr><\/label> <input name=\"avia_3_1\" class=\"text_input is_empty\" type=\"text\" id=\"avia_3_1\" value=\"\" \/><\/p><p class='  first_form  form_element form_fullwidth av-last-visible-form-element' id='element_avia_4_1'><label for=\"avia_4_1\" class=\"textare_label hidden textare_label_avia_4_1\">Zpr\u00e1va* <abbr class=\"required\" title=\"required\">*<\/abbr><\/label><textarea  name=\"avia_4_1\" class=\"text_area is_empty\" cols=\"40\" rows=\"7\" id=\"avia_4_1\" ><\/textarea><\/p><p class=\"hidden\"><input type=\"text\" name=\"avia_5_1\" class=\"hidden \" id=\"avia_5_1\" value=\"\" \/><\/p><p class=\"form_element \"><input type=\"hidden\" value=\"1\" name=\"avia_generated_form1\" \/><input type=\"submit\" value=\"Odeslat\" class=\"button\"  data-sending-label=\"Sending\"\/><\/p><\/fieldset><\/form><div id=\"ajaxresponse_1\" class=\"ajaxresponse ajaxresponse_1 hidden\"><\/div>\n<\/div><\/div><\/div><!-- close content main div --><\/div><\/div><div id='after_section_1'  class='main_color av_default_container_wrap container_wrap sidebar_right'  ><div class='container av-section-cont-open' ><div class='template-page content  av-content-small alpha units'><div class='post-entry post-entry-type-page post-entry-72'><div class='entry-content-wrapper clearfix'><\/p>\n","protected":false},"excerpt":{"rendered":"","protected":false},"author":1,"featured_media":0,"parent":0,"menu_order":0,"comment_status":"open","ping_status":"open","template":"","meta":[],"aioseo_notices":[],"_links":{"self":[{"href":"https:\/\/www.altei.cz\/wp-dcinema\/wp-json\/wp\/v2\/pages\/72"}],"collection":[{"href":"https:\/\/www.altei.cz\/wp-dcinema\/wp-json\/wp\/v2\/pages"}],"about":[{"href":"https:\/\/www.altei.cz\/wp-dcinema\/wp-json\/wp\/v2\/types\/page"}],"author":[{"embeddable":true,"href":"https:\/\/www.altei.cz\/wp-dcinema\/wp-json\/wp\/v2\/users\/1"}],"replies":[{"embeddable":true,"href":"https:\/\/www.altei.cz\/wp-dcinema\/wp-json\/wp\/v2\/comments?post=72"}],"version-history":[{"count":3,"href":"https:\/\/www.altei.cz\/wp-dcinema\/wp-json\/wp\/v2\/pages\/72\/revisions"}],"predecessor-version":[{"id":1491,"href":"https:\/\/www.altei.cz\/wp-dcinema\/wp-json\/wp\/v2\/pages\/72\/revisions\/1491"}],"wp:attachment":[{"href":"https:\/\/www.altei.cz\/wp-dcinema\/wp-json\/wp\/v2\/media?parent=72"}],"curies":[{"name":"wp","href":"https:\/\/api.w.org\/{rel}","templated":true}]}}