{"id":2160,"date":"2015-10-15T21:41:02","date_gmt":"2015-10-15T20:41:02","guid":{"rendered":"http:\/\/www.altei.cz\/wp_apogeedigital\/?page_id=2160"},"modified":"2015-11-05T14:53:23","modified_gmt":"2015-11-05T13:53:23","slug":"firewire-trade-in","status":"publish","type":"page","link":"https:\/\/www.altei.cz\/wp_apogeedigital\/firewire-trade-in\/","title":{"rendered":"Firewire Trade-in"},"content":{"rendered":"\n<style type=\"text\/css\" data-created_by=\"avia_inline_auto\" id=\"style-css-av-av_section-777bf751b591f84d430807e4cb495044\">\n.avia-section.av-av_section-777bf751b591f84d430807e4cb495044{\nbackground-color:#e8e8e8;\nbackground-image:url(https:\/\/www.altei.cz\/wp_apogeedigital\/wp-content\/uploads\/2015\/08\/Unknown-1-1030x162.jpeg);\nbackground-repeat:no-repeat;\nbackground-position:0% 50%;\nbackground-attachment:scroll;\n}\n<\/style>\n<div id='av_section_1'  class='avia-section av-av_section-777bf751b591f84d430807e4cb495044 main_color avia-section-no-padding avia-no-border-styling  avia-builder-el-0  el_before_av_one_half  avia-builder-el-first  avia-full-stretch avia-bg-style-scroll av-minimum-height av-minimum-height-custom  container_wrap sidebar_right'  data-section-bg-repeat='stretch' data-av_minimum_height_px='170'><div class='container av-section-cont-open' style='height:170px'><main  role=\"main\" itemprop=\"mainContentOfPage\"  class='template-page content  av-content-small alpha units'><div class='post-entry post-entry-type-page post-entry-2160'><div class='entry-content-wrapper clearfix'>\n\n<style type=\"text\/css\" data-created_by=\"avia_inline_auto\" id=\"style-css-av-av_hr-0688d0b0b6ed2f8b057db7a8270206df\">\n#top .hr.hr-invisible.av-av_hr-0688d0b0b6ed2f8b057db7a8270206df{\nheight:50px;\n}\n<\/style>\n<div  class='hr av-av_hr-0688d0b0b6ed2f8b057db7a8270206df hr-invisible  avia-builder-el-1  el_before_av_one_full  avia-builder-el-first '><span class='hr-inner '><span class=\"hr-inner-style\"><\/span><\/span><\/div>\n<div class='flex_column av-av_one_full-2a9015ff38129c418a3f2eafba3e9512 av_one_full  avia-builder-el-2  el_after_av_hr  el_before_av_image  first flex_column_div '     ><style type=\"text\/css\" data-created_by=\"avia_inline_auto\" id=\"style-css-av-av_heading-fcd37788b3f4d745fed21e959f4ad0bb\">\n#top .av-special-heading.av-av_heading-fcd37788b3f4d745fed21e959f4ad0bb{\npadding-bottom:15px;\ncolor:#000000;\nfont-size:40px;\n}\nbody .av-special-heading.av-av_heading-fcd37788b3f4d745fed21e959f4ad0bb .av-special-heading-tag .heading-char{\nfont-size:25px;\n}\n#top #wrap_all .av-special-heading.av-av_heading-fcd37788b3f4d745fed21e959f4ad0bb .av-special-heading-tag{\nfont-size:40px;\n}\n.av-special-heading.av-av_heading-fcd37788b3f4d745fed21e959f4ad0bb .special-heading-inner-border{\nborder-color:#000000;\n}\n.av-special-heading.av-av_heading-fcd37788b3f4d745fed21e959f4ad0bb .av-subheading{\nfont-size:15px;\n}\n\n@media only screen and (min-width: 480px) and (max-width: 767px){ \n#top #wrap_all .av-special-heading.av-av_heading-fcd37788b3f4d745fed21e959f4ad0bb .av-special-heading-tag{\nfont-size:0.8em;\n}\n}\n\n@media only screen and (max-width: 479px){ \n#top #wrap_all .av-special-heading.av-av_heading-fcd37788b3f4d745fed21e959f4ad0bb .av-special-heading-tag{\nfont-size:0.8em;\n}\n}\n<\/style>\n<div  class='av-special-heading av-av_heading-fcd37788b3f4d745fed21e959f4ad0bb av-special-heading-h3 custom-color-heading blockquote modern-quote modern-centered  avia-builder-el-3  avia-builder-el-no-sibling  av-inherit-size'><h3 class='av-special-heading-tag'  itemprop=\"headline\"  >Duet a Ensemble Firewire Trade-in program<\/h3><div class='av_custom_color av-subheading av-subheading_below'><p>Po omezenou dobu, registrovan\u00ed u\u017eivatel\u00e9 Duetu FireWire, kte\u0159\u00ed si zakoup\u00ed nov\u00fd Duet, Quartet nebo Ensemble Thunderbolt maj\u00ed n\u00e1rok po vr\u00e1cen\u00ed sv\u00e9ho star\u00e9ho p\u0159evodn\u00edku Duet Firewire na Apogee Groove ZDARMA. Registrovan\u00ed u\u017eivatel\u00e9 Ensemble FireWire, kte\u0159\u00ed si zakoup\u00ed n\u011bkter\u00fd z t\u011bchto nov\u00fdch produkt\u016f se mohou t\u011b\u0161it po vr\u00e1cen\u00ed sv\u00e9ho star\u00e9ho p\u0159evodn\u00edku Ensemble Firewire na Apogee ONE pro iPad a Mac nebo Apogee Groove.<\/p>\n<\/div><div class=\"special-heading-border\"><div class=\"special-heading-inner-border\"><\/div><\/div><\/div><\/div>\n<style type=\"text\/css\" data-created_by=\"avia_inline_auto\" id=\"style-css-av-av_image-5cb76e1db6e244437609242ff16e4150\">\n.avia-image-container.av-av_image-5cb76e1db6e244437609242ff16e4150 img.avia_image{\nbox-shadow:none;\n}\n.avia-image-container.av-av_image-5cb76e1db6e244437609242ff16e4150 .av-image-caption-overlay-center{\ncolor:#ffffff;\n}\n<\/style>\n<div  class='avia-image-container av-av_image-5cb76e1db6e244437609242ff16e4150 av-styling- avia-align-center  avia-builder-el-4  el_after_av_one_full  avia-builder-el-last '   itemprop=\"image\" itemscope=\"itemscope\" itemtype=\"https:\/\/schema.org\/ImageObject\" ><div class=\"avia-image-container-inner\"><div class=\"avia-image-overlay-wrap\"><img fetchpriority=\"high\" decoding=\"async\" class='wp-image-2161 avia-img-lazy-loading-not-2161 avia_image ' src=\"https:\/\/www.altei.cz\/wp_apogeedigital\/wp-content\/uploads\/2015\/10\/trade-in-diagram2.jpg\" alt='' title='trade-in-diagram2'  height=\"241\" width=\"1024\"  itemprop=\"thumbnailUrl\" srcset=\"https:\/\/www.altei.cz\/wp_apogeedigital\/wp-content\/uploads\/2015\/10\/trade-in-diagram2.jpg 1024w, https:\/\/www.altei.cz\/wp_apogeedigital\/wp-content\/uploads\/2015\/10\/trade-in-diagram2-300x71.jpg 300w, https:\/\/www.altei.cz\/wp_apogeedigital\/wp-content\/uploads\/2015\/10\/trade-in-diagram2-705x166.jpg 705w, https:\/\/www.altei.cz\/wp_apogeedigital\/wp-content\/uploads\/2015\/10\/trade-in-diagram2-450x106.jpg 450w\" sizes=\"(max-width: 1024px) 100vw, 1024px\" \/><\/div><\/div><\/div>\n<\/div><\/div><\/main><!-- close content main element --><\/div><\/div><div id='after_section_1'  class='main_color av_default_container_wrap container_wrap sidebar_right'  ><div class='container av-section-cont-open' ><div class='template-page content  av-content-small alpha units'><div class='post-entry post-entry-type-page post-entry-2160'><div class='entry-content-wrapper clearfix'><div class='flex_column av-av_one_half-2a9015ff38129c418a3f2eafba3e9512 av_one_half  avia-builder-el-5  el_after_av_section  el_before_av_one_half  avia-builder-el-first  first flex_column_div '     ><style type=\"text\/css\" data-created_by=\"avia_inline_auto\" id=\"style-css-av-av_image-eb256bf47bfc80153fb9060143889a23\">\n.avia-image-container.av-av_image-eb256bf47bfc80153fb9060143889a23 img.avia_image{\nbox-shadow:none;\n}\n.avia-image-container.av-av_image-eb256bf47bfc80153fb9060143889a23 .av-image-caption-overlay-center{\ncolor:#ffffff;\n}\n<\/style>\n<div  class='avia-image-container av-av_image-eb256bf47bfc80153fb9060143889a23 av-styling- avia-align-center  avia-builder-el-6  avia-builder-el-no-sibling '   itemprop=\"image\" itemscope=\"itemscope\" itemtype=\"https:\/\/schema.org\/ImageObject\" ><div class=\"avia-image-container-inner\"><div class=\"avia-image-overlay-wrap\"><img decoding=\"async\" class='wp-image-2163 avia-img-lazy-loading-not-2163 avia_image ' src=\"https:\/\/www.altei.cz\/wp_apogeedigital\/wp-content\/uploads\/2015\/10\/groove-tradein.png\" alt='' title='groove-tradein'  height=\"400\" width=\"153\"  itemprop=\"thumbnailUrl\" srcset=\"https:\/\/www.altei.cz\/wp_apogeedigital\/wp-content\/uploads\/2015\/10\/groove-tradein.png 153w, https:\/\/www.altei.cz\/wp_apogeedigital\/wp-content\/uploads\/2015\/10\/groove-tradein-115x300.png 115w\" sizes=\"(max-width: 153px) 100vw, 153px\" \/><\/div><\/div><\/div><\/div><\/p>\n<div class='flex_column av-av_one_half-f78fb3c186c5ceb3cf0bf54353219056 av_one_half  avia-builder-el-7  el_after_av_one_half  el_before_av_one_half  flex_column_div '     ><style type=\"text\/css\" data-created_by=\"avia_inline_auto\" id=\"style-css-av-av_image-46b0f1d80e8f8f6953448f523be0159d\">\n.avia-image-container.av-av_image-46b0f1d80e8f8f6953448f523be0159d img.avia_image{\nbox-shadow:none;\n}\n.avia-image-container.av-av_image-46b0f1d80e8f8f6953448f523be0159d .av-image-caption-overlay-center{\ncolor:#ffffff;\n}\n<\/style>\n<div  class='avia-image-container av-av_image-46b0f1d80e8f8f6953448f523be0159d av-styling- avia-align-center  avia-builder-el-8  avia-builder-el-no-sibling '   itemprop=\"image\" itemscope=\"itemscope\" itemtype=\"https:\/\/schema.org\/ImageObject\" ><div class=\"avia-image-container-inner\"><div class=\"avia-image-overlay-wrap\"><img decoding=\"async\" class='wp-image-2162 avia-img-lazy-loading-not-2162 avia_image ' src=\"https:\/\/www.altei.cz\/wp_apogeedigital\/wp-content\/uploads\/2015\/10\/one-tradein.png\" alt='' title='one-tradein'  height=\"400\" width=\"194\"  itemprop=\"thumbnailUrl\" srcset=\"https:\/\/www.altei.cz\/wp_apogeedigital\/wp-content\/uploads\/2015\/10\/one-tradein.png 194w, https:\/\/www.altei.cz\/wp_apogeedigital\/wp-content\/uploads\/2015\/10\/one-tradein-146x300.png 146w\" sizes=\"(max-width: 194px) 100vw, 194px\" \/><\/div><\/div><\/div><\/div>\n<div class='flex_column av-av_one_half-2a9015ff38129c418a3f2eafba3e9512 av_one_half  avia-builder-el-9  el_after_av_one_half  el_before_av_one_half  first flex_column_div column-top-margin'     ><section  class='av_textblock_section av-av_textblock-0366cc7376be6c9e82a3e9cc8987b64f'  itemscope=\"itemscope\" itemtype=\"https:\/\/schema.org\/CreativeWork\" ><div class='avia_textblock'  itemprop=\"text\" ><h3>Apogee Groove<\/h3>\n<p>Z\u00edskejte ZDARMA p\u0159i n\u00e1kupu Duet\/Quartet\/Ensemble + vr\u00e1cen\u00ed va\u0161eho Duet FireWire nebo Ensemble FireWire<\/p>\n<\/div><\/section><\/div>\n<div class='flex_column av-av_one_half-f78fb3c186c5ceb3cf0bf54353219056 av_one_half  avia-builder-el-11  el_after_av_one_half  el_before_av_heading  flex_column_div column-top-margin'     ><section  class='av_textblock_section av-av_textblock-0366cc7376be6c9e82a3e9cc8987b64f'  itemscope=\"itemscope\" itemtype=\"https:\/\/schema.org\/CreativeWork\" ><div class='avia_textblock'  itemprop=\"text\" ><h3>Apogee\u00a0ONE pro iPad a Mac<\/h3>\n<p>Z\u00edskejte ZDARMA p\u0159i n\u00e1kupu Ensemble + vr\u00e1cen\u00ed va\u0161eho Duet FireWire nebo Ensemble FireWire<\/p>\n<\/div><\/section><\/div>\n\n<style type=\"text\/css\" data-created_by=\"avia_inline_auto\" id=\"style-css-av-av_heading-bcfd015e5713210a5976e266485050b5\">\n#top .av-special-heading.av-av_heading-bcfd015e5713210a5976e266485050b5{\npadding-bottom:10px;\nfont-size:40px;\n}\nbody .av-special-heading.av-av_heading-bcfd015e5713210a5976e266485050b5 .av-special-heading-tag .heading-char{\nfont-size:25px;\n}\n#top #wrap_all .av-special-heading.av-av_heading-bcfd015e5713210a5976e266485050b5 .av-special-heading-tag{\nfont-size:40px;\n}\n.av-special-heading.av-av_heading-bcfd015e5713210a5976e266485050b5 .av-subheading{\nfont-size:15px;\n}\n\n@media only screen and (min-width: 480px) and (max-width: 767px){ \n#top #wrap_all .av-special-heading.av-av_heading-bcfd015e5713210a5976e266485050b5 .av-special-heading-tag{\nfont-size:0.8em;\n}\n}\n\n@media only screen and (max-width: 479px){ \n#top #wrap_all .av-special-heading.av-av_heading-bcfd015e5713210a5976e266485050b5 .av-special-heading-tag{\nfont-size:0.8em;\n}\n}\n<\/style>\n<div  class='av-special-heading av-av_heading-bcfd015e5713210a5976e266485050b5 av-special-heading-h3 blockquote modern-quote modern-centered  avia-builder-el-13  el_after_av_one_half  el_before_av_one_full  av-inherit-size'><h3 class='av-special-heading-tag'  itemprop=\"headline\"  >Jak to funguje :<\/h3><div class=\"special-heading-border\"><div class=\"special-heading-inner-border\"><\/div><\/div><\/div>\n<div class='flex_column av-av_one_full-2a9015ff38129c418a3f2eafba3e9512 av_one_full  avia-builder-el-14  el_after_av_heading  el_before_av_one_third  first flex_column_div '     ><p>\n<style type=\"text\/css\" data-created_by=\"avia_inline_auto\" id=\"style-css-av-av_heading-17ddbd54b9dc18c30ea736ece611802d\">\n#top .av-special-heading.av-av_heading-17ddbd54b9dc18c30ea736ece611802d{\npadding-bottom:10px;\ncolor:#8224e3;\n}\nbody .av-special-heading.av-av_heading-17ddbd54b9dc18c30ea736ece611802d .av-special-heading-tag .heading-char{\nfont-size:25px;\n}\n.av-special-heading.av-av_heading-17ddbd54b9dc18c30ea736ece611802d .special-heading-inner-border{\nborder-color:#8224e3;\n}\n.av-special-heading.av-av_heading-17ddbd54b9dc18c30ea736ece611802d .av-subheading{\nfont-size:15px;\n}\n<\/style>\n<div  class='av-special-heading av-av_heading-17ddbd54b9dc18c30ea736ece611802d av-special-heading-h3 custom-color-heading  avia-builder-el-15  el_before_av_textblock  avia-builder-el-first '><h3 class='av-special-heading-tag'  itemprop=\"headline\"  >Krok 1<\/h3><div class=\"special-heading-border\"><div class=\"special-heading-inner-border\"><\/div><\/div><\/div><br \/>\n<section  class='av_textblock_section av-av_textblock-0366cc7376be6c9e82a3e9cc8987b64f'  itemscope=\"itemscope\" itemtype=\"https:\/\/schema.org\/CreativeWork\" ><div class='avia_textblock'  itemprop=\"text\" ><p>Kupte\u00a0Apogee Duet pro iPad &amp; Mac\u00a0nebo\u00a0Apogee Quartet nebo\u00a0Apogee Ensemble Thunderbolt od au<a href=\"http:\/\/www.altei.cz\/wp_apogeedigital\/dealer-locator\/\">torizovan\u00e9ho\u00a0prodejce Apogee<\/a><\/p>\n<\/div><\/section><\/p><\/div>\n<div class='flex_column av-av_one_third-2a9015ff38129c418a3f2eafba3e9512 av_one_third  avia-builder-el-17  el_after_av_one_full  el_before_av_one_third  first flex_column_div column-top-margin'     ><style type=\"text\/css\" data-created_by=\"avia_inline_auto\" id=\"style-css-av-av_image-2567a94e298fe79528bdb1cd54ccc782\">\n.avia-image-container.av-av_image-2567a94e298fe79528bdb1cd54ccc782 img.avia_image{\nbox-shadow:none;\n}\n.avia-image-container.av-av_image-2567a94e298fe79528bdb1cd54ccc782 .av-image-caption-overlay-center{\ncolor:#ffffff;\n}\n<\/style>\n<div  class='avia-image-container av-av_image-2567a94e298fe79528bdb1cd54ccc782 av-styling- avia-align-center  avia-builder-el-18  avia-builder-el-no-sibling '   itemprop=\"image\" itemscope=\"itemscope\" itemtype=\"https:\/\/schema.org\/ImageObject\" ><div class=\"avia-image-container-inner\"><div class=\"avia-image-overlay-wrap\"><img loading=\"lazy\" decoding=\"async\" class='wp-image-120 avia-img-lazy-loading-not-120 avia_image ' src=\"https:\/\/www.altei.cz\/wp_apogeedigital\/wp-content\/uploads\/2015\/07\/duet-300x197.png\" alt='' title='duet'  height=\"197\" width=\"300\"  itemprop=\"thumbnailUrl\" srcset=\"https:\/\/www.altei.cz\/wp_apogeedigital\/wp-content\/uploads\/2015\/07\/duet-300x197.png 300w, https:\/\/www.altei.cz\/wp_apogeedigital\/wp-content\/uploads\/2015\/07\/duet-705x463.png 705w, https:\/\/www.altei.cz\/wp_apogeedigital\/wp-content\/uploads\/2015\/07\/duet-450x296.png 450w, https:\/\/www.altei.cz\/wp_apogeedigital\/wp-content\/uploads\/2015\/07\/duet.png 837w\" sizes=\"(max-width: 300px) 100vw, 300px\" \/><\/div><\/div><\/div><\/div>\n<div class='flex_column av-av_one_third-f78fb3c186c5ceb3cf0bf54353219056 av_one_third  avia-builder-el-19  el_after_av_one_third  el_before_av_one_third  flex_column_div column-top-margin'     ><style type=\"text\/css\" data-created_by=\"avia_inline_auto\" id=\"style-css-av-av_image-e57e234b4eab4533d3bbc402f6851098\">\n.avia-image-container.av-av_image-e57e234b4eab4533d3bbc402f6851098 img.avia_image{\nbox-shadow:none;\n}\n.avia-image-container.av-av_image-e57e234b4eab4533d3bbc402f6851098 .av-image-caption-overlay-center{\ncolor:#ffffff;\n}\n<\/style>\n<div  class='avia-image-container av-av_image-e57e234b4eab4533d3bbc402f6851098 av-styling- avia-align-center  avia-builder-el-20  avia-builder-el-no-sibling '   itemprop=\"image\" itemscope=\"itemscope\" itemtype=\"https:\/\/schema.org\/ImageObject\" ><div class=\"avia-image-container-inner\"><div class=\"avia-image-overlay-wrap\"><img loading=\"lazy\" decoding=\"async\" class='wp-image-1449 avia-img-lazy-loading-not-1449 avia_image ' src=\"https:\/\/www.altei.cz\/wp_apogeedigital\/wp-content\/uploads\/2015\/08\/Quartet-Waves-Product-300x197-300x197.png\" alt='' title='Quartet-Waves-Product-300x197'  height=\"197\" width=\"300\"  itemprop=\"thumbnailUrl\"  \/><\/div><\/div><\/div><\/div>\n<div class='flex_column av-av_one_third-f78fb3c186c5ceb3cf0bf54353219056 av_one_third  avia-builder-el-21  el_after_av_one_third  el_before_av_one_full  flex_column_div column-top-margin'     ><style type=\"text\/css\" data-created_by=\"avia_inline_auto\" id=\"style-css-av-av_image-6bbe3e4b76d2b23cda39d5967b31b2ba\">\n.avia-image-container.av-av_image-6bbe3e4b76d2b23cda39d5967b31b2ba img.avia_image{\nbox-shadow:none;\n}\n.avia-image-container.av-av_image-6bbe3e4b76d2b23cda39d5967b31b2ba .av-image-caption-overlay-center{\ncolor:#ffffff;\n}\n<\/style>\n<div  class='avia-image-container av-av_image-6bbe3e4b76d2b23cda39d5967b31b2ba av-styling- avia-align-center  avia-builder-el-22  avia-builder-el-no-sibling '   itemprop=\"image\" itemscope=\"itemscope\" itemtype=\"https:\/\/schema.org\/ImageObject\" ><div class=\"avia-image-container-inner\"><div class=\"avia-image-overlay-wrap\"><img loading=\"lazy\" decoding=\"async\" class='wp-image-1450 avia-img-lazy-loading-not-1450 avia_image ' src=\"https:\/\/www.altei.cz\/wp_apogeedigital\/wp-content\/uploads\/2015\/08\/Ensemble-Waves-Product-300x197-300x197.png\" alt='' title='Ensemble-Waves-Product-300x197'  height=\"197\" width=\"300\"  itemprop=\"thumbnailUrl\"  \/><\/div><\/div><\/div><\/div>\n<div class='flex_column av-av_one_full-2a9015ff38129c418a3f2eafba3e9512 av_one_full  avia-builder-el-23  el_after_av_one_third  el_before_av_one_full  first flex_column_div column-top-margin'     ><p>\n<style type=\"text\/css\" data-created_by=\"avia_inline_auto\" id=\"style-css-av-av_heading-4d6d5142b219637afdff8909643505be\">\n#top .av-special-heading.av-av_heading-4d6d5142b219637afdff8909643505be{\npadding-bottom:10px;\ncolor:#8224e3;\n}\nbody .av-special-heading.av-av_heading-4d6d5142b219637afdff8909643505be .av-special-heading-tag .heading-char{\nfont-size:25px;\n}\n.av-special-heading.av-av_heading-4d6d5142b219637afdff8909643505be .special-heading-inner-border{\nborder-color:#8224e3;\n}\n.av-special-heading.av-av_heading-4d6d5142b219637afdff8909643505be .av-subheading{\nfont-size:15px;\n}\n<\/style>\n<div  class='av-special-heading av-av_heading-4d6d5142b219637afdff8909643505be av-special-heading-h3 custom-color-heading  avia-builder-el-24  el_before_av_textblock  avia-builder-el-first '><h3 class='av-special-heading-tag'  itemprop=\"headline\"  >Krok 2<\/h3><div class=\"special-heading-border\"><div class=\"special-heading-inner-border\"><\/div><\/div><\/div><br \/>\n<section  class='av_textblock_section av-av_textblock-0366cc7376be6c9e82a3e9cc8987b64f'  itemscope=\"itemscope\" itemtype=\"https:\/\/schema.org\/CreativeWork\" ><div class='avia_textblock'  itemprop=\"text\" ><p>Vypl\u0148te dotazn\u00edk n\u00ed\u017ee na t\u00e9to str\u00e1nce. Dostanete emailem instrukce kam m\u00e1te poslat v\u00e1\u0161 firewire interface Apogee (Duet, Ensemble)<\/p>\n<\/div><\/section><\/p><\/div>\n<div class='flex_column av-av_one_full-2a9015ff38129c418a3f2eafba3e9512 av_one_full  avia-builder-el-26  el_after_av_one_full  el_before_av_one_full  first flex_column_div column-top-margin'     ><p>\n<style type=\"text\/css\" data-created_by=\"avia_inline_auto\" id=\"style-css-av-av_heading-b6010534106532725e345cf0c536a017\">\n#top .av-special-heading.av-av_heading-b6010534106532725e345cf0c536a017{\npadding-bottom:10px;\ncolor:#8224e3;\n}\nbody .av-special-heading.av-av_heading-b6010534106532725e345cf0c536a017 .av-special-heading-tag .heading-char{\nfont-size:25px;\n}\n.av-special-heading.av-av_heading-b6010534106532725e345cf0c536a017 .special-heading-inner-border{\nborder-color:#8224e3;\n}\n.av-special-heading.av-av_heading-b6010534106532725e345cf0c536a017 .av-subheading{\nfont-size:15px;\n}\n<\/style>\n<div  class='av-special-heading av-av_heading-b6010534106532725e345cf0c536a017 av-special-heading-h3 custom-color-heading  avia-builder-el-27  el_before_av_textblock  avia-builder-el-first '><h3 class='av-special-heading-tag'  itemprop=\"headline\"  >Krok 3<\/h3><div class=\"special-heading-border\"><div class=\"special-heading-inner-border\"><\/div><\/div><\/div><br \/>\n<section  class='av_textblock_section av-av_textblock-0366cc7376be6c9e82a3e9cc8987b64f'  itemscope=\"itemscope\" itemtype=\"https:\/\/schema.org\/CreativeWork\" ><div class='avia_textblock'  itemprop=\"text\" ><p>Po\u0161lete v\u00e1\u0161 Firewire interface Apogee (Duet, Ensemble) zp\u011bt distributorovi.<\/p>\n<\/div><\/section><\/p><\/div>\n<div class='flex_column av-av_one_full-2a9015ff38129c418a3f2eafba3e9512 av_one_full  avia-builder-el-29  el_after_av_one_full  el_before_av_textblock  first flex_column_div column-top-margin'     ><p>\n<style type=\"text\/css\" data-created_by=\"avia_inline_auto\" id=\"style-css-av-av_heading-b203153bdc68aab2c5eaaff84c7afbff\">\n#top .av-special-heading.av-av_heading-b203153bdc68aab2c5eaaff84c7afbff{\npadding-bottom:10px;\ncolor:#8224e3;\n}\nbody .av-special-heading.av-av_heading-b203153bdc68aab2c5eaaff84c7afbff .av-special-heading-tag .heading-char{\nfont-size:25px;\n}\n.av-special-heading.av-av_heading-b203153bdc68aab2c5eaaff84c7afbff .special-heading-inner-border{\nborder-color:#8224e3;\n}\n.av-special-heading.av-av_heading-b203153bdc68aab2c5eaaff84c7afbff .av-subheading{\nfont-size:15px;\n}\n<\/style>\n<div  class='av-special-heading av-av_heading-b203153bdc68aab2c5eaaff84c7afbff av-special-heading-h3 custom-color-heading  avia-builder-el-30  el_before_av_textblock  avia-builder-el-first '><h3 class='av-special-heading-tag'  itemprop=\"headline\"  >Krok 4<\/h3><div class=\"special-heading-border\"><div class=\"special-heading-inner-border\"><\/div><\/div><\/div><br \/>\n<section  class='av_textblock_section av-av_textblock-0366cc7376be6c9e82a3e9cc8987b64f'  itemscope=\"itemscope\" itemtype=\"https:\/\/schema.org\/CreativeWork\" ><div class='avia_textblock'  itemprop=\"text\" ><p>Ihned jak obdr\u017e\u00edme v\u00e1\u0161 Firewire interface Apogee (Duet, Ensemble) po\u0161leme v\u00e1m zdarma Apogee Groove nebo ONE pro iPad a Mac.<\/p>\n<\/div><\/section><\/p><\/div>\n<section  class='av_textblock_section av-av_textblock-0366cc7376be6c9e82a3e9cc8987b64f'  itemscope=\"itemscope\" itemtype=\"https:\/\/schema.org\/CreativeWork\" ><div class='avia_textblock'  itemprop=\"text\" ><h3>Z\u00e1vazn\u00e9 podm\u00ednky<\/h3>\n<p>Z\u00e1kazn\u00edk mus\u00ed m\u00edt\u00a0Duet FireWire nebo\u00a0Ensemble FireWire registrov\u00e1n\u00a0p\u0159ed datem 30.9.2015<br \/>\nN\u00e1kup nov\u00e9ho\u00a0Duet iPad &amp; Mac, Quartet nebo Ensemble Thunderbolt od autorizovan\u00e9ho\u00a0Apogee prodejce uskute\u010dnit pozd\u011bji ne\u017e\u00a030.9.2015<br \/>\nProk\u00e1zat se dokladem o n\u00e1kupu<br \/>\nVyplnit dotazn\u00edk na t\u00e9to str\u00e1nce<br \/>\nLimit je jeden trade-in na jednoho z\u00e1kazn\u00edka<br \/>\nZ\u00e1kazn\u00edk plat\u00ed dopravu Firewire interface zp\u011bt k distributorovi<br \/>\nJak\u00fdkoliv\u00a0FireWire interface zaslan\u00fd do\u00a0Apogee nebo k distributorovi bez p\u0159edchoz\u00edho schv\u00e1len\u00ed pro\u00a0trade-in program\u00a0bude navr\u00e1cen z\u00e1kazn\u00edkovi na jeho n\u00e1klady<br \/>\nDoru\u010den\u00ed produktu zdarma\u00a0Apogee m\u016f\u017ee trvat a\u017e\u00a090\u00a0dn\u00ed v z\u00e1vislosti na m\u00edst\u011b a skladov\u00e9 dostupnosti<br \/>\nAkce kon\u010d\u00ed 31.11.2015<\/p>\n<\/div><\/section>\n<section  class='av_textblock_section av-av_textblock-0366cc7376be6c9e82a3e9cc8987b64f'  itemscope=\"itemscope\" itemtype=\"https:\/\/schema.org\/CreativeWork\" ><div class='avia_textblock'  itemprop=\"text\" ><p>Pol\u00ed\u010dka ozna\u010den\u00e1 * jsou povinn\u00e1<\/p>\n<\/div><\/section>\n\n<p>&nbsp;<\/p>\n","protected":false},"excerpt":{"rendered":"<p>&nbsp;<\/p>\n","protected":false},"author":1,"featured_media":0,"parent":0,"menu_order":0,"comment_status":"closed","ping_status":"open","template":"","meta":{"_bbp_topic_count":0,"_bbp_reply_count":0,"_bbp_total_topic_count":0,"_bbp_total_reply_count":0,"_bbp_voice_count":0,"_bbp_anonymous_reply_count":0,"_bbp_topic_count_hidden":0,"_bbp_reply_count_hidden":0,"_bbp_forum_subforum_count":0,"om_disable_all_campaigns":false,"_monsterinsights_skip_tracking":false,"_monsterinsights_sitenote_active":false,"_monsterinsights_sitenote_note":"","_monsterinsights_sitenote_category":0,"_wp_rev_ctl_limit":""},"aioseo_notices":[],"_links":{"self":[{"href":"https:\/\/www.altei.cz\/wp_apogeedigital\/wp-json\/wp\/v2\/pages\/2160"}],"collection":[{"href":"https:\/\/www.altei.cz\/wp_apogeedigital\/wp-json\/wp\/v2\/pages"}],"about":[{"href":"https:\/\/www.altei.cz\/wp_apogeedigital\/wp-json\/wp\/v2\/types\/page"}],"author":[{"embeddable":true,"href":"https:\/\/www.altei.cz\/wp_apogeedigital\/wp-json\/wp\/v2\/users\/1"}],"replies":[{"embeddable":true,"href":"https:\/\/www.altei.cz\/wp_apogeedigital\/wp-json\/wp\/v2\/comments?post=2160"}],"version-history":[{"count":0,"href":"https:\/\/www.altei.cz\/wp_apogeedigital\/wp-json\/wp\/v2\/pages\/2160\/revisions"}],"wp:attachment":[{"href":"https:\/\/www.altei.cz\/wp_apogeedigital\/wp-json\/wp\/v2\/media?parent=2160"}],"curies":[{"name":"wp","href":"https:\/\/api.w.org\/{rel}","templated":true}]}}