{"id":3858,"date":"2017-05-24T11:27:45","date_gmt":"2017-05-24T10:27:45","guid":{"rendered":"https:\/\/www.altei.cz\/wp_apogeedigital\/?page_id=3858"},"modified":"2017-07-11T16:47:13","modified_gmt":"2017-07-11T15:47:13","slug":"symphony-trade-in-program","status":"publish","type":"page","link":"https:\/\/www.altei.cz\/wp_apogeedigital\/symphony-trade-in-program\/","title":{"rendered":"\u0160ROTOVN\u00c9 &#8211; Symphony Trade-In program"},"content":{"rendered":"\n<style type=\"text\/css\" data-created_by=\"avia_inline_auto\" id=\"style-css-av-av_image-8c48823efc9f9e35b0bfc0527ed35ac1\">\n.avia-image-container.av-av_image-8c48823efc9f9e35b0bfc0527ed35ac1 img.avia_image{\nbox-shadow:none;\n}\n.avia-image-container.av-av_image-8c48823efc9f9e35b0bfc0527ed35ac1 .av-image-caption-overlay-center{\ncolor:#ffffff;\n}\n<\/style>\n<div  class='avia-image-container av-av_image-8c48823efc9f9e35b0bfc0527ed35ac1 av-styling- avia-align-center  avia-builder-el-0  el_before_av_heading  avia-builder-el-first '   itemprop=\"image\" itemscope=\"itemscope\" itemtype=\"https:\/\/schema.org\/ImageObject\" ><div class=\"avia-image-container-inner\"><div class=\"avia-image-overlay-wrap\"><a href=\"https:\/\/www.altei.cz\/wp_apogeedigital\/apogee-symphony-io\/\" class='avia_image' ><img fetchpriority=\"high\" decoding=\"async\" class='wp-image-3859 avia-img-lazy-loading-not-3859 avia_image ' src=\"https:\/\/www.altei.cz\/wp_apogeedigital\/wp-content\/uploads\/2017\/05\/SIO-Trade-up-1676-1030x303.jpg\" alt='' title='Apogee Element Series Ad'  height=\"303\" width=\"1030\"  itemprop=\"thumbnailUrl\" srcset=\"https:\/\/www.altei.cz\/wp_apogeedigital\/wp-content\/uploads\/2017\/05\/SIO-Trade-up-1676-1030x303.jpg 1030w, https:\/\/www.altei.cz\/wp_apogeedigital\/wp-content\/uploads\/2017\/05\/SIO-Trade-up-1676-300x88.jpg 300w, https:\/\/www.altei.cz\/wp_apogeedigital\/wp-content\/uploads\/2017\/05\/SIO-Trade-up-1676-768x226.jpg 768w, https:\/\/www.altei.cz\/wp_apogeedigital\/wp-content\/uploads\/2017\/05\/SIO-Trade-up-1676-1500x441.jpg 1500w, https:\/\/www.altei.cz\/wp_apogeedigital\/wp-content\/uploads\/2017\/05\/SIO-Trade-up-1676-705x207.jpg 705w, https:\/\/www.altei.cz\/wp_apogeedigital\/wp-content\/uploads\/2017\/05\/SIO-Trade-up-1676-450x132.jpg 450w, https:\/\/www.altei.cz\/wp_apogeedigital\/wp-content\/uploads\/2017\/05\/SIO-Trade-up-1676.jpg 1599w\" sizes=\"(max-width: 1030px) 100vw, 1030px\" \/><\/a><\/div><\/div><\/div>\n\n<style type=\"text\/css\" data-created_by=\"avia_inline_auto\" id=\"style-css-av-av_heading-3fd0fc377309dfd9b2d0d72443413b48\">\n#top .av-special-heading.av-av_heading-3fd0fc377309dfd9b2d0d72443413b48{\npadding-bottom:15px;\nfont-size:34px;\n}\nbody .av-special-heading.av-av_heading-3fd0fc377309dfd9b2d0d72443413b48 .av-special-heading-tag .heading-char{\nfont-size:25px;\n}\n#top #wrap_all .av-special-heading.av-av_heading-3fd0fc377309dfd9b2d0d72443413b48 .av-special-heading-tag{\nfont-size:34px;\n}\n.av-special-heading.av-av_heading-3fd0fc377309dfd9b2d0d72443413b48 .av-subheading{\nfont-size:15px;\n}\n\n@media only screen and (min-width: 480px) and (max-width: 767px){ \n#top #wrap_all .av-special-heading.av-av_heading-3fd0fc377309dfd9b2d0d72443413b48 .av-special-heading-tag{\nfont-size:0.8em;\n}\n}\n\n@media only screen and (max-width: 479px){ \n#top #wrap_all .av-special-heading.av-av_heading-3fd0fc377309dfd9b2d0d72443413b48 .av-special-heading-tag{\nfont-size:0.8em;\n}\n}\n<\/style>\n<div  class='av-special-heading av-av_heading-3fd0fc377309dfd9b2d0d72443413b48 av-special-heading-h3 blockquote modern-quote modern-centered  avia-builder-el-1  el_after_av_image  el_before_av_hr  av-inherit-size'><h3 class='av-special-heading-tag'  itemprop=\"headline\"  >Z\u00edskejte za va\u0161e Symphony I\/O MK I \u0161asi 17 500 K\u010d <\/h3><div class='av-subheading av-subheading_below'><p>p\u0159i n\u00e1kupu nov\u00e9ho \u0161asi MKII (cena 52 940 K\u010d) .<\/p>\n<\/div><div class=\"special-heading-border\"><div class=\"special-heading-inner-border\"><\/div><\/div><\/div>\n\n<style type=\"text\/css\" data-created_by=\"avia_inline_auto\" id=\"style-css-av-av_hr-1486e667c61d89a8f40297a01a61ffca\">\n#top .hr.hr-invisible.av-av_hr-1486e667c61d89a8f40297a01a61ffca{\nmargin-top:-45px;\nheight:1px;\n}\n<\/style>\n<div  class='hr av-av_hr-1486e667c61d89a8f40297a01a61ffca hr-invisible  avia-builder-el-2  el_after_av_heading  el_before_av_heading '><span class='hr-inner '><span class=\"hr-inner-style\"><\/span><\/span><\/div>\n\n<style type=\"text\/css\" data-created_by=\"avia_inline_auto\" id=\"style-css-av-av_heading-dbc059635442be5566c67d5fae3078d3\">\n#top .av-special-heading.av-av_heading-dbc059635442be5566c67d5fae3078d3{\npadding-bottom:15px;\nfont-size:34px;\n}\nbody .av-special-heading.av-av_heading-dbc059635442be5566c67d5fae3078d3 .av-special-heading-tag .heading-char{\nfont-size:25px;\n}\n#top #wrap_all .av-special-heading.av-av_heading-dbc059635442be5566c67d5fae3078d3 .av-special-heading-tag{\nfont-size:34px;\n}\n.av-special-heading.av-av_heading-dbc059635442be5566c67d5fae3078d3 .av-subheading{\nfont-size:15px;\n}\n\n@media only screen and (min-width: 480px) and (max-width: 767px){ \n#top #wrap_all .av-special-heading.av-av_heading-dbc059635442be5566c67d5fae3078d3 .av-special-heading-tag{\nfont-size:0.8em;\n}\n}\n\n@media only screen and (max-width: 479px){ \n#top #wrap_all .av-special-heading.av-av_heading-dbc059635442be5566c67d5fae3078d3 .av-special-heading-tag{\nfont-size:0.8em;\n}\n}\n<\/style>\n<div  class='av-special-heading av-av_heading-dbc059635442be5566c67d5fae3078d3 av-special-heading-h3 blockquote modern-quote modern-centered  avia-builder-el-3  el_after_av_hr  el_before_av_textblock  av-inherit-size'><h3 class='av-special-heading-tag'  itemprop=\"headline\"  >Va\u0161e cena 35 440 K\u010d<\/h3><div class=\"special-heading-border\"><div class=\"special-heading-inner-border\"><\/div><\/div><\/div>\n<section  class='av_textblock_section av-av_textblock-0366cc7376be6c9e82a3e9cc8987b64f'  itemscope=\"itemscope\" itemtype=\"https:\/\/schema.org\/CreativeWork\" ><div class='avia_textblock'  itemprop=\"text\" ><h3>Ponechte si va\u0161e\u00a0I\/O Moduly<br \/>\nUpgradujte jen va\u0161e Symphony I\/O\u00a0\u0161asi<\/h3>\n<p>Apogee produkty jsou\u00a0navr\u017eeny tak, aby v\u00e1m poskytly vynikaj\u00edc\u00ed kvalitu zvuku a chr\u00e1nily\u00a0va\u0161i investici. Stejn\u011b jako u p\u0159edchoz\u00edch\u00a0\u0161pi\u010dkov\u00fdch model\u016f Apogee jako byly\u00a0AD-8000 a \u0159ada X usilujeme o to, any na\u0161i z\u00e1kazn\u00edci m\u011bli v\u017edy mo\u017enost vyu\u017e\u00edt nejnov\u011bj\u0161\u00ed technology a za\u0159\u00edzen\u00ed. Tento program upgradu je ur\u010den pro v\u0161echny z\u00e1kazn\u00edky Symphony I\/O a je p\u0159\u00edle\u017eitost\u00ed pro v\u00fdm\u011bnu za\u00a0zcela nov\u00e9\u00a0\u0161asi Symphony I\/O Mk II. Jen se dv\u011bma\u00a0v\u00fdjimkami mohou b\u00fdt v\u0161echny origin\u00e1ln\u00ed I\/O moduly\u00a0instalov\u00e1ny do nov\u00e9ho \u0161asi\u00a0Mk II. V p\u0159\u00edpad\u011b, \u017ee m\u00e1te zrovna tyto moduly kontaktujet n\u00e1s. Sou\u010d\u00e1st\u00ed t\u00e9to v\u00fdm\u011bnn\u00e9 akce je i mo\u017enost dopln\u011bn\u00ed Symphony MKII o dal\u0161\u00ed vstupn\u00ed\/v\u00fdstupn\u00ed modul nebo\u00a0dal\u0161\u00ed rozhran\u00ed se slevou 10%.\u00a0(Uveden\u00e9 ceny v\u010detn\u011b DPH)<\/p>\n<h3>V\u00fdhody\u00a0Symphony I\/O Mk II \u0161asi:<\/h3>\n<ul>\n<li>Dotykov\u00fd\u00a0displej na p\u0159edn\u00edm panelu<\/li>\n<li>2 Thunderbolt porty v \u0161asi\u00a0(jen Thunderbolt model)<\/li>\n<li>Slot pro roz\u0161i\u0159uj\u00edc\u00ed kartu\u00a0Pro Tools HD, Dante a SoundGrid<\/li>\n<li>Vylep\u0161en\u00e9 a ti\u0161\u0161\u00ed chlazen\u00ed jednotky<\/li>\n<li>Kompatibiln\u00ed s nov\u00fdm\u00a0Symphony Control softwarem<\/li>\n<li>Kompatibiln\u00ed s\u00a0<a href=\"https:\/\/www.altei.cz\/wp_apogeedigital\/apogee-control-ovladac\/\">Apogee Control hardwarov\u00fdm\u00a0ovlada\u010dem<\/a><\/li>\n<li>Kompatibiln\u00ed s p\u016fvodn\u00edmi\u00a0Symphony I\/O moduly (s vyj\u00edmkou\u00a0AI16 a AO16)<\/li>\n<\/ul>\n<div  class='avia-button-wrap av-av_button-9cd4ae9d593047e3fd57da695f60e672-wrap avia-button-center  avia-builder-el-5  avia-builder-el-no-sibling '><a href='https:\/\/www.altei.cz\/wp_apogeedigital\/apogee-symphony-io\/'  class='avia-button av-av_button-9cd4ae9d593047e3fd57da695f60e672 avia-icon_select-no avia-size-small avia-position-center avia-color-theme-color'  ><span class='avia_iconbox_title' >V\u00edce o Symphony I\/O MKII<\/span><\/a><\/div>\n<\/div><\/section>\n<section  class='av_textblock_section av-av_textblock-0366cc7376be6c9e82a3e9cc8987b64f'  itemscope=\"itemscope\" itemtype=\"https:\/\/schema.org\/CreativeWork\" ><div class='avia_textblock'  itemprop=\"text\" ><p><strong>Jak to funguje ?<\/strong><\/p>\n<ul>\n<li>Nem\u00e1te-li produkt dosud registrov\u00e1n u spole\u010dnosti\u00a0Apogee\u00a0pou\u017eijte formul\u00e1\u0159 n\u00ed\u017ee<\/li>\n<li>Ve formul\u00e1\u0159i vypl\u0148te \u00fadaje nezbytn\u00e9 k z\u00edsk\u00e1n\u00ed kreditu na n\u00e1kup nov\u00e9ho \u0161asi\n<ul>\n<li>Vypl\u0148te jak\u00fd typ nov\u00e9ho \u0161asi MKII pot\u0159ebujete (Pro Tools HD, Thunderbolt)<\/li>\n<li>Vypl\u0148te jak\u00e9\u00a0p\u016fvodn\u00ed moduly budete pos\u00edlat spolu se sv\u00fdm p\u016fvodn\u00edm \u0161asi zp\u011bt<\/li>\n<li>v p\u0159\u00edpad\u011b odb\u011bru nov\u00e9ho \u0161asi na dob\u00edrku vypl\u0148te va\u0161i adresu<\/li>\n<li>v p\u0159\u00edpad\u011b, \u017ee n\u00e1kupujete jako pr\u00e1vnick\u00e1 osoba vypl\u0148te n\u00e1zev spole\u010dnosti a I\u010c\/DI\u010c<\/li>\n<\/ul>\n<\/li>\n<li>Po obdr\u017een\u00ed emailu od distributora pro \u010cR a Slovensko s potvrzen\u00edm kreditu ode\u0161lete va\u0161e Symphony\u00a0\u0161asi\u00a0na uvedenou adresu<\/li>\n<li>Symphony trade in kredit je <strong>17500\u00a0K\u010d\u00a0<\/strong>a<strong>\u00a0<\/strong>vztahuje pouze na n\u00e1kup nov\u00e9ho Symphony I\/O MKII \u0161asi<\/li>\n<\/ul>\n<\/div><\/section>\n<section  class='av_textblock_section av-av_textblock-0366cc7376be6c9e82a3e9cc8987b64f'  itemscope=\"itemscope\" itemtype=\"https:\/\/schema.org\/CreativeWork\" ><div class='avia_textblock'  itemprop=\"text\" ><p><strong>Podm\u00ednky a ujedn\u00e1n\u00ed<\/strong><\/p>\n<ul>\n<li>Produkt mus\u00ed b\u00fdt\u00a0registrov\u00e1n u spole\u010dnosti\u00a0Apogee p\u0159ed \u017e\u00e1dost\u00ed o v\u00fdm\u011bnu se slevou<\/li>\n<li>Sleva na nov\u00fd p\u0159\u00edstroj bude poskytnuta po dod\u00e1n\u00ed p\u016fvodn\u00edho Symphony\u00a0produktu\u00a0na adresu distributora pro \u010cR a Slovensko &#8211; ALTEI spol. s r.o., U h\u00e1je 29, 147 00, Praha 4, \u010cesk\u00e1 republika<\/li>\n<li>Symphony\u00a0trade in kredit\u00a0se vztahuje pouze na n\u00e1kup nov\u00e9ho Apogee Symphony MKII \u0161asi<\/li>\n<li>Z\u00e1kazn\u00edk hrad\u00ed po\u0161tovn\u00e9 p\u0159i vracen\u00ed Apogee Symphony\u00a0\u0161asi<\/li>\n<li>Tato nab\u00eddka plat\u00ed pro v\u0161echny vlastn\u00edky\u00a0Apogee Symphony bez rozd\u00edlu zda tento koupili nov\u00fd nebo pou\u017eit\u00fd<\/li>\n<li>Z\u00e1kazn\u00edk odpov\u00edd\u00e1 za \u0159\u00e1dn\u00e9 zabalen\u00ed Symphony \u0161asi,\u00a0aby se zabr\u00e1nilo po\u0161kozen\u00ed tohoto p\u0159i p\u0159eprav\u011b<\/li>\n<li>Tuto nab\u00eddku nelze kombinovat z \u017e\u00e1dn\u00fdmi dal\u0161\u00edmi akcemi a nab\u00eddkami<\/li>\n<li>Nab\u00eddka plat\u00ed do 15.8. 2017<\/li>\n<\/ul>\n<\/div><\/section>\n<section  class='av_textblock_section av-av_textblock-0366cc7376be6c9e82a3e9cc8987b64f'  itemscope=\"itemscope\" itemtype=\"https:\/\/schema.org\/CreativeWork\" ><div class='avia_textblock'  itemprop=\"text\" ><p>Zaregistrujte si zde do 15.8.\u00a02017\u00a0v\u00e1\u0161e star\u00e9 Apogee\u00a0SymphonyI\/O\u00a0\u0161asi\u00a0a\u00a0z\u00edskejte nov\u00e9\u00a0\u0161asi\u00a0Symphony I\/O MKII se slevou<\/p>\n<p>Pol\u00ed\u010dka ozna\u010den\u00e1 * jsou povinn\u00e1<\/p>\n<\/div><\/section>\n<form action=\"https:\/\/www.altei.cz\/wp_apogeedigital\/symphony-trade-in-program\/\" method=\"post\"  class=\"avia_ajax_form av-form-labels-visible   avia-builder-el-9  el_after_av_textblock  el_before_av_textblock   \" data-avia-form-id=\"1\" data-avia-redirect='' ><fieldset><p class='  first_form  form_element form_element_third' id='element_avia_1_1'><label for=\"avia_1_1\">Jm\u00e9no <abbr class=\"required\" title=\"required\">*<\/abbr><\/label> <input name=\"avia_1_1\" class=\"text_input is_empty\" type=\"text\" id=\"avia_1_1\" value=\"\" \/><\/p><p class='  form_element form_element_third' id='element_avia_2_1'><label for=\"avia_2_1\">P\u0159\u00edjmen\u00ed <abbr class=\"required\" title=\"required\">*<\/abbr><\/label> <input name=\"avia_2_1\" class=\"text_input is_empty\" type=\"text\" id=\"avia_2_1\" value=\"\" \/><\/p><p class='  form_element form_element_third' id='element_avia_3_1'><label for=\"avia_3_1\">E-Mail <abbr class=\"required\" title=\"required\">*<\/abbr><\/label> <input name=\"avia_3_1\" class=\"text_input is_email\" type=\"text\" id=\"avia_3_1\" value=\"\" \/><\/p><p class='  first_form  form_element form_element_three_fourth' id='element_avia_4_1'><label for=\"avia_4_1\">Adresa <abbr class=\"required\" title=\"required\">*<\/abbr><\/label> <input name=\"avia_4_1\" class=\"text_input is_empty\" type=\"text\" id=\"avia_4_1\" value=\"\" \/><\/p><p class='  form_element form_element_fourth' id='element_avia_5_1'><label for=\"avia_5_1\">PS\u010c <abbr class=\"required\" title=\"required\">*<\/abbr><\/label> <input name=\"avia_5_1\" class=\"text_input is_empty\" type=\"text\" id=\"avia_5_1\" value=\"\" \/><\/p><p class='  first_form  form_element form_element_third' id='element_avia_6_1'><label for=\"avia_6_1\">N\u00e1zev sple\u010dnosti<\/label> <input name=\"avia_6_1\" class=\"text_input \" type=\"text\" id=\"avia_6_1\" value=\"\" \/><\/p><p class='  form_element form_element_third' id='element_avia_7_1'><label for=\"avia_7_1\">I\u010c:<\/label> <input name=\"avia_7_1\" class=\"text_input \" type=\"text\" id=\"avia_7_1\" value=\"\" \/><\/p><p class='  form_element form_element_third' id='element_avia_8_1'><label for=\"avia_8_1\">DI\u010c:<\/label> <input name=\"avia_8_1\" class=\"text_input \" type=\"text\" id=\"avia_8_1\" value=\"\" \/><\/p><p class='  first_form  form_element form_element_third' id='element_avia_9_1'><label for=\"avia_9_1\">S\u00e9riov\u00e9 \u010d\u00edslo va\u0161eho \u0161asi (nad USB portem) <abbr class=\"required\" title=\"required\">*<\/abbr><\/label> <input name=\"avia_9_1\" class=\"text_input is_empty\" type=\"text\" id=\"avia_9_1\" value=\"\" \/><\/p><p class='  form_element form_element_third' id='element_avia_10_1'><label for=\"avia_10_1\">Datum po\u0159\u00edzen\u00ed <abbr class=\"required\" title=\"required\">*<\/abbr><\/label> <input name=\"avia_10_1\" class=\"avia_datepicker text_input is_empty\" type=\"text\" id=\"avia_10_1\" value=\"\" placeholder=\"DD \/ MM \/ YY\" \/><\/p><p class='  form_element form_element_third' id='element_avia_11_1'><label for=\"avia_11_1\">Slot 1 p\u016fvodn\u00edho \u0161asi je osazen modulem <abbr class=\"required\" title=\"required\">*<\/abbr><\/label><select  name=\"avia_11_1\" class=\"select is_empty\" id=\"avia_11_1\"><option   value='A2X6'>A2X6<\/option><option   value='A8X8'>A8X8<\/option><option   value='A16X16'>A16X16<\/option><option   value='A8MP'>A8MP<\/option><option   value='A8OP'>A8OP<\/option><option   value='A8AE'>A8AE<\/option><option   value='AO16'>AO16<\/option><option   value='AI16'>AI16<\/option><option   value='\u017e\u00e1dn\u00fdm'>\u017e\u00e1dn\u00fdm<\/option><\/select><\/p><p class='  first_form  form_element form_element_third' id='element_avia_12_1'><label for=\"avia_12_1\">Slot 2 p\u016fvodn\u00edho \u0161asi je osazen modulem <abbr class=\"required\" title=\"required\">*<\/abbr><\/label><select  name=\"avia_12_1\" class=\"select is_empty\" id=\"avia_12_1\"><option   value='\u017e\u00e1dn\u00fdm'>\u017e\u00e1dn\u00fdm<\/option><option   value='A2X6'>A2X6<\/option><option   value='A8X8'>A8X8<\/option><option   value='A16X16'>A16X16<\/option><option   value='A8MP'>A8MP<\/option><option   value='A8OP'>A8OP<\/option><option   value='A8AE'>A8AE<\/option><option   value='AO16'>AO16<\/option><option   value='AI16'>AI16<\/option><\/select><\/p><p class='  form_element form_element_third' id='element_avia_13_1'><label for=\"avia_13_1\">Chci doplnit dal\u0161\u00edm modulem s doplatkem<\/label><select  name=\"avia_13_1\" class=\"select \" id=\"avia_13_1\"><option   value='\u017e\u00e1dn\u00fdm'>\u017e\u00e1dn\u00fdm<\/option><option   value='A2X6 (40680 K\u010d)'>A2X6 (40680 K\u010d)<\/option><option   value='8X8S2(62065 K\u010d)'>8X8S2(62065 K\u010d)<\/option><option   value='16X16S2(88651 K\u010d)'>16X16S2(88651 K\u010d)<\/option><option   value='A8MP(40680 K\u010d)'>A8MP(40680 K\u010d)<\/option><\/select><\/p><p class='  form_element form_element_third' id='element_avia_14_1'><label for=\"avia_14_1\">Fakturace K\u010d nebo EUR (\u010cR \/ Slovensko) <abbr class=\"required\" title=\"required\">*<\/abbr><\/label><select  name=\"avia_14_1\" class=\"select is_empty\" id=\"avia_14_1\"><option   value='Fakturujte v K\u010d'>Fakturujte v K\u010d<\/option><option   value='Fakturujte v EUR'>Fakturujte v EUR<\/option><\/select><\/p><p class='  first_form  form_element form_element_half' id='element_avia_15_1'><label for=\"avia_15_1\">Symphony \u0161asi budete upgradovat na platformu <abbr class=\"required\" title=\"required\">*<\/abbr><\/label><select  name=\"avia_15_1\" class=\"select is_empty\" id=\"avia_15_1\"><option   value='Symphony MKII Thunderbolt'>Symphony MKII Thunderbolt<\/option><option   value='Symphony MKII Pro Tools HD'>Symphony MKII Pro Tools HD<\/option><option   value='Ob\u011b rozhran\u00ed TB+HD s doplatkem + 26055 K\u010d v\u010detn\u011b DPH'>Ob\u011b rozhran\u00ed TB+HD s doplatkem + 26055 K\u010d v\u010detn\u011b DPH<\/option><\/select><\/p><p class='  form_element form_element_half av-last-visible-form-element' id='element_avia_16_1'><label for=\"avia_16_1\">Zp\u016fsob odb\u011bru nov\u00e9ho \u0161asi Symphony MKII <abbr class=\"required\" title=\"required\">*<\/abbr><\/label><select  name=\"avia_16_1\" class=\"select is_empty\" id=\"avia_16_1\"><option   value='Osobn\u00ed odb\u011br u distributora'>Osobn\u00ed odb\u011br u distributora<\/option><option   value='Odesl\u00e1n\u00ed na dob\u00edrku'>Odesl\u00e1n\u00ed na dob\u00edrku<\/option><option   value='Platba p\u0159edem - z\u00e1lohov\u00e1 faktura'>Platba p\u0159edem - z\u00e1lohov\u00e1 faktura<\/option><\/select><\/p><p class=\"hidden\"><input type=\"text\" name=\"avia_17_1\" class=\"hidden \" id=\"avia_17_1\" value=\"\" \/><\/p><p class=\"form_element \"><input type=\"hidden\" value=\"1\" name=\"avia_generated_form1\" \/><input type=\"submit\" value=\"Odeslat registraci \" class=\"button\"  data-sending-label=\"Sending\"\/><\/p><\/fieldset><\/form><div id=\"ajaxresponse_1\" class=\"ajaxresponse ajaxresponse_1 hidden\"><\/div>\n<section  class='av_textblock_section av-av_textblock-0366cc7376be6c9e82a3e9cc8987b64f'  itemscope=\"itemscope\" itemtype=\"https:\/\/schema.org\/CreativeWork\" ><div class='avia_textblock'  itemprop=\"text\" ><p>Stisknut\u00edm tla\u010d\u00edtka\u00a0<strong>Odeslat registraci<\/strong> souhlas\u00edm s podm\u00ednkami a ujedn\u00e1n\u00edmi akce Symphony\u00a0Trade In<\/p>\n<\/div><\/section>\n\n<style type=\"text\/css\" data-created_by=\"avia_inline_auto\" id=\"style-css-av-av_hr-9a4b51fdc01b8b13bd201ffe5054f031\">\n#top .hr.hr-invisible.av-av_hr-9a4b51fdc01b8b13bd201ffe5054f031{\nheight:35px;\n}\n<\/style>\n<div  class='hr av-av_hr-9a4b51fdc01b8b13bd201ffe5054f031 hr-invisible  avia-builder-el-11  el_after_av_textblock  avia-builder-el-last '><span class='hr-inner '><span class=\"hr-inner-style\"><\/span><\/span><\/div>\n","protected":false},"excerpt":{"rendered":"","protected":false},"author":1,"featured_media":0,"parent":0,"menu_order":0,"comment_status":"closed","ping_status":"open","template":"","meta":{"_bbp_topic_count":0,"_bbp_reply_count":0,"_bbp_total_topic_count":0,"_bbp_total_reply_count":0,"_bbp_voice_count":0,"_bbp_anonymous_reply_count":0,"_bbp_topic_count_hidden":0,"_bbp_reply_count_hidden":0,"_bbp_forum_subforum_count":0,"om_disable_all_campaigns":false,"_monsterinsights_skip_tracking":false,"_monsterinsights_sitenote_active":false,"_monsterinsights_sitenote_note":"","_monsterinsights_sitenote_category":0,"_wp_rev_ctl_limit":""},"aioseo_notices":[],"_links":{"self":[{"href":"https:\/\/www.altei.cz\/wp_apogeedigital\/wp-json\/wp\/v2\/pages\/3858"}],"collection":[{"href":"https:\/\/www.altei.cz\/wp_apogeedigital\/wp-json\/wp\/v2\/pages"}],"about":[{"href":"https:\/\/www.altei.cz\/wp_apogeedigital\/wp-json\/wp\/v2\/types\/page"}],"author":[{"embeddable":true,"href":"https:\/\/www.altei.cz\/wp_apogeedigital\/wp-json\/wp\/v2\/users\/1"}],"replies":[{"embeddable":true,"href":"https:\/\/www.altei.cz\/wp_apogeedigital\/wp-json\/wp\/v2\/comments?post=3858"}],"version-history":[{"count":0,"href":"https:\/\/www.altei.cz\/wp_apogeedigital\/wp-json\/wp\/v2\/pages\/3858\/revisions"}],"wp:attachment":[{"href":"https:\/\/www.altei.cz\/wp_apogeedigital\/wp-json\/wp\/v2\/media?parent=3858"}],"curies":[{"name":"wp","href":"https:\/\/api.w.org\/{rel}","templated":true}]}}